{"version":"1.0","provider_name":"Monte escalier","provider_url":"https:\/\/www.monteescalier.net\/france","author_name":"Digiplace","author_url":"https:\/\/www.monteescalier.net\/france\/author\/digiplace\/","title":"Monte escalier Breteil - Monte escalier","type":"rich","width":600,"height":338,"html":"<blockquote class=\"wp-embedded-content\" data-secret=\"fjrffPunXM\"><a href=\"https:\/\/www.monteescalier.net\/france\/monte-escalier-breteil\/\">Monte escalier Breteil<\/a><\/blockquote><iframe sandbox=\"allow-scripts\" security=\"restricted\" src=\"https:\/\/www.monteescalier.net\/france\/monte-escalier-breteil\/embed\/#?secret=fjrffPunXM\" width=\"600\" height=\"338\" title=\"\u00ab\u00a0Monte escalier Breteil\u00a0\u00bb &#8212; Monte escalier\" data-secret=\"fjrffPunXM\" frameborder=\"0\" marginwidth=\"0\" marginheight=\"0\" scrolling=\"no\" class=\"wp-embedded-content\"><\/iframe><script type=\"text\/javascript\">\n\/* <![CDATA[ *\/\n\/*! This file is auto-generated *\/\n!function(d,l){\"use strict\";l.querySelector&&d.addEventListener&&\"undefined\"!=typeof URL&&(d.wp=d.wp||{},d.wp.receiveEmbedMessage||(d.wp.receiveEmbedMessage=function(e){var t=e.data;if((t||t.secret||t.message||t.value)&&!\/[^a-zA-Z0-9]\/.test(t.secret)){for(var s,r,n,a=l.querySelectorAll('iframe[data-secret=\"'+t.secret+'\"]'),o=l.querySelectorAll('blockquote[data-secret=\"'+t.secret+'\"]'),c=new RegExp(\"^https?:$\",\"i\"),i=0;i<o.length;i++)o[i].style.display=\"none\";for(i=0;i<a.length;i++)s=a[i],e.source===s.contentWindow&&(s.removeAttribute(\"style\"),\"height\"===t.message?(1e3<(r=parseInt(t.value,10))?r=1e3:~~r<200&&(r=200),s.height=r):\"link\"===t.message&&(r=new URL(s.getAttribute(\"src\")),n=new URL(t.value),c.test(n.protocol))&&n.host===r.host&&l.activeElement===s&&(d.top.location.href=t.value))}},d.addEventListener(\"message\",d.wp.receiveEmbedMessage,!1),l.addEventListener(\"DOMContentLoaded\",function(){for(var e,t,s=l.querySelectorAll(\"iframe.wp-embedded-content\"),r=0;r<s.length;r++)(t=(e=s[r]).getAttribute(\"data-secret\"))||(t=Math.random().toString(36).substring(2,12),e.src+=\"#?secret=\"+t,e.setAttribute(\"data-secret\",t)),e.contentWindow.postMessage({message:\"ready\",secret:t},\"*\")},!1)))}(window,document);\n\/* ]]> *\/\n<\/script>\n","description":"Devis gratuit pour un monte escalier \u00e0 Breteil Vous connaissez plusieurs noms de vendeurs de monte escalier \u00e0 Breteil. Mais lequel vous fera le meilleur devis, avec un prix convenable et des prestations \u00e0 la hauteur. Monteescalier.net vous fournit les outils pour bien choisir. Monteescalier.net vous aide \u00e0 trouver le meilleur rapport qualit\u00e9 prix pour [&hellip;]"}

Devis gratuit pour un monte escalier à Breteil Vous connaissez plusieurs noms de vendeurs de monte escalier à Breteil. Mais lequel vous fera le meilleur devis, avec un prix convenable et des prestations à la hauteur. Monteescalier.net vous fournit les outils pour bien choisir. Monteescalier.net vous aide à trouver le meilleur rapport qualité prix pour [&hellip;]
