{"id":1003,"date":"2019-04-26T10:47:11","date_gmt":"2019-04-26T09:47:11","guid":{"rendered":"https:\/\/www.monteescalier.net\/france\/?page_id=1003"},"modified":"2020-01-15T16:13:27","modified_gmt":"2020-01-15T15:13:27","slug":"monte-escalier-cholet","status":"publish","type":"page","link":"https:\/\/www.monteescalier.net\/france\/monte-escalier-cholet\/","title":{"rendered":"Monte escalier Cholet"},"content":{"rendered":"<h1>Trouver les vendeurs de monte escalier \u00e0 Cholet<\/h1>\n<div class=\"boite_texte\">\n<div style=\"text-align: justify;\">Vous avez l&rsquo;intention de faire\u00a0poser un monte escalier \u00e0 Cholet dans votre maison, pour faciliter et s\u00e9curiser votre acc\u00e8s \u00e0 l&rsquo;\u00e9tage. Probl\u00e8me, \u00e0 qui s&rsquo;adresser? Rassurez-vous, avec monteescalier.net, nous vous permettrons de recevoir 5 devis de nos partenaires installateurs.<\/div>\n<p>&nbsp;<\/p>\n<div style=\"text-align: justify;\">La vocation de ce site web est de faciliter l&rsquo;achat de votre monte escalier en vous mettant en rapport directement avec les revendeurs de monte escalier sur Cholet et dans tout le Maine et Loire, car avoir plusieurs propositions, c&rsquo;est autant d&rsquo;atouts pour n\u00e9gocier \u00e0 la baisse le prix de votre monte escalier, et obtenir des services et des garanties suppl\u00e9mentaires.<\/div>\n<p>&nbsp;<\/p>\n<div style=\"text-align: justify;\">Pour choisir votre revendeur de monte escalier \u00e0 Cholet, le plus simple est de pouvoir disposer de plusieurs devis \u00e9manant de diff\u00e9rentes soci\u00e9t\u00e9s, que celles-ci soit locales ou implant\u00e9s nationalement. C&rsquo;est justement ce que nous vous proposons. Remplissez une demande (voir en haut de cette page de devis et nos partenaires vous feront chacun leur meilleure offre pour votre monte escalier \u00e0 Cholet.<\/div>\n<p>&nbsp;<\/p>\n<div style=\"text-align: justify;\">Chaque installation de monte escalier \u00e9tant sp\u00e9cifique, vous pouvez \u00eatre amen\u00e9 \u00e0 vouloir en discuter avec de v\u00e9ritables experts, professionnels de l&rsquo;installation de monte escalier \u00e0 Cholet. Pour vous faciliter la t\u00e2che, utilisez notre service de demande de rappel, un formulaire avec vos coordonn\u00e9es \u00e0 remplir et vous serez tr\u00e8s vite rappel\u00e9s par nos partenaires pr\u00e9sents dans le Maine et Loire.<\/div>\n<p>&nbsp;<\/p>\n<div style=\"text-align: justify;\">Nos revendeurs partenaires peuvent \u00e9galement vous faire parvenir de la documentation sur les diff\u00e9rents mod\u00e8les de monte escalier qu&rsquo;ils commercialisent, en vous les envoyant par simple courriel, \u00e0 condition que vous remplissiez un formulaire avec des coordonn\u00e9es compl\u00e8tes.<\/div>\n<p>&nbsp;<\/p>\n<div style=\"text-align: justify;\">Demande de doc, demande de devis, demande de rappel sont des services totalement gratuits sur monteescalier.net, pas de co\u00fbt cach\u00e9s, pas d&rsquo;obligations. Vos demandes sont directement transmises \u00e0 nos prestataires partenaires desservant la ville de Cholet et la\u00a0r\u00e9gion. Libre \u00e0 vous de signer avec celui de votre choix, ou aucun d&rsquo;entre eux si leurs propositions ne vous conviennent pas. Mais \u00e7a bien entendu, nous n&rsquo;y croyons pas !<\/div>\n<p>&nbsp;<\/p>\n<\/div>\n<div class=\"titre_liens\">Voir aussi nos offres dans les villes voisines de Cholet<\/div>\n<p>&nbsp;<\/p>\n<div class=\"boite_liens\"><a href=\"https:\/\/www.monteescalier.net\/france\/monte-escalier-saumur\">Monte escalier Saumur<\/a><br \/>\n<a href=\"https:\/\/www.monteescalier.net\/france\/monte-escalier-avrille\">Monte escalier Avrill\u00e9<\/a><br \/>\n<a href=\"https:\/\/www.monteescalier.net\/france\/monte-escalier-trelaze\">Monte escalier Tr\u00e9laz\u00e9<\/a><br \/>\n<a href=\"https:\/\/www.monteescalier.net\/france\/monte-escalier-les-ponts-de-ce\">Monte escalier Ponts-de-C\u00e9<\/a><br \/>\n<a href=\"https:\/\/www.monteescalier.net\/france\/monte-escalier-saint-barthelemy-d-anjou\">Monte escalier Saint-Barth\u00e9lemy-d&rsquo;Anjou<\/a><\/div>\n","protected":false},"excerpt":{"rendered":"<p>Trouver les vendeurs de monte escalier \u00e0 Cholet Vous avez l&rsquo;intention de faire\u00a0poser un monte escalier \u00e0 Cholet dans votre maison, pour faciliter et s\u00e9curiser votre acc\u00e8s \u00e0 l&rsquo;\u00e9tage. Probl\u00e8me, \u00e0 qui s&rsquo;adresser? Rassurez-vous, avec monteescalier.net, nous vous permettrons de recevoir 5 devis de nos partenaires installateurs. &nbsp; La vocation de ce site web est [&hellip;]<\/p>\n","protected":false},"author":1,"featured_media":0,"parent":0,"menu_order":0,"comment_status":"closed","ping_status":"open","template":"template_ville_1.php","meta":{"_monsterinsights_skip_tracking":false,"_monsterinsights_sitenote_active":false,"_monsterinsights_sitenote_note":"","_monsterinsights_sitenote_category":0,"footnotes":""},"class_list":["post-1003","page","type-page","status-publish","hentry"],"yoast_head":"<!-- This site is optimized with the Yoast SEO plugin v26.3 - https:\/\/yoast.com\/wordpress\/plugins\/seo\/ -->\n<title>Monte escalier Cholet - Monte escalier<\/title>\n<meta name=\"robots\" content=\"index, follow, max-snippet:-1, max-image-preview:large, max-video-preview:-1\" \/>\n<link rel=\"canonical\" href=\"https:\/\/www.monteescalier.net\/france\/monte-escalier-cholet\/\" \/>\n<meta property=\"og:locale\" content=\"fr_FR\" \/>\n<meta property=\"og:type\" content=\"article\" \/>\n<meta property=\"og:title\" content=\"Monte escalier Cholet - Monte escalier\" \/>\n<meta property=\"og:description\" content=\"Trouver les vendeurs de monte escalier \u00e0 Cholet Vous avez l&rsquo;intention de faire\u00a0poser un monte escalier \u00e0 Cholet dans votre maison, pour faciliter et s\u00e9curiser votre acc\u00e8s \u00e0 l&rsquo;\u00e9tage. Probl\u00e8me, \u00e0 qui s&rsquo;adresser? Rassurez-vous, avec monteescalier.net, nous vous permettrons de recevoir 5 devis de nos partenaires installateurs. &nbsp; La vocation de ce site web est [&hellip;]\" \/>\n<meta property=\"og:url\" content=\"https:\/\/www.monteescalier.net\/france\/monte-escalier-cholet\/\" \/>\n<meta property=\"og:site_name\" content=\"Monte escalier\" \/>\n<meta property=\"article:modified_time\" content=\"2020-01-15T15:13:27+00:00\" \/>\n<meta name=\"twitter:card\" content=\"summary_large_image\" \/>\n<meta name=\"twitter:label1\" content=\"Dur\u00e9e de lecture estim\u00e9e\" \/>\n\t<meta name=\"twitter:data1\" content=\"2 minutes\" \/>\n<script type=\"application\/ld+json\" class=\"yoast-schema-graph\">{\"@context\":\"https:\/\/schema.org\",\"@graph\":[{\"@type\":\"WebPage\",\"@id\":\"https:\/\/www.monteescalier.net\/france\/monte-escalier-cholet\/\",\"url\":\"https:\/\/www.monteescalier.net\/france\/monte-escalier-cholet\/\",\"name\":\"Monte escalier Cholet - Monte escalier\",\"isPartOf\":{\"@id\":\"https:\/\/www.monteescalier.net\/france\/#website\"},\"datePublished\":\"2019-04-26T09:47:11+00:00\",\"dateModified\":\"2020-01-15T15:13:27+00:00\",\"breadcrumb\":{\"@id\":\"https:\/\/www.monteescalier.net\/france\/monte-escalier-cholet\/#breadcrumb\"},\"inLanguage\":\"fr-FR\",\"potentialAction\":[{\"@type\":\"ReadAction\",\"target\":[\"https:\/\/www.monteescalier.net\/france\/monte-escalier-cholet\/\"]}]},{\"@type\":\"BreadcrumbList\",\"@id\":\"https:\/\/www.monteescalier.net\/france\/monte-escalier-cholet\/#breadcrumb\",\"itemListElement\":[{\"@type\":\"ListItem\",\"position\":1,\"name\":\"Accueil\",\"item\":\"https:\/\/www.monteescalier.net\/france\/\"},{\"@type\":\"ListItem\",\"position\":2,\"name\":\"Monte escalier Cholet\"}]},{\"@type\":\"WebSite\",\"@id\":\"https:\/\/www.monteescalier.net\/france\/#website\",\"url\":\"https:\/\/www.monteescalier.net\/france\/\",\"name\":\"Monte escalier\",\"description\":\"\",\"publisher\":{\"@id\":\"https:\/\/www.monteescalier.net\/france\/#organization\"},\"potentialAction\":[{\"@type\":\"SearchAction\",\"target\":{\"@type\":\"EntryPoint\",\"urlTemplate\":\"https:\/\/www.monteescalier.net\/france\/?s={search_term_string}\"},\"query-input\":{\"@type\":\"PropertyValueSpecification\",\"valueRequired\":true,\"valueName\":\"search_term_string\"}}],\"inLanguage\":\"fr-FR\"},{\"@type\":\"Organization\",\"@id\":\"https:\/\/www.monteescalier.net\/france\/#organization\",\"name\":\"monte-escalier.net\",\"url\":\"https:\/\/www.monteescalier.net\/france\/\",\"logo\":{\"@type\":\"ImageObject\",\"inLanguage\":\"fr-FR\",\"@id\":\"https:\/\/www.monteescalier.net\/france\/#\/schema\/logo\/image\/\",\"url\":\"https:\/\/www.monteescalier.net\/france\/wp-content\/uploads\/2016\/10\/4devis-mont-escalier-500-500.gif\",\"contentUrl\":\"https:\/\/www.monteescalier.net\/france\/wp-content\/uploads\/2016\/10\/4devis-mont-escalier-500-500.gif\",\"width\":500,\"height\":500,\"caption\":\"monte-escalier.net\"},\"image\":{\"@id\":\"https:\/\/www.monteescalier.net\/france\/#\/schema\/logo\/image\/\"}}]}<\/script>\n<!-- \/ Yoast SEO plugin. -->","yoast_head_json":{"title":"Monte escalier Cholet - Monte escalier","robots":{"index":"index","follow":"follow","max-snippet":"max-snippet:-1","max-image-preview":"max-image-preview:large","max-video-preview":"max-video-preview:-1"},"canonical":"https:\/\/www.monteescalier.net\/france\/monte-escalier-cholet\/","og_locale":"fr_FR","og_type":"article","og_title":"Monte escalier Cholet - Monte escalier","og_description":"Trouver les vendeurs de monte escalier \u00e0 Cholet Vous avez l&rsquo;intention de faire\u00a0poser un monte escalier \u00e0 Cholet dans votre maison, pour faciliter et s\u00e9curiser votre acc\u00e8s \u00e0 l&rsquo;\u00e9tage. Probl\u00e8me, \u00e0 qui s&rsquo;adresser? Rassurez-vous, avec monteescalier.net, nous vous permettrons de recevoir 5 devis de nos partenaires installateurs. &nbsp; La vocation de ce site web est [&hellip;]","og_url":"https:\/\/www.monteescalier.net\/france\/monte-escalier-cholet\/","og_site_name":"Monte escalier","article_modified_time":"2020-01-15T15:13:27+00:00","twitter_card":"summary_large_image","twitter_misc":{"Dur\u00e9e de lecture estim\u00e9e":"2 minutes"},"schema":{"@context":"https:\/\/schema.org","@graph":[{"@type":"WebPage","@id":"https:\/\/www.monteescalier.net\/france\/monte-escalier-cholet\/","url":"https:\/\/www.monteescalier.net\/france\/monte-escalier-cholet\/","name":"Monte escalier Cholet - Monte escalier","isPartOf":{"@id":"https:\/\/www.monteescalier.net\/france\/#website"},"datePublished":"2019-04-26T09:47:11+00:00","dateModified":"2020-01-15T15:13:27+00:00","breadcrumb":{"@id":"https:\/\/www.monteescalier.net\/france\/monte-escalier-cholet\/#breadcrumb"},"inLanguage":"fr-FR","potentialAction":[{"@type":"ReadAction","target":["https:\/\/www.monteescalier.net\/france\/monte-escalier-cholet\/"]}]},{"@type":"BreadcrumbList","@id":"https:\/\/www.monteescalier.net\/france\/monte-escalier-cholet\/#breadcrumb","itemListElement":[{"@type":"ListItem","position":1,"name":"Accueil","item":"https:\/\/www.monteescalier.net\/france\/"},{"@type":"ListItem","position":2,"name":"Monte escalier Cholet"}]},{"@type":"WebSite","@id":"https:\/\/www.monteescalier.net\/france\/#website","url":"https:\/\/www.monteescalier.net\/france\/","name":"Monte escalier","description":"","publisher":{"@id":"https:\/\/www.monteescalier.net\/france\/#organization"},"potentialAction":[{"@type":"SearchAction","target":{"@type":"EntryPoint","urlTemplate":"https:\/\/www.monteescalier.net\/france\/?s={search_term_string}"},"query-input":{"@type":"PropertyValueSpecification","valueRequired":true,"valueName":"search_term_string"}}],"inLanguage":"fr-FR"},{"@type":"Organization","@id":"https:\/\/www.monteescalier.net\/france\/#organization","name":"monte-escalier.net","url":"https:\/\/www.monteescalier.net\/france\/","logo":{"@type":"ImageObject","inLanguage":"fr-FR","@id":"https:\/\/www.monteescalier.net\/france\/#\/schema\/logo\/image\/","url":"https:\/\/www.monteescalier.net\/france\/wp-content\/uploads\/2016\/10\/4devis-mont-escalier-500-500.gif","contentUrl":"https:\/\/www.monteescalier.net\/france\/wp-content\/uploads\/2016\/10\/4devis-mont-escalier-500-500.gif","width":500,"height":500,"caption":"monte-escalier.net"},"image":{"@id":"https:\/\/www.monteescalier.net\/france\/#\/schema\/logo\/image\/"}}]}},"_links":{"self":[{"href":"https:\/\/www.monteescalier.net\/france\/wp-json\/wp\/v2\/pages\/1003","targetHints":{"allow":["GET"]}}],"collection":[{"href":"https:\/\/www.monteescalier.net\/france\/wp-json\/wp\/v2\/pages"}],"about":[{"href":"https:\/\/www.monteescalier.net\/france\/wp-json\/wp\/v2\/types\/page"}],"author":[{"embeddable":true,"href":"https:\/\/www.monteescalier.net\/france\/wp-json\/wp\/v2\/users\/1"}],"replies":[{"embeddable":true,"href":"https:\/\/www.monteescalier.net\/france\/wp-json\/wp\/v2\/comments?post=1003"}],"version-history":[{"count":4,"href":"https:\/\/www.monteescalier.net\/france\/wp-json\/wp\/v2\/pages\/1003\/revisions"}],"predecessor-version":[{"id":7636,"href":"https:\/\/www.monteescalier.net\/france\/wp-json\/wp\/v2\/pages\/1003\/revisions\/7636"}],"wp:attachment":[{"href":"https:\/\/www.monteescalier.net\/france\/wp-json\/wp\/v2\/media?parent=1003"}],"curies":[{"name":"wp","href":"https:\/\/api.w.org\/{rel}","templated":true}]}}