{"id":1026,"date":"2021-03-26T10:47:12","date_gmt":"2021-03-26T09:47:12","guid":{"rendered":"https:\/\/www.monteescalier.net\/france\/?page_id=1026"},"modified":"2021-11-09T12:26:07","modified_gmt":"2021-11-09T11:26:07","slug":"monte-escalier-annecy","status":"publish","type":"page","link":"https:\/\/www.monteescalier.net\/france\/monte-escalier-annecy\/","title":{"rendered":"Monte escalier Annecy"},"content":{"rendered":"<h1>Bien choisir son monte escalier \u00e0 Annecy<\/h1>\n<div class=\"boite_texte\">\n<div style=\"text-align: justify; margin-bottom: 10px;\">Il vous est n\u00e9cessaire de faire installer un monte escalier \u00e0 Annecy, ne vous compliquez pas la vie, et \u00e9conomisez du temps et de l&rsquo;argent en confiant \u00e0 monteescalier.net le soin de vous mettre en relation avec les installateurs de votre r\u00e9gion. <strong>Pourquoi ? parce que c&rsquo;est Gratuit et sans Engagement !<\/strong><\/div>\n<div style=\"text-align: justify; margin-bottom: 10px;\">La vocation de ce site consacr\u00e9 enti\u00e8rement au monte escalier est de faciliter l&rsquo;achat de votre monte escalier en vous permettant de mettre en relation directement avec les revendeurs de monte escalier sur Annecy, car avoir plusieurs propositions vous permettra de choisir la meilleure.<\/div>\n<div style=\"text-align: justify; margin-bottom: 10px;\">Avoir acc\u00e8s \u00e0 plusieurs propositions, c&rsquo;est mieux pour prendre la bonne d\u00e9cision. C&rsquo;est pourquoi, en entrant simplement vos coordonn\u00e9es sur ce site, nous vous proposerons gratuitement 3, 4, voire 5 devis pour l&rsquo;installation de votre monte escalier \u00e0 Annecy.<\/div>\n<div style=\"text-align: justify; margin-bottom: 10px;\">Votre maison, votre escalier en particulier,\u00a0peuvent-ils accueillir un monte escalier? Votre escalier est il assez large? Vous faut-il un monte escalier droit ou un monte escalier tournant? Quelle marque, quel fauteuil choisir? Pour obtenir diff\u00e9rents avis sur ces questions, utilisez notre formulaire de rappel. Nos professionnels partenaires du monte escalier vous recontacteront tr\u00e8s vite !<\/div>\n<div style=\"text-align: justify; margin-bottom: 10px;\">Nos revendeurs partenaires peuvent \u00e9galement vous faire parvenir de la documentation sur les diff\u00e9rents mod\u00e8les de monte escalier qu&rsquo;ils commercialisent en vous envoyant toutes les docs par email (si vous remplissez vos coordonn\u00e9es compl\u00e8tes, afin qu&rsquo;ils puissent prendre contact avec vous.<\/div>\n<div style=\"text-align: justify; margin-bottom: 10px;\">Ne faites plus la chasse aux prestataires, laissez notre service de mise en relation faire tout le travail de tri pour vous. C&rsquo;est int\u00e9gralement gratuit et cela vous permettra d&rsquo;\u00eatre mis tr\u00e8s rapidement en relation avec notre liste de professionnels du monte escalier de Annecy et sa r\u00e9gion, sans efforts, ni contraintes&#8230; difficile de vous proposer mieux non?<\/div>\n<\/div>\n<div class=\"titre_liens\">A d\u00e9couvrir \u00e9galement : nos offres monte escalier dans les villes aux alentours d&rsquo;Annecy<\/div>\n<div class=\"boite_liens\"><a href=\"https:\/\/www.monteescalier.net\/france\/monte-escalier-thonon-les-bains\">Monte escalier Thonon-les-Bains<\/a><br \/>\n<a href=\"https:\/\/www.monteescalier.net\/france\/monte-escalier-annemasse\">Monte escalier Annemasse<\/a><br \/>\n<a href=\"https:\/\/www.monteescalier.net\/france\/monte-escalier-annecy-le-vieux\">Monte escalier Annecy-le-Vieux<\/a><br \/>\n<a href=\"https:\/\/www.monteescalier.net\/france\/monte-escalier-cluses\">Monte escalier Cluses<\/a><br \/>\n<a href=\"https:\/\/www.monteescalier.net\/france\/monte-escalier-seynod\">Monte escalier Seynod<\/a><\/div>\n","protected":false},"excerpt":{"rendered":"<p>Bien choisir son monte escalier \u00e0 Annecy Il vous est n\u00e9cessaire de faire installer un monte escalier \u00e0 Annecy, ne vous compliquez pas la vie, et \u00e9conomisez du temps et de l&rsquo;argent en confiant \u00e0 monteescalier.net le soin de vous mettre en relation avec les installateurs de votre r\u00e9gion. Pourquoi ? parce que c&rsquo;est Gratuit [&hellip;]<\/p>\n","protected":false},"author":1,"featured_media":0,"parent":0,"menu_order":0,"comment_status":"closed","ping_status":"open","template":"template_ville_18.php","meta":{"_monsterinsights_skip_tracking":false,"_monsterinsights_sitenote_active":false,"_monsterinsights_sitenote_note":"","_monsterinsights_sitenote_category":0,"footnotes":""},"class_list":["post-1026","page","type-page","status-publish","hentry"],"yoast_head":"<!-- This site is optimized with the Yoast SEO plugin v26.3 - https:\/\/yoast.com\/wordpress\/plugins\/seo\/ -->\n<title>Monte escalier Annecy - Monte escalier<\/title>\n<meta name=\"description\" content=\"Trouvez un partenaires installeurs pour r\u00e9aliser l&#039;installation de votre monte-escaliers \u00e0 Annecy .\" \/>\n<meta name=\"robots\" content=\"index, follow, max-snippet:-1, max-image-preview:large, max-video-preview:-1\" \/>\n<link rel=\"canonical\" href=\"https:\/\/www.monteescalier.net\/france\/monte-escalier-annecy\/\" \/>\n<meta property=\"og:locale\" content=\"fr_FR\" \/>\n<meta property=\"og:type\" content=\"article\" \/>\n<meta property=\"og:title\" content=\"Monte escalier Annecy - Monte escalier\" \/>\n<meta property=\"og:description\" content=\"Trouvez un partenaires installeurs pour r\u00e9aliser l&#039;installation de votre monte-escaliers \u00e0 Annecy .\" \/>\n<meta property=\"og:url\" content=\"https:\/\/www.monteescalier.net\/france\/monte-escalier-annecy\/\" \/>\n<meta property=\"og:site_name\" content=\"Monte escalier\" \/>\n<meta property=\"article:modified_time\" content=\"2021-11-09T11:26:07+00:00\" \/>\n<meta name=\"twitter:card\" content=\"summary_large_image\" \/>\n<meta name=\"twitter:label1\" content=\"Dur\u00e9e de lecture estim\u00e9e\" \/>\n\t<meta name=\"twitter:data1\" content=\"2 minutes\" \/>\n<script type=\"application\/ld+json\" class=\"yoast-schema-graph\">{\"@context\":\"https:\/\/schema.org\",\"@graph\":[{\"@type\":\"WebPage\",\"@id\":\"https:\/\/www.monteescalier.net\/france\/monte-escalier-annecy\/\",\"url\":\"https:\/\/www.monteescalier.net\/france\/monte-escalier-annecy\/\",\"name\":\"Monte escalier Annecy - Monte escalier\",\"isPartOf\":{\"@id\":\"https:\/\/www.monteescalier.net\/france\/#website\"},\"datePublished\":\"2021-03-26T09:47:12+00:00\",\"dateModified\":\"2021-11-09T11:26:07+00:00\",\"description\":\"Trouvez un partenaires installeurs pour r\u00e9aliser l'installation de votre monte-escaliers \u00e0 Annecy .\",\"breadcrumb\":{\"@id\":\"https:\/\/www.monteescalier.net\/france\/monte-escalier-annecy\/#breadcrumb\"},\"inLanguage\":\"fr-FR\",\"potentialAction\":[{\"@type\":\"ReadAction\",\"target\":[\"https:\/\/www.monteescalier.net\/france\/monte-escalier-annecy\/\"]}]},{\"@type\":\"BreadcrumbList\",\"@id\":\"https:\/\/www.monteescalier.net\/france\/monte-escalier-annecy\/#breadcrumb\",\"itemListElement\":[{\"@type\":\"ListItem\",\"position\":1,\"name\":\"Accueil\",\"item\":\"https:\/\/www.monteescalier.net\/france\/\"},{\"@type\":\"ListItem\",\"position\":2,\"name\":\"Monte escalier Annecy\"}]},{\"@type\":\"WebSite\",\"@id\":\"https:\/\/www.monteescalier.net\/france\/#website\",\"url\":\"https:\/\/www.monteescalier.net\/france\/\",\"name\":\"Monte escalier\",\"description\":\"\",\"publisher\":{\"@id\":\"https:\/\/www.monteescalier.net\/france\/#organization\"},\"potentialAction\":[{\"@type\":\"SearchAction\",\"target\":{\"@type\":\"EntryPoint\",\"urlTemplate\":\"https:\/\/www.monteescalier.net\/france\/?s={search_term_string}\"},\"query-input\":{\"@type\":\"PropertyValueSpecification\",\"valueRequired\":true,\"valueName\":\"search_term_string\"}}],\"inLanguage\":\"fr-FR\"},{\"@type\":\"Organization\",\"@id\":\"https:\/\/www.monteescalier.net\/france\/#organization\",\"name\":\"monte-escalier.net\",\"url\":\"https:\/\/www.monteescalier.net\/france\/\",\"logo\":{\"@type\":\"ImageObject\",\"inLanguage\":\"fr-FR\",\"@id\":\"https:\/\/www.monteescalier.net\/france\/#\/schema\/logo\/image\/\",\"url\":\"https:\/\/www.monteescalier.net\/france\/wp-content\/uploads\/2016\/10\/4devis-mont-escalier-500-500.gif\",\"contentUrl\":\"https:\/\/www.monteescalier.net\/france\/wp-content\/uploads\/2016\/10\/4devis-mont-escalier-500-500.gif\",\"width\":500,\"height\":500,\"caption\":\"monte-escalier.net\"},\"image\":{\"@id\":\"https:\/\/www.monteescalier.net\/france\/#\/schema\/logo\/image\/\"}}]}<\/script>\n<!-- \/ Yoast SEO plugin. -->","yoast_head_json":{"title":"Monte escalier Annecy - Monte escalier","description":"Trouvez un partenaires installeurs pour r\u00e9aliser l'installation de votre monte-escaliers \u00e0 Annecy .","robots":{"index":"index","follow":"follow","max-snippet":"max-snippet:-1","max-image-preview":"max-image-preview:large","max-video-preview":"max-video-preview:-1"},"canonical":"https:\/\/www.monteescalier.net\/france\/monte-escalier-annecy\/","og_locale":"fr_FR","og_type":"article","og_title":"Monte escalier Annecy - Monte escalier","og_description":"Trouvez un partenaires installeurs pour r\u00e9aliser l'installation de votre monte-escaliers \u00e0 Annecy .","og_url":"https:\/\/www.monteescalier.net\/france\/monte-escalier-annecy\/","og_site_name":"Monte escalier","article_modified_time":"2021-11-09T11:26:07+00:00","twitter_card":"summary_large_image","twitter_misc":{"Dur\u00e9e de lecture estim\u00e9e":"2 minutes"},"schema":{"@context":"https:\/\/schema.org","@graph":[{"@type":"WebPage","@id":"https:\/\/www.monteescalier.net\/france\/monte-escalier-annecy\/","url":"https:\/\/www.monteescalier.net\/france\/monte-escalier-annecy\/","name":"Monte escalier Annecy - Monte escalier","isPartOf":{"@id":"https:\/\/www.monteescalier.net\/france\/#website"},"datePublished":"2021-03-26T09:47:12+00:00","dateModified":"2021-11-09T11:26:07+00:00","description":"Trouvez un partenaires installeurs pour r\u00e9aliser l'installation de votre monte-escaliers \u00e0 Annecy .","breadcrumb":{"@id":"https:\/\/www.monteescalier.net\/france\/monte-escalier-annecy\/#breadcrumb"},"inLanguage":"fr-FR","potentialAction":[{"@type":"ReadAction","target":["https:\/\/www.monteescalier.net\/france\/monte-escalier-annecy\/"]}]},{"@type":"BreadcrumbList","@id":"https:\/\/www.monteescalier.net\/france\/monte-escalier-annecy\/#breadcrumb","itemListElement":[{"@type":"ListItem","position":1,"name":"Accueil","item":"https:\/\/www.monteescalier.net\/france\/"},{"@type":"ListItem","position":2,"name":"Monte escalier Annecy"}]},{"@type":"WebSite","@id":"https:\/\/www.monteescalier.net\/france\/#website","url":"https:\/\/www.monteescalier.net\/france\/","name":"Monte escalier","description":"","publisher":{"@id":"https:\/\/www.monteescalier.net\/france\/#organization"},"potentialAction":[{"@type":"SearchAction","target":{"@type":"EntryPoint","urlTemplate":"https:\/\/www.monteescalier.net\/france\/?s={search_term_string}"},"query-input":{"@type":"PropertyValueSpecification","valueRequired":true,"valueName":"search_term_string"}}],"inLanguage":"fr-FR"},{"@type":"Organization","@id":"https:\/\/www.monteescalier.net\/france\/#organization","name":"monte-escalier.net","url":"https:\/\/www.monteescalier.net\/france\/","logo":{"@type":"ImageObject","inLanguage":"fr-FR","@id":"https:\/\/www.monteescalier.net\/france\/#\/schema\/logo\/image\/","url":"https:\/\/www.monteescalier.net\/france\/wp-content\/uploads\/2016\/10\/4devis-mont-escalier-500-500.gif","contentUrl":"https:\/\/www.monteescalier.net\/france\/wp-content\/uploads\/2016\/10\/4devis-mont-escalier-500-500.gif","width":500,"height":500,"caption":"monte-escalier.net"},"image":{"@id":"https:\/\/www.monteescalier.net\/france\/#\/schema\/logo\/image\/"}}]}},"_links":{"self":[{"href":"https:\/\/www.monteescalier.net\/france\/wp-json\/wp\/v2\/pages\/1026","targetHints":{"allow":["GET"]}}],"collection":[{"href":"https:\/\/www.monteescalier.net\/france\/wp-json\/wp\/v2\/pages"}],"about":[{"href":"https:\/\/www.monteescalier.net\/france\/wp-json\/wp\/v2\/types\/page"}],"author":[{"embeddable":true,"href":"https:\/\/www.monteescalier.net\/france\/wp-json\/wp\/v2\/users\/1"}],"replies":[{"embeddable":true,"href":"https:\/\/www.monteescalier.net\/france\/wp-json\/wp\/v2\/comments?post=1026"}],"version-history":[{"count":3,"href":"https:\/\/www.monteescalier.net\/france\/wp-json\/wp\/v2\/pages\/1026\/revisions"}],"predecessor-version":[{"id":7659,"href":"https:\/\/www.monteescalier.net\/france\/wp-json\/wp\/v2\/pages\/1026\/revisions\/7659"}],"wp:attachment":[{"href":"https:\/\/www.monteescalier.net\/france\/wp-json\/wp\/v2\/media?parent=1026"}],"curies":[{"name":"wp","href":"https:\/\/api.w.org\/{rel}","templated":true}]}}

<h1>Bien choisir son monte escalier à Annecy</h1>
<div class="boite_texte">
<div style="text-align: justify; margin-bottom: 10px;">Il vous est nécessaire de faire installer un monte escalier à Annecy, ne vous compliquez pas la vie, et économisez du temps et de l&rsquo;argent en confiant à monteescalier.net le soin de vous mettre en relation avec les installateurs de votre région. <strong>Pourquoi ? parce que c&rsquo;est Gratuit et sans Engagement !</strong></div>
<div style="text-align: justify; margin-bottom: 10px;">La vocation de ce site consacré entièrement au monte escalier est de faciliter l&rsquo;achat de votre monte escalier en vous permettant de mettre en relation directement avec les revendeurs de monte escalier sur Annecy, car avoir plusieurs propositions vous permettra de choisir la meilleure.</div>
<div style="text-align: justify; margin-bottom: 10px;">Avoir accès à plusieurs propositions, c&rsquo;est mieux pour prendre la bonne décision. C&rsquo;est pourquoi, en entrant simplement vos coordonnées sur ce site, nous vous proposerons gratuitement 3, 4, voire 5 devis pour l&rsquo;installation de votre monte escalier à Annecy.</div>
<div style="text-align: justify; margin-bottom: 10px;">Votre maison, votre escalier en particulier, peuvent-ils accueillir un monte escalier? Votre escalier est il assez large? Vous faut-il un monte escalier droit ou un monte escalier tournant? Quelle marque, quel fauteuil choisir? Pour obtenir différents avis sur ces questions, utilisez notre formulaire de rappel. Nos professionnels partenaires du monte escalier vous recontacteront très vite !</div>
<div style="text-align: justify; margin-bottom: 10px;">Nos revendeurs partenaires peuvent également vous faire parvenir de la documentation sur les différents modèles de monte escalier qu&rsquo;ils commercialisent en vous envoyant toutes les docs par email (si vous remplissez vos coordonnées complètes, afin qu&rsquo;ils puissent prendre contact avec vous.</div>
<div style="text-align: justify; margin-bottom: 10px;">Ne faites plus la chasse aux prestataires, laissez notre service de mise en relation faire tout le travail de tri pour vous. C&rsquo;est intégralement gratuit et cela vous permettra d&rsquo;être mis très rapidement en relation avec notre liste de professionnels du monte escalier de Annecy et sa région, sans efforts, ni contraintes&#8230; difficile de vous proposer mieux non?</div>
</div>
<div class="titre_liens">A découvrir également : nos offres monte escalier dans les villes aux alentours d&rsquo;Annecy</div>
<div class="boite_liens"><a href="https://www.monteescalier.net/france/monte-escalier-thonon-les-bains">Monte escalier Thonon-les-Bains</a><br />
<a href="https://www.monteescalier.net/france/monte-escalier-annemasse">Monte escalier Annemasse</a><br />
<a href="https://www.monteescalier.net/france/monte-escalier-annecy-le-vieux">Monte escalier Annecy-le-Vieux</a><br />
<a href="https://www.monteescalier.net/france/monte-escalier-cluses">Monte escalier Cluses</a><br />
<a href="https://www.monteescalier.net/france/monte-escalier-seynod">Monte escalier Seynod</a></div>

<p>Bien choisir son monte escalier à Annecy Il vous est nécessaire de faire installer un monte escalier à Annecy, ne vous compliquez pas la vie, et économisez du temps et de l&rsquo;argent en confiant à monteescalier.net le soin de vous mettre en relation avec les installateurs de votre région. Pourquoi ? parce que c&rsquo;est Gratuit [&hellip;]</p>

<!-- This site is optimized with the Yoast SEO plugin v26.3 - https://yoast.com/wordpress/plugins/seo/ -->
<title>Monte escalier Annecy - Monte escalier</title>
<meta name="description" content="Trouvez un partenaires installeurs pour réaliser l&#039;installation de votre monte-escaliers à Annecy ." />
<meta name="robots" content="index, follow, max-snippet:-1, max-image-preview:large, max-video-preview:-1" />
<link rel="canonical" href="https://www.monteescalier.net/france/monte-escalier-annecy/" />
<meta property="og:locale" content="fr_FR" />
<meta property="og:type" content="article" />
<meta property="og:title" content="Monte escalier Annecy - Monte escalier" />
<meta property="og:description" content="Trouvez un partenaires installeurs pour réaliser l&#039;installation de votre monte-escaliers à Annecy ." />
<meta property="og:url" content="https://www.monteescalier.net/france/monte-escalier-annecy/" />
<meta property="og:site_name" content="Monte escalier" />
<meta property="article:modified_time" content="2021-11-09T11:26:07+00:00" />
<meta name="twitter:card" content="summary_large_image" />
<meta name="twitter:label1" content="Durée de lecture estimée" />
	<meta name="twitter:data1" content="2 minutes" />
<script type="application/ld+json" class="yoast-schema-graph">{"@context":"https://schema.org","@graph":[{"@type":"WebPage","@id":"https://www.monteescalier.net/france/monte-escalier-annecy/","url":"https://www.monteescalier.net/france/monte-escalier-annecy/","name":"Monte escalier Annecy - Monte escalier","isPartOf":{"@id":"https://www.monteescalier.net/france/#website"},"datePublished":"2021-03-26T09:47:12+00:00","dateModified":"2021-11-09T11:26:07+00:00","description":"Trouvez un partenaires installeurs pour réaliser l'installation de votre monte-escaliers à Annecy .","breadcrumb":{"@id":"https://www.monteescalier.net/france/monte-escalier-annecy/#breadcrumb"},"inLanguage":"fr-FR","potentialAction":[{"@type":"ReadAction","target":["https://www.monteescalier.net/france/monte-escalier-annecy/"]}]},{"@type":"BreadcrumbList","@id":"https://www.monteescalier.net/france/monte-escalier-annecy/#breadcrumb","itemListElement":[{"@type":"ListItem","position":1,"name":"Accueil","item":"https://www.monteescalier.net/france/"},{"@type":"ListItem","position":2,"name":"Monte escalier Annecy"}]},{"@type":"WebSite","@id":"https://www.monteescalier.net/france/#website","url":"https://www.monteescalier.net/france/","name":"Monte escalier","description":"","publisher":{"@id":"https://www.monteescalier.net/france/#organization"},"potentialAction":[{"@type":"SearchAction","target":{"@type":"EntryPoint","urlTemplate":"https://www.monteescalier.net/france/?s={search_term_string}"},"query-input":{"@type":"PropertyValueSpecification","valueRequired":true,"valueName":"search_term_string"}}],"inLanguage":"fr-FR"},{"@type":"Organization","@id":"https://www.monteescalier.net/france/#organization","name":"monte-escalier.net","url":"https://www.monteescalier.net/france/","logo":{"@type":"ImageObject","inLanguage":"fr-FR","@id":"https://www.monteescalier.net/france/#/schema/logo/image/","url":"https://www.monteescalier.net/france/wp-content/uploads/2016/10/4devis-mont-escalier-500-500.gif","contentUrl":"https://www.monteescalier.net/france/wp-content/uploads/2016/10/4devis-mont-escalier-500-500.gif","width":500,"height":500,"caption":"monte-escalier.net"},"image":{"@id":"https://www.monteescalier.net/france/#/schema/logo/image/"}}]}</script>
<!-- / Yoast SEO plugin. -->

Trouvez un partenaires installeurs pour réaliser l'installation de votre monte-escaliers à Annecy .
