{"id":1076,"date":"2019-03-26T10:47:12","date_gmt":"2019-03-26T09:47:12","guid":{"rendered":"https:\/\/www.monteescalier.net\/france\/?page_id=1076"},"modified":"2020-01-16T11:30:59","modified_gmt":"2020-01-16T10:30:59","slug":"monte-escalier-vaulx-en-velin","status":"publish","type":"page","link":"https:\/\/www.monteescalier.net\/france\/monte-escalier-vaulx-en-velin\/","title":{"rendered":"Monte escalier Vaulx-en-Velin"},"content":{"rendered":"<h1>Des infos sur un monte escalier \u00e0 Vaulx-en-Velin<\/h1>\n<div class=\"boite_texte\">\n<div style=\"text-align: justify; margin-bottom: 10px;\">Vous d\u00e9sirez faire poser un monte escalier \u00e0 Vaulx-en-Velin, rien de plus facile gr\u00e2ce \u00e0 monteescalier.net vous allez pouvoir faire jouer la concurrence.<\/div>\n<div style=\"text-align: justify; margin-bottom: 10px;\">Nous sommes des interm\u00e9diaires entre vous et les revendeurs de monte escalier sur Vaulx-en-Velin. Nous pouvons donc vous mettre en relation tr\u00e8s rapidement et gratuitement avec les principaux vendeurs de monte escalier \u00e0 Vaulx-en-Velin.<\/div>\n<div style=\"text-align: justify; margin-bottom: 10px;\">Pour choisir votre revendeur de monte escalier \u00e0 Vaulx-en-Velin, le plus ais\u00e9 est de pouvoir disposer de plusieurs devis \u00e9manant de diff\u00e9rentes soci\u00e9t\u00e9. C&rsquo;est justement ce que nous vous proposons. Remplissez une demande de devis et nos partenaires vous feront chacun leur meilleure offre pour votre monte escalier \u00e0 Vaulx-en-Velin.<\/div>\n<div style=\"text-align: justify; margin-bottom: 10px;\">Votre villa peut elle accueillir un monte escalier? Votre escalier est il assez large? Vous faut il un monte escalier droit ou un monte escalier tournant? Quelle marque, quel fauteuil choisir? Pour obtenir diff\u00e9rents avis sur ces questions, utilisez notre fomulaire de rappel. Nos professionnels partenaires du monte escalier vous recontacteront tr\u00e8s vite !<\/div>\n<div style=\"text-align: justify; margin-bottom: 10px;\">Quel mod\u00e8le de monte escalier choisir ? Pour vous aider \u00e0 r\u00e9pondre \u00e0 cette question, aidez vous avec de la documentation gratuite sur les monte escaliers. Nos partenaires revendeurs peuvent, en effet, vous faire parvenir de la documentation sur les mod\u00e8les qu&rsquo;ils proposent \u00e0 la vente et qui vous permettront sans doute d&rsquo;\u00e9tablir une pr\u00e9selection entre les diff\u00e9rents mod\u00e8les que vous pourriez faire poser chez vous.<\/div>\n<div style=\"text-align: justify; margin-bottom: 10px;\">Centralisez vos demandes sur les monte escalier gr\u00e2ce \u00e0 notre site enti\u00e8rement gratuit : un formulaire rempli = des contacts multiples avec les prestataires revendeurs de monte escalier \u00e0 Vaulx-en-Velin et sa p\u00e9riph\u00e9rie. Si toutefois, les prestataires que nous avons pr\u00e9sent\u00e9s ne vous font pas de proposition int\u00e9ressante, libre \u00e0 vous d&rsquo;aller voir ailleurs. Une demande sur monteescalier.net ne vous engage absolument pas.<\/div>\n<\/div>\n<div class=\"titre_liens\">Dans la r\u00e9gion nous proposons \u00e9galement nos services \u00e0 :<\/div>\n<div class=\"boite_liens\"><a href=\"https:\/\/www.monteescalier.net\/france\/monte-escalier-bron\">Monte escalier Bron<\/a><br \/>\n<a href=\"https:\/\/www.monteescalier.net\/france\/monte-escalier-villefranche-sur-saone\">Monte escalier Villefranche-sur-Sa\u00f4ne<\/a><br \/>\n<a href=\"https:\/\/www.monteescalier.net\/france\/monte-escalier-rillieux-la-pape\">Monte escalier Rillieux-la-Pape<\/a><br \/>\n<a href=\"https:\/\/www.monteescalier.net\/france\/monte-escalier-meyzieu\">Monte escalier Meyzieu<\/a><br \/>\n<a href=\"https:\/\/www.monteescalier.net\/france\/monte-escalier-oullins\">Monte escalier Oullins<\/a><\/div>\n","protected":false},"excerpt":{"rendered":"<p>Des infos sur un monte escalier \u00e0 Vaulx-en-Velin Vous d\u00e9sirez faire poser un monte escalier \u00e0 Vaulx-en-Velin, rien de plus facile gr\u00e2ce \u00e0 monteescalier.net vous allez pouvoir faire jouer la concurrence. Nous sommes des interm\u00e9diaires entre vous et les revendeurs de monte escalier sur Vaulx-en-Velin. Nous pouvons donc vous mettre en relation tr\u00e8s rapidement et [&hellip;]<\/p>\n","protected":false},"author":1,"featured_media":0,"parent":0,"menu_order":0,"comment_status":"closed","ping_status":"open","template":"template_ville_2.php","meta":{"_monsterinsights_skip_tracking":false,"_monsterinsights_sitenote_active":false,"_monsterinsights_sitenote_note":"","_monsterinsights_sitenote_category":0,"footnotes":""},"class_list":["post-1076","page","type-page","status-publish","hentry"],"yoast_head":"<!-- This site is optimized with the Yoast SEO plugin v26.3 - https:\/\/yoast.com\/wordpress\/plugins\/seo\/ -->\n<title>Monte escalier Vaulx-en-Velin - Monte escalier<\/title>\n<meta name=\"robots\" content=\"index, follow, max-snippet:-1, max-image-preview:large, max-video-preview:-1\" \/>\n<link rel=\"canonical\" href=\"https:\/\/www.monteescalier.net\/france\/monte-escalier-vaulx-en-velin\/\" \/>\n<meta property=\"og:locale\" content=\"fr_FR\" \/>\n<meta property=\"og:type\" content=\"article\" \/>\n<meta property=\"og:title\" content=\"Monte escalier Vaulx-en-Velin - Monte escalier\" \/>\n<meta property=\"og:description\" content=\"Des infos sur un monte escalier \u00e0 Vaulx-en-Velin Vous d\u00e9sirez faire poser un monte escalier \u00e0 Vaulx-en-Velin, rien de plus facile gr\u00e2ce \u00e0 monteescalier.net vous allez pouvoir faire jouer la concurrence. Nous sommes des interm\u00e9diaires entre vous et les revendeurs de monte escalier sur Vaulx-en-Velin. Nous pouvons donc vous mettre en relation tr\u00e8s rapidement et [&hellip;]\" \/>\n<meta property=\"og:url\" content=\"https:\/\/www.monteescalier.net\/france\/monte-escalier-vaulx-en-velin\/\" \/>\n<meta property=\"og:site_name\" content=\"Monte escalier\" \/>\n<meta property=\"article:modified_time\" content=\"2020-01-16T10:30:59+00:00\" \/>\n<meta name=\"twitter:card\" content=\"summary_large_image\" \/>\n<meta name=\"twitter:label1\" content=\"Dur\u00e9e de lecture estim\u00e9e\" \/>\n\t<meta name=\"twitter:data1\" content=\"2 minutes\" \/>\n<script type=\"application\/ld+json\" class=\"yoast-schema-graph\">{\"@context\":\"https:\/\/schema.org\",\"@graph\":[{\"@type\":\"WebPage\",\"@id\":\"https:\/\/www.monteescalier.net\/france\/monte-escalier-vaulx-en-velin\/\",\"url\":\"https:\/\/www.monteescalier.net\/france\/monte-escalier-vaulx-en-velin\/\",\"name\":\"Monte escalier Vaulx-en-Velin - Monte escalier\",\"isPartOf\":{\"@id\":\"https:\/\/www.monteescalier.net\/france\/#website\"},\"datePublished\":\"2019-03-26T09:47:12+00:00\",\"dateModified\":\"2020-01-16T10:30:59+00:00\",\"breadcrumb\":{\"@id\":\"https:\/\/www.monteescalier.net\/france\/monte-escalier-vaulx-en-velin\/#breadcrumb\"},\"inLanguage\":\"fr-FR\",\"potentialAction\":[{\"@type\":\"ReadAction\",\"target\":[\"https:\/\/www.monteescalier.net\/france\/monte-escalier-vaulx-en-velin\/\"]}]},{\"@type\":\"BreadcrumbList\",\"@id\":\"https:\/\/www.monteescalier.net\/france\/monte-escalier-vaulx-en-velin\/#breadcrumb\",\"itemListElement\":[{\"@type\":\"ListItem\",\"position\":1,\"name\":\"Accueil\",\"item\":\"https:\/\/www.monteescalier.net\/france\/\"},{\"@type\":\"ListItem\",\"position\":2,\"name\":\"Monte escalier Vaulx-en-Velin\"}]},{\"@type\":\"WebSite\",\"@id\":\"https:\/\/www.monteescalier.net\/france\/#website\",\"url\":\"https:\/\/www.monteescalier.net\/france\/\",\"name\":\"Monte escalier\",\"description\":\"\",\"publisher\":{\"@id\":\"https:\/\/www.monteescalier.net\/france\/#organization\"},\"potentialAction\":[{\"@type\":\"SearchAction\",\"target\":{\"@type\":\"EntryPoint\",\"urlTemplate\":\"https:\/\/www.monteescalier.net\/france\/?s={search_term_string}\"},\"query-input\":{\"@type\":\"PropertyValueSpecification\",\"valueRequired\":true,\"valueName\":\"search_term_string\"}}],\"inLanguage\":\"fr-FR\"},{\"@type\":\"Organization\",\"@id\":\"https:\/\/www.monteescalier.net\/france\/#organization\",\"name\":\"monte-escalier.net\",\"url\":\"https:\/\/www.monteescalier.net\/france\/\",\"logo\":{\"@type\":\"ImageObject\",\"inLanguage\":\"fr-FR\",\"@id\":\"https:\/\/www.monteescalier.net\/france\/#\/schema\/logo\/image\/\",\"url\":\"https:\/\/www.monteescalier.net\/france\/wp-content\/uploads\/2016\/10\/4devis-mont-escalier-500-500.gif\",\"contentUrl\":\"https:\/\/www.monteescalier.net\/france\/wp-content\/uploads\/2016\/10\/4devis-mont-escalier-500-500.gif\",\"width\":500,\"height\":500,\"caption\":\"monte-escalier.net\"},\"image\":{\"@id\":\"https:\/\/www.monteescalier.net\/france\/#\/schema\/logo\/image\/\"}}]}<\/script>\n<!-- \/ Yoast SEO plugin. -->","yoast_head_json":{"title":"Monte escalier Vaulx-en-Velin - Monte escalier","robots":{"index":"index","follow":"follow","max-snippet":"max-snippet:-1","max-image-preview":"max-image-preview:large","max-video-preview":"max-video-preview:-1"},"canonical":"https:\/\/www.monteescalier.net\/france\/monte-escalier-vaulx-en-velin\/","og_locale":"fr_FR","og_type":"article","og_title":"Monte escalier Vaulx-en-Velin - Monte escalier","og_description":"Des infos sur un monte escalier \u00e0 Vaulx-en-Velin Vous d\u00e9sirez faire poser un monte escalier \u00e0 Vaulx-en-Velin, rien de plus facile gr\u00e2ce \u00e0 monteescalier.net vous allez pouvoir faire jouer la concurrence. Nous sommes des interm\u00e9diaires entre vous et les revendeurs de monte escalier sur Vaulx-en-Velin. Nous pouvons donc vous mettre en relation tr\u00e8s rapidement et [&hellip;]","og_url":"https:\/\/www.monteescalier.net\/france\/monte-escalier-vaulx-en-velin\/","og_site_name":"Monte escalier","article_modified_time":"2020-01-16T10:30:59+00:00","twitter_card":"summary_large_image","twitter_misc":{"Dur\u00e9e de lecture estim\u00e9e":"2 minutes"},"schema":{"@context":"https:\/\/schema.org","@graph":[{"@type":"WebPage","@id":"https:\/\/www.monteescalier.net\/france\/monte-escalier-vaulx-en-velin\/","url":"https:\/\/www.monteescalier.net\/france\/monte-escalier-vaulx-en-velin\/","name":"Monte escalier Vaulx-en-Velin - Monte escalier","isPartOf":{"@id":"https:\/\/www.monteescalier.net\/france\/#website"},"datePublished":"2019-03-26T09:47:12+00:00","dateModified":"2020-01-16T10:30:59+00:00","breadcrumb":{"@id":"https:\/\/www.monteescalier.net\/france\/monte-escalier-vaulx-en-velin\/#breadcrumb"},"inLanguage":"fr-FR","potentialAction":[{"@type":"ReadAction","target":["https:\/\/www.monteescalier.net\/france\/monte-escalier-vaulx-en-velin\/"]}]},{"@type":"BreadcrumbList","@id":"https:\/\/www.monteescalier.net\/france\/monte-escalier-vaulx-en-velin\/#breadcrumb","itemListElement":[{"@type":"ListItem","position":1,"name":"Accueil","item":"https:\/\/www.monteescalier.net\/france\/"},{"@type":"ListItem","position":2,"name":"Monte escalier Vaulx-en-Velin"}]},{"@type":"WebSite","@id":"https:\/\/www.monteescalier.net\/france\/#website","url":"https:\/\/www.monteescalier.net\/france\/","name":"Monte escalier","description":"","publisher":{"@id":"https:\/\/www.monteescalier.net\/france\/#organization"},"potentialAction":[{"@type":"SearchAction","target":{"@type":"EntryPoint","urlTemplate":"https:\/\/www.monteescalier.net\/france\/?s={search_term_string}"},"query-input":{"@type":"PropertyValueSpecification","valueRequired":true,"valueName":"search_term_string"}}],"inLanguage":"fr-FR"},{"@type":"Organization","@id":"https:\/\/www.monteescalier.net\/france\/#organization","name":"monte-escalier.net","url":"https:\/\/www.monteescalier.net\/france\/","logo":{"@type":"ImageObject","inLanguage":"fr-FR","@id":"https:\/\/www.monteescalier.net\/france\/#\/schema\/logo\/image\/","url":"https:\/\/www.monteescalier.net\/france\/wp-content\/uploads\/2016\/10\/4devis-mont-escalier-500-500.gif","contentUrl":"https:\/\/www.monteescalier.net\/france\/wp-content\/uploads\/2016\/10\/4devis-mont-escalier-500-500.gif","width":500,"height":500,"caption":"monte-escalier.net"},"image":{"@id":"https:\/\/www.monteescalier.net\/france\/#\/schema\/logo\/image\/"}}]}},"_links":{"self":[{"href":"https:\/\/www.monteescalier.net\/france\/wp-json\/wp\/v2\/pages\/1076","targetHints":{"allow":["GET"]}}],"collection":[{"href":"https:\/\/www.monteescalier.net\/france\/wp-json\/wp\/v2\/pages"}],"about":[{"href":"https:\/\/www.monteescalier.net\/france\/wp-json\/wp\/v2\/types\/page"}],"author":[{"embeddable":true,"href":"https:\/\/www.monteescalier.net\/france\/wp-json\/wp\/v2\/users\/1"}],"replies":[{"embeddable":true,"href":"https:\/\/www.monteescalier.net\/france\/wp-json\/wp\/v2\/comments?post=1076"}],"version-history":[{"count":1,"href":"https:\/\/www.monteescalier.net\/france\/wp-json\/wp\/v2\/pages\/1076\/revisions"}],"predecessor-version":[{"id":7346,"href":"https:\/\/www.monteescalier.net\/france\/wp-json\/wp\/v2\/pages\/1076\/revisions\/7346"}],"wp:attachment":[{"href":"https:\/\/www.monteescalier.net\/france\/wp-json\/wp\/v2\/media?parent=1076"}],"curies":[{"name":"wp","href":"https:\/\/api.w.org\/{rel}","templated":true}]}}

<h1>Des infos sur un monte escalier à Vaulx-en-Velin</h1>
<div class="boite_texte">
<div style="text-align: justify; margin-bottom: 10px;">Vous désirez faire poser un monte escalier à Vaulx-en-Velin, rien de plus facile grâce à monteescalier.net vous allez pouvoir faire jouer la concurrence.</div>
<div style="text-align: justify; margin-bottom: 10px;">Nous sommes des intermédiaires entre vous et les revendeurs de monte escalier sur Vaulx-en-Velin. Nous pouvons donc vous mettre en relation très rapidement et gratuitement avec les principaux vendeurs de monte escalier à Vaulx-en-Velin.</div>
<div style="text-align: justify; margin-bottom: 10px;">Pour choisir votre revendeur de monte escalier à Vaulx-en-Velin, le plus aisé est de pouvoir disposer de plusieurs devis émanant de différentes société. C&rsquo;est justement ce que nous vous proposons. Remplissez une demande de devis et nos partenaires vous feront chacun leur meilleure offre pour votre monte escalier à Vaulx-en-Velin.</div>
<div style="text-align: justify; margin-bottom: 10px;">Votre villa peut elle accueillir un monte escalier? Votre escalier est il assez large? Vous faut il un monte escalier droit ou un monte escalier tournant? Quelle marque, quel fauteuil choisir? Pour obtenir différents avis sur ces questions, utilisez notre fomulaire de rappel. Nos professionnels partenaires du monte escalier vous recontacteront très vite !</div>
<div style="text-align: justify; margin-bottom: 10px;">Quel modèle de monte escalier choisir ? Pour vous aider à répondre à cette question, aidez vous avec de la documentation gratuite sur les monte escaliers. Nos partenaires revendeurs peuvent, en effet, vous faire parvenir de la documentation sur les modèles qu&rsquo;ils proposent à la vente et qui vous permettront sans doute d&rsquo;établir une préselection entre les différents modèles que vous pourriez faire poser chez vous.</div>
<div style="text-align: justify; margin-bottom: 10px;">Centralisez vos demandes sur les monte escalier grâce à notre site entièrement gratuit : un formulaire rempli = des contacts multiples avec les prestataires revendeurs de monte escalier à Vaulx-en-Velin et sa périphérie. Si toutefois, les prestataires que nous avons présentés ne vous font pas de proposition intéressante, libre à vous d&rsquo;aller voir ailleurs. Une demande sur monteescalier.net ne vous engage absolument pas.</div>
</div>
<div class="titre_liens">Dans la région nous proposons également nos services à :</div>
<div class="boite_liens"><a href="https://www.monteescalier.net/france/monte-escalier-bron">Monte escalier Bron</a><br />
<a href="https://www.monteescalier.net/france/monte-escalier-villefranche-sur-saone">Monte escalier Villefranche-sur-Saône</a><br />
<a href="https://www.monteescalier.net/france/monte-escalier-rillieux-la-pape">Monte escalier Rillieux-la-Pape</a><br />
<a href="https://www.monteescalier.net/france/monte-escalier-meyzieu">Monte escalier Meyzieu</a><br />
<a href="https://www.monteescalier.net/france/monte-escalier-oullins">Monte escalier Oullins</a></div>

<p>Des infos sur un monte escalier à Vaulx-en-Velin Vous désirez faire poser un monte escalier à Vaulx-en-Velin, rien de plus facile grâce à monteescalier.net vous allez pouvoir faire jouer la concurrence. Nous sommes des intermédiaires entre vous et les revendeurs de monte escalier sur Vaulx-en-Velin. Nous pouvons donc vous mettre en relation très rapidement et [&hellip;]</p>

<!-- This site is optimized with the Yoast SEO plugin v26.3 - https://yoast.com/wordpress/plugins/seo/ -->
<title>Monte escalier Vaulx-en-Velin - Monte escalier</title>
<meta name="robots" content="index, follow, max-snippet:-1, max-image-preview:large, max-video-preview:-1" />
<link rel="canonical" href="https://www.monteescalier.net/france/monte-escalier-vaulx-en-velin/" />
<meta property="og:locale" content="fr_FR" />
<meta property="og:type" content="article" />
<meta property="og:title" content="Monte escalier Vaulx-en-Velin - Monte escalier" />
<meta property="og:description" content="Des infos sur un monte escalier à Vaulx-en-Velin Vous désirez faire poser un monte escalier à Vaulx-en-Velin, rien de plus facile grâce à monteescalier.net vous allez pouvoir faire jouer la concurrence. Nous sommes des intermédiaires entre vous et les revendeurs de monte escalier sur Vaulx-en-Velin. Nous pouvons donc vous mettre en relation très rapidement et [&hellip;]" />
<meta property="og:url" content="https://www.monteescalier.net/france/monte-escalier-vaulx-en-velin/" />
<meta property="og:site_name" content="Monte escalier" />
<meta property="article:modified_time" content="2020-01-16T10:30:59+00:00" />
<meta name="twitter:card" content="summary_large_image" />
<meta name="twitter:label1" content="Durée de lecture estimée" />
	<meta name="twitter:data1" content="2 minutes" />
<script type="application/ld+json" class="yoast-schema-graph">{"@context":"https://schema.org","@graph":[{"@type":"WebPage","@id":"https://www.monteescalier.net/france/monte-escalier-vaulx-en-velin/","url":"https://www.monteescalier.net/france/monte-escalier-vaulx-en-velin/","name":"Monte escalier Vaulx-en-Velin - Monte escalier","isPartOf":{"@id":"https://www.monteescalier.net/france/#website"},"datePublished":"2019-03-26T09:47:12+00:00","dateModified":"2020-01-16T10:30:59+00:00","breadcrumb":{"@id":"https://www.monteescalier.net/france/monte-escalier-vaulx-en-velin/#breadcrumb"},"inLanguage":"fr-FR","potentialAction":[{"@type":"ReadAction","target":["https://www.monteescalier.net/france/monte-escalier-vaulx-en-velin/"]}]},{"@type":"BreadcrumbList","@id":"https://www.monteescalier.net/france/monte-escalier-vaulx-en-velin/#breadcrumb","itemListElement":[{"@type":"ListItem","position":1,"name":"Accueil","item":"https://www.monteescalier.net/france/"},{"@type":"ListItem","position":2,"name":"Monte escalier Vaulx-en-Velin"}]},{"@type":"WebSite","@id":"https://www.monteescalier.net/france/#website","url":"https://www.monteescalier.net/france/","name":"Monte escalier","description":"","publisher":{"@id":"https://www.monteescalier.net/france/#organization"},"potentialAction":[{"@type":"SearchAction","target":{"@type":"EntryPoint","urlTemplate":"https://www.monteescalier.net/france/?s={search_term_string}"},"query-input":{"@type":"PropertyValueSpecification","valueRequired":true,"valueName":"search_term_string"}}],"inLanguage":"fr-FR"},{"@type":"Organization","@id":"https://www.monteescalier.net/france/#organization","name":"monte-escalier.net","url":"https://www.monteescalier.net/france/","logo":{"@type":"ImageObject","inLanguage":"fr-FR","@id":"https://www.monteescalier.net/france/#/schema/logo/image/","url":"https://www.monteescalier.net/france/wp-content/uploads/2016/10/4devis-mont-escalier-500-500.gif","contentUrl":"https://www.monteescalier.net/france/wp-content/uploads/2016/10/4devis-mont-escalier-500-500.gif","width":500,"height":500,"caption":"monte-escalier.net"},"image":{"@id":"https://www.monteescalier.net/france/#/schema/logo/image/"}}]}</script>
<!-- / Yoast SEO plugin. -->

Des infos sur un monte escalier à Vaulx-en-Velin Vous désirez faire poser un monte escalier à Vaulx-en-Velin, rien de plus facile grâce à monteescalier.net vous allez pouvoir faire jouer la concurrence. Nous sommes des intermédiaires entre vous et les revendeurs de monte escalier sur Vaulx-en-Velin. Nous pouvons donc vous mettre en relation très rapidement et [&hellip;]
