{"id":1147,"date":"2019-02-24T10:47:13","date_gmt":"2019-02-24T09:47:13","guid":{"rendered":"https:\/\/www.monteescalier.net\/france\/?page_id=1147"},"modified":"2020-01-16T15:52:28","modified_gmt":"2020-01-16T14:52:28","slug":"monte-escalier-athis-mons","status":"publish","type":"page","link":"https:\/\/www.monteescalier.net\/france\/monte-escalier-athis-mons\/","title":{"rendered":"Monte escalier Athis-Mons"},"content":{"rendered":"<h1>Ou acheter son monte escalier \u00e0 Athis-Mons<\/h1>\n<div class=\"boite_texte\">\n<div style=\"text-align: justify; margin-bottom: 10px;\">Vous voulez faire installer un monte escalier \u00e0 Athis-Mons, choisissez un installateur au hasard ou optez pour monteescalier.net qui va vous aider faire jouer la concurrence en vous obtenant plusieurs devis totalement gratuitement.<\/div>\n<div style=\"text-align: justify; margin-bottom: 10px;\">L&rsquo;\u00e9quipe de monteescalier.net vous propose de s\u00e9lectionner pour vous les installateurs de monte escalier les plus comp\u00e9titifs dans la r\u00e9gion, \u00e0 moins de 13 km de Paris. Notre s\u00e9lection est compos\u00e9e de professionnels reconnus du monte escalier parmi lesquels vous trouverez certainement votre prestataire.<\/div>\n<div style=\"text-align: justify; margin-bottom: 10px;\">Inutile de chercher et d&rsquo;appeler tous les revendeurs de monte escalier d&rsquo;Athis-Mons. En compl\u00e9tant une demande de devis sur notre site, vous recevrez gratuitement plusieurs propositions des professionnels de votre r\u00e9gion, sans vous d\u00e9placer. Vous n&rsquo;aurez plus qu&rsquo;\u00e0 choisir la meilleure offre.<\/div>\n<div style=\"text-align: justify; margin-bottom: 10px;\">Votre d\u00e9cision d&rsquo;achat n&rsquo;est pas prise, vous pr\u00e9f\u00e9rez en discuter au pr\u00e9alable avec les professionnels du monte escalier d&rsquo;Athis-Mons. Une seule demande de rappel sur notre site et ils vous rappelleront gratuitement pour r\u00e9pondre \u00e0 toutes vos questions.<\/div>\n<div style=\"text-align: justify; margin-bottom: 10px;\">Pratiquement tous nos partenaires installateurs disposent de documentation sur les mod\u00e8les de monte escalier qu&rsquo;ils commercialisent. Ils peuvent vous les faire parvenir par courrier ou par email selon votre pr\u00e9f\u00e9rence. Pour les recevoir remplissez vite une demande de documentation sur notre site.<\/div>\n<div style=\"text-align: justify; margin-bottom: 10px;\">Avec notre site, pas de co\u00fbt et pas d&rsquo;engagements ! que vous contractiez ou non avec un de nos partenaires, nous ne vous facturerons rien pour notre service de mise en relation. Si vous trouvez votre prestataire gr\u00e2ce \u00e0 nous tant mieux pour vous, alors testez nous !<\/div>\n<\/div>\n<div class=\"titre_liens\">Nos services monte escalier sont \u00e9galement disponibles \u00e0 :<\/div>\n<div class=\"boite_liens\"><a href=\"https:\/\/www.monteescalier.net\/france\/monte-escalier-palaiseau\">Monte escalier Palaiseau<\/a><br \/>\n<a href=\"https:\/\/www.monteescalier.net\/france\/monte-escalier-yerres\">Monte escalier Yerres<\/a><br \/>\n<a href=\"https:\/\/www.monteescalier.net\/france\/monte-escalier-draveil\">Monte escalier Draveil<\/a><br \/>\n<a href=\"https:\/\/www.monteescalier.net\/france\/monte-escalier-grigny\">Monte escalier Grigny<\/a><br \/>\n<a href=\"https:\/\/www.monteescalier.net\/france\/monte-escalier-ris-orangis\">Monte escalier Ris-Orangis\u00a0<\/a><\/div>\n<div><\/div>\n<p>&nbsp;<\/p>\n<div>mise \u00e0 jour le 24\/09\/18<\/div>\n","protected":false},"excerpt":{"rendered":"<p>Ou acheter son monte escalier \u00e0 Athis-Mons Vous voulez faire installer un monte escalier \u00e0 Athis-Mons, choisissez un installateur au hasard ou optez pour monteescalier.net qui va vous aider faire jouer la concurrence en vous obtenant plusieurs devis totalement gratuitement. L&rsquo;\u00e9quipe de monteescalier.net vous propose de s\u00e9lectionner pour vous les installateurs de monte escalier les [&hellip;]<\/p>\n","protected":false},"author":1,"featured_media":0,"parent":0,"menu_order":0,"comment_status":"closed","ping_status":"open","template":"template_ville_2.php","meta":{"_monsterinsights_skip_tracking":false,"_monsterinsights_sitenote_active":false,"_monsterinsights_sitenote_note":"","_monsterinsights_sitenote_category":0,"footnotes":""},"class_list":["post-1147","page","type-page","status-publish","hentry"],"yoast_head":"<!-- This site is optimized with the Yoast SEO plugin v26.3 - https:\/\/yoast.com\/wordpress\/plugins\/seo\/ -->\n<title>Monte escalier Athis-Mons - Monte escalier<\/title>\n<meta name=\"robots\" content=\"index, follow, max-snippet:-1, max-image-preview:large, max-video-preview:-1\" \/>\n<link rel=\"canonical\" href=\"https:\/\/www.monteescalier.net\/france\/monte-escalier-athis-mons\/\" \/>\n<meta property=\"og:locale\" content=\"fr_FR\" \/>\n<meta property=\"og:type\" content=\"article\" \/>\n<meta property=\"og:title\" content=\"Monte escalier Athis-Mons - Monte escalier\" \/>\n<meta property=\"og:description\" content=\"Ou acheter son monte escalier \u00e0 Athis-Mons Vous voulez faire installer un monte escalier \u00e0 Athis-Mons, choisissez un installateur au hasard ou optez pour monteescalier.net qui va vous aider faire jouer la concurrence en vous obtenant plusieurs devis totalement gratuitement. L&rsquo;\u00e9quipe de monteescalier.net vous propose de s\u00e9lectionner pour vous les installateurs de monte escalier les [&hellip;]\" \/>\n<meta property=\"og:url\" content=\"https:\/\/www.monteescalier.net\/france\/monte-escalier-athis-mons\/\" \/>\n<meta property=\"og:site_name\" content=\"Monte escalier\" \/>\n<meta property=\"article:modified_time\" content=\"2020-01-16T14:52:28+00:00\" \/>\n<meta name=\"twitter:card\" content=\"summary_large_image\" \/>\n<meta name=\"twitter:label1\" content=\"Dur\u00e9e de lecture estim\u00e9e\" \/>\n\t<meta name=\"twitter:data1\" content=\"1 minute\" \/>\n<script type=\"application\/ld+json\" class=\"yoast-schema-graph\">{\"@context\":\"https:\/\/schema.org\",\"@graph\":[{\"@type\":\"WebPage\",\"@id\":\"https:\/\/www.monteescalier.net\/france\/monte-escalier-athis-mons\/\",\"url\":\"https:\/\/www.monteescalier.net\/france\/monte-escalier-athis-mons\/\",\"name\":\"Monte escalier Athis-Mons - Monte escalier\",\"isPartOf\":{\"@id\":\"https:\/\/www.monteescalier.net\/france\/#website\"},\"datePublished\":\"2019-02-24T09:47:13+00:00\",\"dateModified\":\"2020-01-16T14:52:28+00:00\",\"breadcrumb\":{\"@id\":\"https:\/\/www.monteescalier.net\/france\/monte-escalier-athis-mons\/#breadcrumb\"},\"inLanguage\":\"fr-FR\",\"potentialAction\":[{\"@type\":\"ReadAction\",\"target\":[\"https:\/\/www.monteescalier.net\/france\/monte-escalier-athis-mons\/\"]}]},{\"@type\":\"BreadcrumbList\",\"@id\":\"https:\/\/www.monteescalier.net\/france\/monte-escalier-athis-mons\/#breadcrumb\",\"itemListElement\":[{\"@type\":\"ListItem\",\"position\":1,\"name\":\"Accueil\",\"item\":\"https:\/\/www.monteescalier.net\/france\/\"},{\"@type\":\"ListItem\",\"position\":2,\"name\":\"Monte escalier Athis-Mons\"}]},{\"@type\":\"WebSite\",\"@id\":\"https:\/\/www.monteescalier.net\/france\/#website\",\"url\":\"https:\/\/www.monteescalier.net\/france\/\",\"name\":\"Monte escalier\",\"description\":\"\",\"publisher\":{\"@id\":\"https:\/\/www.monteescalier.net\/france\/#organization\"},\"potentialAction\":[{\"@type\":\"SearchAction\",\"target\":{\"@type\":\"EntryPoint\",\"urlTemplate\":\"https:\/\/www.monteescalier.net\/france\/?s={search_term_string}\"},\"query-input\":{\"@type\":\"PropertyValueSpecification\",\"valueRequired\":true,\"valueName\":\"search_term_string\"}}],\"inLanguage\":\"fr-FR\"},{\"@type\":\"Organization\",\"@id\":\"https:\/\/www.monteescalier.net\/france\/#organization\",\"name\":\"monte-escalier.net\",\"url\":\"https:\/\/www.monteescalier.net\/france\/\",\"logo\":{\"@type\":\"ImageObject\",\"inLanguage\":\"fr-FR\",\"@id\":\"https:\/\/www.monteescalier.net\/france\/#\/schema\/logo\/image\/\",\"url\":\"https:\/\/www.monteescalier.net\/france\/wp-content\/uploads\/2016\/10\/4devis-mont-escalier-500-500.gif\",\"contentUrl\":\"https:\/\/www.monteescalier.net\/france\/wp-content\/uploads\/2016\/10\/4devis-mont-escalier-500-500.gif\",\"width\":500,\"height\":500,\"caption\":\"monte-escalier.net\"},\"image\":{\"@id\":\"https:\/\/www.monteescalier.net\/france\/#\/schema\/logo\/image\/\"}}]}<\/script>\n<!-- \/ Yoast SEO plugin. -->","yoast_head_json":{"title":"Monte escalier Athis-Mons - Monte escalier","robots":{"index":"index","follow":"follow","max-snippet":"max-snippet:-1","max-image-preview":"max-image-preview:large","max-video-preview":"max-video-preview:-1"},"canonical":"https:\/\/www.monteescalier.net\/france\/monte-escalier-athis-mons\/","og_locale":"fr_FR","og_type":"article","og_title":"Monte escalier Athis-Mons - Monte escalier","og_description":"Ou acheter son monte escalier \u00e0 Athis-Mons Vous voulez faire installer un monte escalier \u00e0 Athis-Mons, choisissez un installateur au hasard ou optez pour monteescalier.net qui va vous aider faire jouer la concurrence en vous obtenant plusieurs devis totalement gratuitement. L&rsquo;\u00e9quipe de monteescalier.net vous propose de s\u00e9lectionner pour vous les installateurs de monte escalier les [&hellip;]","og_url":"https:\/\/www.monteescalier.net\/france\/monte-escalier-athis-mons\/","og_site_name":"Monte escalier","article_modified_time":"2020-01-16T14:52:28+00:00","twitter_card":"summary_large_image","twitter_misc":{"Dur\u00e9e de lecture estim\u00e9e":"1 minute"},"schema":{"@context":"https:\/\/schema.org","@graph":[{"@type":"WebPage","@id":"https:\/\/www.monteescalier.net\/france\/monte-escalier-athis-mons\/","url":"https:\/\/www.monteescalier.net\/france\/monte-escalier-athis-mons\/","name":"Monte escalier Athis-Mons - Monte escalier","isPartOf":{"@id":"https:\/\/www.monteescalier.net\/france\/#website"},"datePublished":"2019-02-24T09:47:13+00:00","dateModified":"2020-01-16T14:52:28+00:00","breadcrumb":{"@id":"https:\/\/www.monteescalier.net\/france\/monte-escalier-athis-mons\/#breadcrumb"},"inLanguage":"fr-FR","potentialAction":[{"@type":"ReadAction","target":["https:\/\/www.monteescalier.net\/france\/monte-escalier-athis-mons\/"]}]},{"@type":"BreadcrumbList","@id":"https:\/\/www.monteescalier.net\/france\/monte-escalier-athis-mons\/#breadcrumb","itemListElement":[{"@type":"ListItem","position":1,"name":"Accueil","item":"https:\/\/www.monteescalier.net\/france\/"},{"@type":"ListItem","position":2,"name":"Monte escalier Athis-Mons"}]},{"@type":"WebSite","@id":"https:\/\/www.monteescalier.net\/france\/#website","url":"https:\/\/www.monteescalier.net\/france\/","name":"Monte escalier","description":"","publisher":{"@id":"https:\/\/www.monteescalier.net\/france\/#organization"},"potentialAction":[{"@type":"SearchAction","target":{"@type":"EntryPoint","urlTemplate":"https:\/\/www.monteescalier.net\/france\/?s={search_term_string}"},"query-input":{"@type":"PropertyValueSpecification","valueRequired":true,"valueName":"search_term_string"}}],"inLanguage":"fr-FR"},{"@type":"Organization","@id":"https:\/\/www.monteescalier.net\/france\/#organization","name":"monte-escalier.net","url":"https:\/\/www.monteescalier.net\/france\/","logo":{"@type":"ImageObject","inLanguage":"fr-FR","@id":"https:\/\/www.monteescalier.net\/france\/#\/schema\/logo\/image\/","url":"https:\/\/www.monteescalier.net\/france\/wp-content\/uploads\/2016\/10\/4devis-mont-escalier-500-500.gif","contentUrl":"https:\/\/www.monteescalier.net\/france\/wp-content\/uploads\/2016\/10\/4devis-mont-escalier-500-500.gif","width":500,"height":500,"caption":"monte-escalier.net"},"image":{"@id":"https:\/\/www.monteescalier.net\/france\/#\/schema\/logo\/image\/"}}]}},"_links":{"self":[{"href":"https:\/\/www.monteescalier.net\/france\/wp-json\/wp\/v2\/pages\/1147","targetHints":{"allow":["GET"]}}],"collection":[{"href":"https:\/\/www.monteescalier.net\/france\/wp-json\/wp\/v2\/pages"}],"about":[{"href":"https:\/\/www.monteescalier.net\/france\/wp-json\/wp\/v2\/types\/page"}],"author":[{"embeddable":true,"href":"https:\/\/www.monteescalier.net\/france\/wp-json\/wp\/v2\/users\/1"}],"replies":[{"embeddable":true,"href":"https:\/\/www.monteescalier.net\/france\/wp-json\/wp\/v2\/comments?post=1147"}],"version-history":[{"count":5,"href":"https:\/\/www.monteescalier.net\/france\/wp-json\/wp\/v2\/pages\/1147\/revisions"}],"predecessor-version":[{"id":8554,"href":"https:\/\/www.monteescalier.net\/france\/wp-json\/wp\/v2\/pages\/1147\/revisions\/8554"}],"wp:attachment":[{"href":"https:\/\/www.monteescalier.net\/france\/wp-json\/wp\/v2\/media?parent=1147"}],"curies":[{"name":"wp","href":"https:\/\/api.w.org\/{rel}","templated":true}]}}

<h1>Ou acheter son monte escalier à Athis-Mons</h1>
<div class="boite_texte">
<div style="text-align: justify; margin-bottom: 10px;">Vous voulez faire installer un monte escalier à Athis-Mons, choisissez un installateur au hasard ou optez pour monteescalier.net qui va vous aider faire jouer la concurrence en vous obtenant plusieurs devis totalement gratuitement.</div>
<div style="text-align: justify; margin-bottom: 10px;">L&rsquo;équipe de monteescalier.net vous propose de sélectionner pour vous les installateurs de monte escalier les plus compétitifs dans la région, à moins de 13 km de Paris. Notre sélection est composée de professionnels reconnus du monte escalier parmi lesquels vous trouverez certainement votre prestataire.</div>
<div style="text-align: justify; margin-bottom: 10px;">Inutile de chercher et d&rsquo;appeler tous les revendeurs de monte escalier d&rsquo;Athis-Mons. En complétant une demande de devis sur notre site, vous recevrez gratuitement plusieurs propositions des professionnels de votre région, sans vous déplacer. Vous n&rsquo;aurez plus qu&rsquo;à choisir la meilleure offre.</div>
<div style="text-align: justify; margin-bottom: 10px;">Votre décision d&rsquo;achat n&rsquo;est pas prise, vous préférez en discuter au préalable avec les professionnels du monte escalier d&rsquo;Athis-Mons. Une seule demande de rappel sur notre site et ils vous rappelleront gratuitement pour répondre à toutes vos questions.</div>
<div style="text-align: justify; margin-bottom: 10px;">Pratiquement tous nos partenaires installateurs disposent de documentation sur les modèles de monte escalier qu&rsquo;ils commercialisent. Ils peuvent vous les faire parvenir par courrier ou par email selon votre préférence. Pour les recevoir remplissez vite une demande de documentation sur notre site.</div>
<div style="text-align: justify; margin-bottom: 10px;">Avec notre site, pas de coût et pas d&rsquo;engagements ! que vous contractiez ou non avec un de nos partenaires, nous ne vous facturerons rien pour notre service de mise en relation. Si vous trouvez votre prestataire grâce à nous tant mieux pour vous, alors testez nous !</div>
</div>
<div class="titre_liens">Nos services monte escalier sont également disponibles à :</div>
<div class="boite_liens"><a href="https://www.monteescalier.net/france/monte-escalier-palaiseau">Monte escalier Palaiseau</a><br />
<a href="https://www.monteescalier.net/france/monte-escalier-yerres">Monte escalier Yerres</a><br />
<a href="https://www.monteescalier.net/france/monte-escalier-draveil">Monte escalier Draveil</a><br />
<a href="https://www.monteescalier.net/france/monte-escalier-grigny">Monte escalier Grigny</a><br />
<a href="https://www.monteescalier.net/france/monte-escalier-ris-orangis">Monte escalier Ris-Orangis </a></div>
<div></div>
<p>&nbsp;</p>
<div>mise à jour le 24/09/18</div>

<p>Ou acheter son monte escalier à Athis-Mons Vous voulez faire installer un monte escalier à Athis-Mons, choisissez un installateur au hasard ou optez pour monteescalier.net qui va vous aider faire jouer la concurrence en vous obtenant plusieurs devis totalement gratuitement. L&rsquo;équipe de monteescalier.net vous propose de sélectionner pour vous les installateurs de monte escalier les [&hellip;]</p>

<!-- This site is optimized with the Yoast SEO plugin v26.3 - https://yoast.com/wordpress/plugins/seo/ -->
<title>Monte escalier Athis-Mons - Monte escalier</title>
<meta name="robots" content="index, follow, max-snippet:-1, max-image-preview:large, max-video-preview:-1" />
<link rel="canonical" href="https://www.monteescalier.net/france/monte-escalier-athis-mons/" />
<meta property="og:locale" content="fr_FR" />
<meta property="og:type" content="article" />
<meta property="og:title" content="Monte escalier Athis-Mons - Monte escalier" />
<meta property="og:description" content="Ou acheter son monte escalier à Athis-Mons Vous voulez faire installer un monte escalier à Athis-Mons, choisissez un installateur au hasard ou optez pour monteescalier.net qui va vous aider faire jouer la concurrence en vous obtenant plusieurs devis totalement gratuitement. L&rsquo;équipe de monteescalier.net vous propose de sélectionner pour vous les installateurs de monte escalier les [&hellip;]" />
<meta property="og:url" content="https://www.monteescalier.net/france/monte-escalier-athis-mons/" />
<meta property="og:site_name" content="Monte escalier" />
<meta property="article:modified_time" content="2020-01-16T14:52:28+00:00" />
<meta name="twitter:card" content="summary_large_image" />
<meta name="twitter:label1" content="Durée de lecture estimée" />
	<meta name="twitter:data1" content="1 minute" />
<script type="application/ld+json" class="yoast-schema-graph">{"@context":"https://schema.org","@graph":[{"@type":"WebPage","@id":"https://www.monteescalier.net/france/monte-escalier-athis-mons/","url":"https://www.monteescalier.net/france/monte-escalier-athis-mons/","name":"Monte escalier Athis-Mons - Monte escalier","isPartOf":{"@id":"https://www.monteescalier.net/france/#website"},"datePublished":"2019-02-24T09:47:13+00:00","dateModified":"2020-01-16T14:52:28+00:00","breadcrumb":{"@id":"https://www.monteescalier.net/france/monte-escalier-athis-mons/#breadcrumb"},"inLanguage":"fr-FR","potentialAction":[{"@type":"ReadAction","target":["https://www.monteescalier.net/france/monte-escalier-athis-mons/"]}]},{"@type":"BreadcrumbList","@id":"https://www.monteescalier.net/france/monte-escalier-athis-mons/#breadcrumb","itemListElement":[{"@type":"ListItem","position":1,"name":"Accueil","item":"https://www.monteescalier.net/france/"},{"@type":"ListItem","position":2,"name":"Monte escalier Athis-Mons"}]},{"@type":"WebSite","@id":"https://www.monteescalier.net/france/#website","url":"https://www.monteescalier.net/france/","name":"Monte escalier","description":"","publisher":{"@id":"https://www.monteescalier.net/france/#organization"},"potentialAction":[{"@type":"SearchAction","target":{"@type":"EntryPoint","urlTemplate":"https://www.monteescalier.net/france/?s={search_term_string}"},"query-input":{"@type":"PropertyValueSpecification","valueRequired":true,"valueName":"search_term_string"}}],"inLanguage":"fr-FR"},{"@type":"Organization","@id":"https://www.monteescalier.net/france/#organization","name":"monte-escalier.net","url":"https://www.monteescalier.net/france/","logo":{"@type":"ImageObject","inLanguage":"fr-FR","@id":"https://www.monteescalier.net/france/#/schema/logo/image/","url":"https://www.monteescalier.net/france/wp-content/uploads/2016/10/4devis-mont-escalier-500-500.gif","contentUrl":"https://www.monteescalier.net/france/wp-content/uploads/2016/10/4devis-mont-escalier-500-500.gif","width":500,"height":500,"caption":"monte-escalier.net"},"image":{"@id":"https://www.monteescalier.net/france/#/schema/logo/image/"}}]}</script>
<!-- / Yoast SEO plugin. -->

Ou acheter son monte escalier à Athis-Mons Vous voulez faire installer un monte escalier à Athis-Mons, choisissez un installateur au hasard ou optez pour monteescalier.net qui va vous aider faire jouer la concurrence en vous obtenant plusieurs devis totalement gratuitement. L&rsquo;équipe de monteescalier.net vous propose de sélectionner pour vous les installateurs de monte escalier les [&hellip;]
