{"id":1238,"date":"2019-01-10T10:47:15","date_gmt":"2019-01-10T09:47:15","guid":{"rendered":"https:\/\/www.monteescalier.net\/france\/?page_id=1238"},"modified":"2020-01-14T14:24:53","modified_gmt":"2020-01-14T13:24:53","slug":"monte-escalier-rodez","status":"publish","type":"page","link":"https:\/\/www.monteescalier.net\/france\/monte-escalier-rodez\/","title":{"rendered":"Monte escalier Rodez"},"content":{"rendered":"<h1>Information sur les monte escalier \u00e0 Rodez<\/h1>\n<div class=\"boite_texte\">\n<div style=\"text-align: justify; margin-bottom: 10px;\">Vous allez faire l&rsquo;acquisition d&rsquo; un monte escalier \u00e0 Rodez, mais vous ne savez pas vers quel installateur vous tourner. Et si le plus simple ce n&rsquo;\u00e9tait pas tout simplement de comparer. Monteescalier.net vous le permet en vous mettant gratuitement en contact avec les prestataires travaillant dans l&rsquo;Aveyron et que nous avons s\u00e9lectionn\u00e9s pour vous.<\/div>\n<div style=\"text-align: justify; margin-bottom: 10px;\">Notre site est une passerelle entre les possibles acqu\u00e9reurs de monte escalier et les installateurs. En quelques clics vous serez mis en contact avec notre s\u00e9lection de vendeurs de monte escalier sur Rodez.<\/div>\n<div style=\"text-align: justify; margin-bottom: 10px;\">Votre temps est trop pr\u00e9cieux pour chercher tous les revendeurs de monte escalier de Rodez pour choisir le meilleur, sachez que nous pouvons le faire pour vous. Remplissez simplement un formulaire de devis en ligne et nos professionnels partenaires seront tr\u00e8s heureux de pouvoir vous en proposer chacun un : car pour faire un choix, il faut avoir le choix !<\/div>\n<div style=\"text-align: justify; margin-bottom: 10px;\">Avant de passer commande d&rsquo;un monte escalier, vous voulez en parler au t\u00e9l\u00e9phone avec plusieurs experts. Dans ce cas, utilisez notre demande de rappel, et nos partenaires experts du monte escalier vous rappelleront dans les plus brefs d\u00e9lais pour discuter de votre projet.<\/div>\n<div style=\"text-align: justify; margin-bottom: 10px;\">Vous voulez choisir son mod\u00e8le de monte escalier directement depuis votre sofa ? C&rsquo;est possible avec monteescalier.net. Remplissez directement un formulaire de demande de documentation sur notre site et vous recevrez toute la documentation n\u00e9cessaire sur les mod\u00e8les de monte escalier commercialis\u00e9s par nos professionnels partenaires.<\/div>\n<div style=\"text-align: justify; margin-bottom: 10px;\">Vous pensez certainement que nous allons vous faire payer ces services&#8230;et bien non ! Tous nos services de mise en relation avec notre s\u00e9lection de vendeurs de monte escalier \u00e0 Rodez sont enti\u00e8rement gratuits et vous n&rsquo;\u00eates en aucun cas contraint \u00e0 l&rsquo;achat de quoi que ce soit aupr\u00e8s des revendeurs que nous vous conseillons.<\/div>\n<\/div>\n<div class=\"titre_liens\">Nos autres offres de monte escalier dans votre secteur<\/div>\n<div class=\"boite_liens\"><a href=\"https:\/\/www.monteescalier.net\/france\/monte-escalier-millau\">Monte escalier Millau<\/a><br \/>\n<a href=\"https:\/\/www.monteescalier.net\/france\/monte-escalier-villefranche-de-rouergue\">Monte escalier Villefranche-de-Rouergue<\/a><br \/>\n<a href=\"https:\/\/www.monteescalier.net\/france\/monte-escalier-onet-le-chateau\">Monte escalier Onet-le-Ch\u00e2teau<\/a><br \/>\n<a href=\"https:\/\/www.monteescalier.net\/france\/monte-escalier-saint-affrique\">Monte escalier Saint-Affrique<\/a><br \/>\n<a href=\"https:\/\/www.monteescalier.net\/france\/monte-escalier-decazeville\">Monte escalier Decazeville<\/a><\/div>\n","protected":false},"excerpt":{"rendered":"<p>Information sur les monte escalier \u00e0 Rodez Vous allez faire l&rsquo;acquisition d&rsquo; un monte escalier \u00e0 Rodez, mais vous ne savez pas vers quel installateur vous tourner. Et si le plus simple ce n&rsquo;\u00e9tait pas tout simplement de comparer. Monteescalier.net vous le permet en vous mettant gratuitement en contact avec les prestataires travaillant dans l&rsquo;Aveyron [&hellip;]<\/p>\n","protected":false},"author":1,"featured_media":0,"parent":0,"menu_order":0,"comment_status":"closed","ping_status":"open","template":"template_ville_13.php","meta":{"_monsterinsights_skip_tracking":false,"_monsterinsights_sitenote_active":false,"_monsterinsights_sitenote_note":"","_monsterinsights_sitenote_category":0,"footnotes":""},"class_list":["post-1238","page","type-page","status-publish","hentry"],"yoast_head":"<!-- This site is optimized with the Yoast SEO plugin v26.3 - https:\/\/yoast.com\/wordpress\/plugins\/seo\/ -->\n<title>Monte escalier Rodez - Monte escalier<\/title>\n<meta name=\"robots\" content=\"index, follow, max-snippet:-1, max-image-preview:large, max-video-preview:-1\" \/>\n<link rel=\"canonical\" href=\"https:\/\/www.monteescalier.net\/france\/monte-escalier-rodez\/\" \/>\n<meta property=\"og:locale\" content=\"fr_FR\" \/>\n<meta property=\"og:type\" content=\"article\" \/>\n<meta property=\"og:title\" content=\"Monte escalier Rodez - Monte escalier\" \/>\n<meta property=\"og:description\" content=\"Information sur les monte escalier \u00e0 Rodez Vous allez faire l&rsquo;acquisition d&rsquo; un monte escalier \u00e0 Rodez, mais vous ne savez pas vers quel installateur vous tourner. Et si le plus simple ce n&rsquo;\u00e9tait pas tout simplement de comparer. Monteescalier.net vous le permet en vous mettant gratuitement en contact avec les prestataires travaillant dans l&rsquo;Aveyron [&hellip;]\" \/>\n<meta property=\"og:url\" content=\"https:\/\/www.monteescalier.net\/france\/monte-escalier-rodez\/\" \/>\n<meta property=\"og:site_name\" content=\"Monte escalier\" \/>\n<meta property=\"article:modified_time\" content=\"2020-01-14T13:24:53+00:00\" \/>\n<meta name=\"twitter:card\" content=\"summary_large_image\" \/>\n<meta name=\"twitter:label1\" content=\"Dur\u00e9e de lecture estim\u00e9e\" \/>\n\t<meta name=\"twitter:data1\" content=\"2 minutes\" \/>\n<script type=\"application\/ld+json\" class=\"yoast-schema-graph\">{\"@context\":\"https:\/\/schema.org\",\"@graph\":[{\"@type\":\"WebPage\",\"@id\":\"https:\/\/www.monteescalier.net\/france\/monte-escalier-rodez\/\",\"url\":\"https:\/\/www.monteescalier.net\/france\/monte-escalier-rodez\/\",\"name\":\"Monte escalier Rodez - Monte escalier\",\"isPartOf\":{\"@id\":\"https:\/\/www.monteescalier.net\/france\/#website\"},\"datePublished\":\"2019-01-10T09:47:15+00:00\",\"dateModified\":\"2020-01-14T13:24:53+00:00\",\"breadcrumb\":{\"@id\":\"https:\/\/www.monteescalier.net\/france\/monte-escalier-rodez\/#breadcrumb\"},\"inLanguage\":\"fr-FR\",\"potentialAction\":[{\"@type\":\"ReadAction\",\"target\":[\"https:\/\/www.monteescalier.net\/france\/monte-escalier-rodez\/\"]}]},{\"@type\":\"BreadcrumbList\",\"@id\":\"https:\/\/www.monteescalier.net\/france\/monte-escalier-rodez\/#breadcrumb\",\"itemListElement\":[{\"@type\":\"ListItem\",\"position\":1,\"name\":\"Accueil\",\"item\":\"https:\/\/www.monteescalier.net\/france\/\"},{\"@type\":\"ListItem\",\"position\":2,\"name\":\"Monte escalier Rodez\"}]},{\"@type\":\"WebSite\",\"@id\":\"https:\/\/www.monteescalier.net\/france\/#website\",\"url\":\"https:\/\/www.monteescalier.net\/france\/\",\"name\":\"Monte escalier\",\"description\":\"\",\"publisher\":{\"@id\":\"https:\/\/www.monteescalier.net\/france\/#organization\"},\"potentialAction\":[{\"@type\":\"SearchAction\",\"target\":{\"@type\":\"EntryPoint\",\"urlTemplate\":\"https:\/\/www.monteescalier.net\/france\/?s={search_term_string}\"},\"query-input\":{\"@type\":\"PropertyValueSpecification\",\"valueRequired\":true,\"valueName\":\"search_term_string\"}}],\"inLanguage\":\"fr-FR\"},{\"@type\":\"Organization\",\"@id\":\"https:\/\/www.monteescalier.net\/france\/#organization\",\"name\":\"monte-escalier.net\",\"url\":\"https:\/\/www.monteescalier.net\/france\/\",\"logo\":{\"@type\":\"ImageObject\",\"inLanguage\":\"fr-FR\",\"@id\":\"https:\/\/www.monteescalier.net\/france\/#\/schema\/logo\/image\/\",\"url\":\"https:\/\/www.monteescalier.net\/france\/wp-content\/uploads\/2016\/10\/4devis-mont-escalier-500-500.gif\",\"contentUrl\":\"https:\/\/www.monteescalier.net\/france\/wp-content\/uploads\/2016\/10\/4devis-mont-escalier-500-500.gif\",\"width\":500,\"height\":500,\"caption\":\"monte-escalier.net\"},\"image\":{\"@id\":\"https:\/\/www.monteescalier.net\/france\/#\/schema\/logo\/image\/\"}}]}<\/script>\n<!-- \/ Yoast SEO plugin. -->","yoast_head_json":{"title":"Monte escalier Rodez - Monte escalier","robots":{"index":"index","follow":"follow","max-snippet":"max-snippet:-1","max-image-preview":"max-image-preview:large","max-video-preview":"max-video-preview:-1"},"canonical":"https:\/\/www.monteescalier.net\/france\/monte-escalier-rodez\/","og_locale":"fr_FR","og_type":"article","og_title":"Monte escalier Rodez - Monte escalier","og_description":"Information sur les monte escalier \u00e0 Rodez Vous allez faire l&rsquo;acquisition d&rsquo; un monte escalier \u00e0 Rodez, mais vous ne savez pas vers quel installateur vous tourner. Et si le plus simple ce n&rsquo;\u00e9tait pas tout simplement de comparer. Monteescalier.net vous le permet en vous mettant gratuitement en contact avec les prestataires travaillant dans l&rsquo;Aveyron [&hellip;]","og_url":"https:\/\/www.monteescalier.net\/france\/monte-escalier-rodez\/","og_site_name":"Monte escalier","article_modified_time":"2020-01-14T13:24:53+00:00","twitter_card":"summary_large_image","twitter_misc":{"Dur\u00e9e de lecture estim\u00e9e":"2 minutes"},"schema":{"@context":"https:\/\/schema.org","@graph":[{"@type":"WebPage","@id":"https:\/\/www.monteescalier.net\/france\/monte-escalier-rodez\/","url":"https:\/\/www.monteescalier.net\/france\/monte-escalier-rodez\/","name":"Monte escalier Rodez - Monte escalier","isPartOf":{"@id":"https:\/\/www.monteescalier.net\/france\/#website"},"datePublished":"2019-01-10T09:47:15+00:00","dateModified":"2020-01-14T13:24:53+00:00","breadcrumb":{"@id":"https:\/\/www.monteescalier.net\/france\/monte-escalier-rodez\/#breadcrumb"},"inLanguage":"fr-FR","potentialAction":[{"@type":"ReadAction","target":["https:\/\/www.monteescalier.net\/france\/monte-escalier-rodez\/"]}]},{"@type":"BreadcrumbList","@id":"https:\/\/www.monteescalier.net\/france\/monte-escalier-rodez\/#breadcrumb","itemListElement":[{"@type":"ListItem","position":1,"name":"Accueil","item":"https:\/\/www.monteescalier.net\/france\/"},{"@type":"ListItem","position":2,"name":"Monte escalier Rodez"}]},{"@type":"WebSite","@id":"https:\/\/www.monteescalier.net\/france\/#website","url":"https:\/\/www.monteescalier.net\/france\/","name":"Monte escalier","description":"","publisher":{"@id":"https:\/\/www.monteescalier.net\/france\/#organization"},"potentialAction":[{"@type":"SearchAction","target":{"@type":"EntryPoint","urlTemplate":"https:\/\/www.monteescalier.net\/france\/?s={search_term_string}"},"query-input":{"@type":"PropertyValueSpecification","valueRequired":true,"valueName":"search_term_string"}}],"inLanguage":"fr-FR"},{"@type":"Organization","@id":"https:\/\/www.monteescalier.net\/france\/#organization","name":"monte-escalier.net","url":"https:\/\/www.monteescalier.net\/france\/","logo":{"@type":"ImageObject","inLanguage":"fr-FR","@id":"https:\/\/www.monteescalier.net\/france\/#\/schema\/logo\/image\/","url":"https:\/\/www.monteescalier.net\/france\/wp-content\/uploads\/2016\/10\/4devis-mont-escalier-500-500.gif","contentUrl":"https:\/\/www.monteescalier.net\/france\/wp-content\/uploads\/2016\/10\/4devis-mont-escalier-500-500.gif","width":500,"height":500,"caption":"monte-escalier.net"},"image":{"@id":"https:\/\/www.monteescalier.net\/france\/#\/schema\/logo\/image\/"}}]}},"_links":{"self":[{"href":"https:\/\/www.monteescalier.net\/france\/wp-json\/wp\/v2\/pages\/1238","targetHints":{"allow":["GET"]}}],"collection":[{"href":"https:\/\/www.monteescalier.net\/france\/wp-json\/wp\/v2\/pages"}],"about":[{"href":"https:\/\/www.monteescalier.net\/france\/wp-json\/wp\/v2\/types\/page"}],"author":[{"embeddable":true,"href":"https:\/\/www.monteescalier.net\/france\/wp-json\/wp\/v2\/users\/1"}],"replies":[{"embeddable":true,"href":"https:\/\/www.monteescalier.net\/france\/wp-json\/wp\/v2\/comments?post=1238"}],"version-history":[{"count":3,"href":"https:\/\/www.monteescalier.net\/france\/wp-json\/wp\/v2\/pages\/1238\/revisions"}],"predecessor-version":[{"id":8254,"href":"https:\/\/www.monteescalier.net\/france\/wp-json\/wp\/v2\/pages\/1238\/revisions\/8254"}],"wp:attachment":[{"href":"https:\/\/www.monteescalier.net\/france\/wp-json\/wp\/v2\/media?parent=1238"}],"curies":[{"name":"wp","href":"https:\/\/api.w.org\/{rel}","templated":true}]}}

<h1>Information sur les monte escalier à Rodez</h1>
<div class="boite_texte">
<div style="text-align: justify; margin-bottom: 10px;">Vous allez faire l&rsquo;acquisition d&rsquo; un monte escalier à Rodez, mais vous ne savez pas vers quel installateur vous tourner. Et si le plus simple ce n&rsquo;était pas tout simplement de comparer. Monteescalier.net vous le permet en vous mettant gratuitement en contact avec les prestataires travaillant dans l&rsquo;Aveyron et que nous avons sélectionnés pour vous.</div>
<div style="text-align: justify; margin-bottom: 10px;">Notre site est une passerelle entre les possibles acquéreurs de monte escalier et les installateurs. En quelques clics vous serez mis en contact avec notre sélection de vendeurs de monte escalier sur Rodez.</div>
<div style="text-align: justify; margin-bottom: 10px;">Votre temps est trop précieux pour chercher tous les revendeurs de monte escalier de Rodez pour choisir le meilleur, sachez que nous pouvons le faire pour vous. Remplissez simplement un formulaire de devis en ligne et nos professionnels partenaires seront très heureux de pouvoir vous en proposer chacun un : car pour faire un choix, il faut avoir le choix !</div>
<div style="text-align: justify; margin-bottom: 10px;">Avant de passer commande d&rsquo;un monte escalier, vous voulez en parler au téléphone avec plusieurs experts. Dans ce cas, utilisez notre demande de rappel, et nos partenaires experts du monte escalier vous rappelleront dans les plus brefs délais pour discuter de votre projet.</div>
<div style="text-align: justify; margin-bottom: 10px;">Vous voulez choisir son modèle de monte escalier directement depuis votre sofa ? C&rsquo;est possible avec monteescalier.net. Remplissez directement un formulaire de demande de documentation sur notre site et vous recevrez toute la documentation nécessaire sur les modèles de monte escalier commercialisés par nos professionnels partenaires.</div>
<div style="text-align: justify; margin-bottom: 10px;">Vous pensez certainement que nous allons vous faire payer ces services&#8230;et bien non ! Tous nos services de mise en relation avec notre sélection de vendeurs de monte escalier à Rodez sont entièrement gratuits et vous n&rsquo;êtes en aucun cas contraint à l&rsquo;achat de quoi que ce soit auprès des revendeurs que nous vous conseillons.</div>
</div>
<div class="titre_liens">Nos autres offres de monte escalier dans votre secteur</div>
<div class="boite_liens"><a href="https://www.monteescalier.net/france/monte-escalier-millau">Monte escalier Millau</a><br />
<a href="https://www.monteescalier.net/france/monte-escalier-villefranche-de-rouergue">Monte escalier Villefranche-de-Rouergue</a><br />
<a href="https://www.monteescalier.net/france/monte-escalier-onet-le-chateau">Monte escalier Onet-le-Château</a><br />
<a href="https://www.monteescalier.net/france/monte-escalier-saint-affrique">Monte escalier Saint-Affrique</a><br />
<a href="https://www.monteescalier.net/france/monte-escalier-decazeville">Monte escalier Decazeville</a></div>

<p>Information sur les monte escalier à Rodez Vous allez faire l&rsquo;acquisition d&rsquo; un monte escalier à Rodez, mais vous ne savez pas vers quel installateur vous tourner. Et si le plus simple ce n&rsquo;était pas tout simplement de comparer. Monteescalier.net vous le permet en vous mettant gratuitement en contact avec les prestataires travaillant dans l&rsquo;Aveyron [&hellip;]</p>

<!-- This site is optimized with the Yoast SEO plugin v26.3 - https://yoast.com/wordpress/plugins/seo/ -->
<title>Monte escalier Rodez - Monte escalier</title>
<meta name="robots" content="index, follow, max-snippet:-1, max-image-preview:large, max-video-preview:-1" />
<link rel="canonical" href="https://www.monteescalier.net/france/monte-escalier-rodez/" />
<meta property="og:locale" content="fr_FR" />
<meta property="og:type" content="article" />
<meta property="og:title" content="Monte escalier Rodez - Monte escalier" />
<meta property="og:description" content="Information sur les monte escalier à Rodez Vous allez faire l&rsquo;acquisition d&rsquo; un monte escalier à Rodez, mais vous ne savez pas vers quel installateur vous tourner. Et si le plus simple ce n&rsquo;était pas tout simplement de comparer. Monteescalier.net vous le permet en vous mettant gratuitement en contact avec les prestataires travaillant dans l&rsquo;Aveyron [&hellip;]" />
<meta property="og:url" content="https://www.monteescalier.net/france/monte-escalier-rodez/" />
<meta property="og:site_name" content="Monte escalier" />
<meta property="article:modified_time" content="2020-01-14T13:24:53+00:00" />
<meta name="twitter:card" content="summary_large_image" />
<meta name="twitter:label1" content="Durée de lecture estimée" />
	<meta name="twitter:data1" content="2 minutes" />
<script type="application/ld+json" class="yoast-schema-graph">{"@context":"https://schema.org","@graph":[{"@type":"WebPage","@id":"https://www.monteescalier.net/france/monte-escalier-rodez/","url":"https://www.monteescalier.net/france/monte-escalier-rodez/","name":"Monte escalier Rodez - Monte escalier","isPartOf":{"@id":"https://www.monteescalier.net/france/#website"},"datePublished":"2019-01-10T09:47:15+00:00","dateModified":"2020-01-14T13:24:53+00:00","breadcrumb":{"@id":"https://www.monteescalier.net/france/monte-escalier-rodez/#breadcrumb"},"inLanguage":"fr-FR","potentialAction":[{"@type":"ReadAction","target":["https://www.monteescalier.net/france/monte-escalier-rodez/"]}]},{"@type":"BreadcrumbList","@id":"https://www.monteescalier.net/france/monte-escalier-rodez/#breadcrumb","itemListElement":[{"@type":"ListItem","position":1,"name":"Accueil","item":"https://www.monteescalier.net/france/"},{"@type":"ListItem","position":2,"name":"Monte escalier Rodez"}]},{"@type":"WebSite","@id":"https://www.monteescalier.net/france/#website","url":"https://www.monteescalier.net/france/","name":"Monte escalier","description":"","publisher":{"@id":"https://www.monteescalier.net/france/#organization"},"potentialAction":[{"@type":"SearchAction","target":{"@type":"EntryPoint","urlTemplate":"https://www.monteescalier.net/france/?s={search_term_string}"},"query-input":{"@type":"PropertyValueSpecification","valueRequired":true,"valueName":"search_term_string"}}],"inLanguage":"fr-FR"},{"@type":"Organization","@id":"https://www.monteescalier.net/france/#organization","name":"monte-escalier.net","url":"https://www.monteescalier.net/france/","logo":{"@type":"ImageObject","inLanguage":"fr-FR","@id":"https://www.monteescalier.net/france/#/schema/logo/image/","url":"https://www.monteescalier.net/france/wp-content/uploads/2016/10/4devis-mont-escalier-500-500.gif","contentUrl":"https://www.monteescalier.net/france/wp-content/uploads/2016/10/4devis-mont-escalier-500-500.gif","width":500,"height":500,"caption":"monte-escalier.net"},"image":{"@id":"https://www.monteescalier.net/france/#/schema/logo/image/"}}]}</script>
<!-- / Yoast SEO plugin. -->

Information sur les monte escalier à Rodez Vous allez faire l&rsquo;acquisition d&rsquo; un monte escalier à Rodez, mais vous ne savez pas vers quel installateur vous tourner. Et si le plus simple ce n&rsquo;était pas tout simplement de comparer. Monteescalier.net vous le permet en vous mettant gratuitement en contact avec les prestataires travaillant dans l&rsquo;Aveyron [&hellip;]
