{"id":153,"date":"2024-03-22T13:38:14","date_gmt":"2024-03-22T12:38:14","guid":{"rendered":"https:\/\/www.monteescalier.net\/monteescalier\/?page_id=153"},"modified":"2024-05-15T16:57:28","modified_gmt":"2024-05-15T15:57:28","slug":"monte-escalier-nord","status":"publish","type":"page","link":"https:\/\/www.monteescalier.net\/france\/monte-escalier-nord\/","title":{"rendered":"Monte escalier Nord, Lille"},"content":{"rendered":"<div class='content-column one_half'><div style=\"padding-right:19px;\"><h1>Monte escalier dans le Nord<\/h1>\n<p><b>Des experts reconnus proche de chez vous :<\/b><br \/>\n<a href=\"https:\/\/www.monteescalier.net\/france\/monte-escalier-lille\/\">Monte escalier \u00e0 Lille<\/a><br \/>\n<a href=\"https:\/\/www.monteescalier.net\/france\/monte-escalier-valenciennes\/\">Monte escalier \u00e0 Valenciennes<\/a><br \/>\n<a href=\"https:\/\/www.monteescalier.net\/france\/monte-escalier-dunkerque\/\">Monte escalier \u00e0 Dunkerque<\/a><\/p>\n<p style=\"text-align: justify;\">Dans le Nord-Pas-de-Calais comme partout en France, on peut avoir besoin d&rsquo;un monte escalier pour combattre la d\u00e9pendance, pour soi ou pour un autre membre de sa famille. l&rsquo;installation assez complexe qui doit imp\u00e9rativement \u00eatre faite par un pro.<\/p>\n<p style=\"text-align: justify;\">Le site monteescalier.net va vous mettre en rapport avec des experts reconnus du monte escalier dans le Nord Pas de Calais et vous aider \u00e0 choisir facilement votre monte escalier pour votre maison situ\u00e9e \u00e0 Lille, Tourcoing, Villeneuve D&rsquo;ascq, Douai, Valenciennes, Roubaix, Dunkerque ou Wattrelos et \u00e9galement dans les autres villes du d\u00e9partement, de Grande Synthe \u00e0 Maubeuge, de Cambrai \u00e0 Marc en Baroeul, de Lambersart \u00e0 Coudekerque-Branche et de la Madeleine \u00e0 Saint Pol sur Mer.<\/p>\n<p style=\"text-align: justify;\">plusieurs devis de monte escalier n&rsquo;est pas un luxe inutile ni une perte de temps: cela vous garantit d&rsquo;avoir le meilleur prix parmi un large choix de monte escaliers ainsi que des services associ\u00e9s que proposent nos diff\u00e9rents vendeurs du monte escalier dans le d\u00e9partement du Nord.<\/p>\n<p style=\"text-align: justify;\">Le prix est important, parce que les services fournis sont importants, les conditions de d\u00e9pannage sont importantes, vous devez \u00eatre en mesure de comparer les prestations des uns et des autres : c&rsquo;est justement le service que nous vous proposons, et ce, sans engagement de votre part.<\/p>\n<p style=\"text-align: justify;\">Vous ne devez donc pas h\u00e9siter \u00e0 compl\u00e9ter un formulaire de demande de documentation, demande de devis ou de rappel, ce n&rsquo;est pas payant et surtout c&rsquo;est sans engagement: Obtenez rapidement des informations pr\u00e9cises sur les diff\u00e9rents installateurs de monte escalier dans le Nord.<\/p>\n<p>&nbsp;<\/p>\n<div class=\"bouton\" onclick=\"location.href='https:\/\/www.monteescalier.net\/devis-gratuit.php'\">Cliquez ici pour obtenir des devis gratuitement<\/div>\n<p>&nbsp;<\/p><\/div><\/div><div class='content-column one_half last_column'><a href=\"https:\/\/www.monteescalier.net\/devis-gratuit.php\" target=\"_blank\" rel=\"noopener noreferrer\"><img loading=\"lazy\" decoding=\"async\" class=\"alignnone size-full img_region\" src=\"https:\/\/www.monteescalier.net\/france\/wp-content\/uploads\/2014\/10\/4devis-monte-escalier-photo-490.png\" alt=\"Nord\" width=\"507\" height=\"485\" \/><\/a><br \/>\n<img loading=\"lazy\" decoding=\"async\" class=\"alignnone size-full img_region_2\" src=\"https:\/\/www.monteescalier.net\/france\/wp-content\/uploads\/2013\/07\/nord.jpg\" alt=\"Nord\" width=\"507\" height=\"485\" \/><br \/><\/div><div class='clear_column'><\/div><\/p>\n","protected":false},"excerpt":{"rendered":"","protected":false},"author":1,"featured_media":0,"parent":0,"menu_order":0,"comment_status":"open","ping_status":"closed","template":"template1.php","meta":{"_monsterinsights_skip_tracking":false,"_monsterinsights_sitenote_active":false,"_monsterinsights_sitenote_note":"","_monsterinsights_sitenote_category":0,"footnotes":""},"class_list":["post-153","page","type-page","status-publish","hentry"],"yoast_head":"<!-- This site is optimized with the Yoast SEO plugin v26.3 - https:\/\/yoast.com\/wordpress\/plugins\/seo\/ -->\n<title>Monte escalier Nord, Lille - Monte escalier<\/title>\n<meta name=\"description\" content=\"Trouvez facilement votre Monte escalier \u00e0 Lille \u00b7 Monte escalier \u00e0 Valenciennes \u00b7 Monte escalier \u00e0 Dunkerque. Dans le Nord-Pas-de-Calais\" \/>\n<meta name=\"robots\" content=\"index, follow, max-snippet:-1, max-image-preview:large, max-video-preview:-1\" \/>\n<link rel=\"canonical\" href=\"https:\/\/www.monteescalier.net\/france\/monte-escalier-nord\/\" \/>\n<meta property=\"og:locale\" content=\"fr_FR\" \/>\n<meta property=\"og:type\" content=\"article\" \/>\n<meta property=\"og:title\" content=\"Monte escalier Nord, Lille - Monte escalier\" \/>\n<meta property=\"og:description\" content=\"Trouvez facilement votre Monte escalier \u00e0 Lille \u00b7 Monte escalier \u00e0 Valenciennes \u00b7 Monte escalier \u00e0 Dunkerque. Dans le Nord-Pas-de-Calais\" \/>\n<meta property=\"og:url\" content=\"https:\/\/www.monteescalier.net\/france\/monte-escalier-nord\/\" \/>\n<meta property=\"og:site_name\" content=\"Monte escalier\" \/>\n<meta property=\"article:modified_time\" content=\"2024-05-15T15:57:28+00:00\" \/>\n<meta property=\"og:image\" content=\"https:\/\/www.monteescalier.net\/france\/wp-content\/uploads\/2014\/10\/4devis-monte-escalier-photo-490.png\" \/>\n<meta name=\"twitter:card\" content=\"summary_large_image\" \/>\n<meta name=\"twitter:label1\" content=\"Dur\u00e9e de lecture estim\u00e9e\" \/>\n\t<meta name=\"twitter:data1\" content=\"2 minutes\" \/>\n<script type=\"application\/ld+json\" class=\"yoast-schema-graph\">{\"@context\":\"https:\/\/schema.org\",\"@graph\":[{\"@type\":\"WebPage\",\"@id\":\"https:\/\/www.monteescalier.net\/france\/monte-escalier-nord\/\",\"url\":\"https:\/\/www.monteescalier.net\/france\/monte-escalier-nord\/\",\"name\":\"Monte escalier Nord, Lille - Monte escalier\",\"isPartOf\":{\"@id\":\"https:\/\/www.monteescalier.net\/france\/#website\"},\"primaryImageOfPage\":{\"@id\":\"https:\/\/www.monteescalier.net\/france\/monte-escalier-nord\/#primaryimage\"},\"image\":{\"@id\":\"https:\/\/www.monteescalier.net\/france\/monte-escalier-nord\/#primaryimage\"},\"thumbnailUrl\":\"https:\/\/www.monteescalier.net\/france\/wp-content\/uploads\/2014\/10\/4devis-monte-escalier-photo-490.png\",\"datePublished\":\"2024-03-22T12:38:14+00:00\",\"dateModified\":\"2024-05-15T15:57:28+00:00\",\"description\":\"Trouvez facilement votre Monte escalier \u00e0 Lille \u00b7 Monte escalier \u00e0 Valenciennes \u00b7 Monte escalier \u00e0 Dunkerque. Dans le Nord-Pas-de-Calais\",\"breadcrumb\":{\"@id\":\"https:\/\/www.monteescalier.net\/france\/monte-escalier-nord\/#breadcrumb\"},\"inLanguage\":\"fr-FR\",\"potentialAction\":[{\"@type\":\"ReadAction\",\"target\":[\"https:\/\/www.monteescalier.net\/france\/monte-escalier-nord\/\"]}]},{\"@type\":\"ImageObject\",\"inLanguage\":\"fr-FR\",\"@id\":\"https:\/\/www.monteescalier.net\/france\/monte-escalier-nord\/#primaryimage\",\"url\":\"https:\/\/www.monteescalier.net\/france\/wp-content\/uploads\/2014\/10\/4devis-monte-escalier-photo-490.png\",\"contentUrl\":\"https:\/\/www.monteescalier.net\/france\/wp-content\/uploads\/2014\/10\/4devis-monte-escalier-photo-490.png\",\"width\":490,\"height\":267},{\"@type\":\"BreadcrumbList\",\"@id\":\"https:\/\/www.monteescalier.net\/france\/monte-escalier-nord\/#breadcrumb\",\"itemListElement\":[{\"@type\":\"ListItem\",\"position\":1,\"name\":\"Accueil\",\"item\":\"https:\/\/www.monteescalier.net\/france\/\"},{\"@type\":\"ListItem\",\"position\":2,\"name\":\"Monte escalier Nord, Lille\"}]},{\"@type\":\"WebSite\",\"@id\":\"https:\/\/www.monteescalier.net\/france\/#website\",\"url\":\"https:\/\/www.monteescalier.net\/france\/\",\"name\":\"Monte escalier\",\"description\":\"\",\"publisher\":{\"@id\":\"https:\/\/www.monteescalier.net\/france\/#organization\"},\"potentialAction\":[{\"@type\":\"SearchAction\",\"target\":{\"@type\":\"EntryPoint\",\"urlTemplate\":\"https:\/\/www.monteescalier.net\/france\/?s={search_term_string}\"},\"query-input\":{\"@type\":\"PropertyValueSpecification\",\"valueRequired\":true,\"valueName\":\"search_term_string\"}}],\"inLanguage\":\"fr-FR\"},{\"@type\":\"Organization\",\"@id\":\"https:\/\/www.monteescalier.net\/france\/#organization\",\"name\":\"monte-escalier.net\",\"url\":\"https:\/\/www.monteescalier.net\/france\/\",\"logo\":{\"@type\":\"ImageObject\",\"inLanguage\":\"fr-FR\",\"@id\":\"https:\/\/www.monteescalier.net\/france\/#\/schema\/logo\/image\/\",\"url\":\"https:\/\/www.monteescalier.net\/france\/wp-content\/uploads\/2016\/10\/4devis-mont-escalier-500-500.gif\",\"contentUrl\":\"https:\/\/www.monteescalier.net\/france\/wp-content\/uploads\/2016\/10\/4devis-mont-escalier-500-500.gif\",\"width\":500,\"height\":500,\"caption\":\"monte-escalier.net\"},\"image\":{\"@id\":\"https:\/\/www.monteescalier.net\/france\/#\/schema\/logo\/image\/\"}}]}<\/script>\n<!-- \/ Yoast SEO plugin. -->","yoast_head_json":{"title":"Monte escalier Nord, Lille - Monte escalier","description":"Trouvez facilement votre Monte escalier \u00e0 Lille \u00b7 Monte escalier \u00e0 Valenciennes \u00b7 Monte escalier \u00e0 Dunkerque. Dans le Nord-Pas-de-Calais","robots":{"index":"index","follow":"follow","max-snippet":"max-snippet:-1","max-image-preview":"max-image-preview:large","max-video-preview":"max-video-preview:-1"},"canonical":"https:\/\/www.monteescalier.net\/france\/monte-escalier-nord\/","og_locale":"fr_FR","og_type":"article","og_title":"Monte escalier Nord, Lille - Monte escalier","og_description":"Trouvez facilement votre Monte escalier \u00e0 Lille \u00b7 Monte escalier \u00e0 Valenciennes \u00b7 Monte escalier \u00e0 Dunkerque. Dans le Nord-Pas-de-Calais","og_url":"https:\/\/www.monteescalier.net\/france\/monte-escalier-nord\/","og_site_name":"Monte escalier","article_modified_time":"2024-05-15T15:57:28+00:00","og_image":[{"url":"https:\/\/www.monteescalier.net\/france\/wp-content\/uploads\/2014\/10\/4devis-monte-escalier-photo-490.png","type":"","width":"","height":""}],"twitter_card":"summary_large_image","twitter_misc":{"Dur\u00e9e de lecture estim\u00e9e":"2 minutes"},"schema":{"@context":"https:\/\/schema.org","@graph":[{"@type":"WebPage","@id":"https:\/\/www.monteescalier.net\/france\/monte-escalier-nord\/","url":"https:\/\/www.monteescalier.net\/france\/monte-escalier-nord\/","name":"Monte escalier Nord, Lille - Monte escalier","isPartOf":{"@id":"https:\/\/www.monteescalier.net\/france\/#website"},"primaryImageOfPage":{"@id":"https:\/\/www.monteescalier.net\/france\/monte-escalier-nord\/#primaryimage"},"image":{"@id":"https:\/\/www.monteescalier.net\/france\/monte-escalier-nord\/#primaryimage"},"thumbnailUrl":"https:\/\/www.monteescalier.net\/france\/wp-content\/uploads\/2014\/10\/4devis-monte-escalier-photo-490.png","datePublished":"2024-03-22T12:38:14+00:00","dateModified":"2024-05-15T15:57:28+00:00","description":"Trouvez facilement votre Monte escalier \u00e0 Lille \u00b7 Monte escalier \u00e0 Valenciennes \u00b7 Monte escalier \u00e0 Dunkerque. Dans le Nord-Pas-de-Calais","breadcrumb":{"@id":"https:\/\/www.monteescalier.net\/france\/monte-escalier-nord\/#breadcrumb"},"inLanguage":"fr-FR","potentialAction":[{"@type":"ReadAction","target":["https:\/\/www.monteescalier.net\/france\/monte-escalier-nord\/"]}]},{"@type":"ImageObject","inLanguage":"fr-FR","@id":"https:\/\/www.monteescalier.net\/france\/monte-escalier-nord\/#primaryimage","url":"https:\/\/www.monteescalier.net\/france\/wp-content\/uploads\/2014\/10\/4devis-monte-escalier-photo-490.png","contentUrl":"https:\/\/www.monteescalier.net\/france\/wp-content\/uploads\/2014\/10\/4devis-monte-escalier-photo-490.png","width":490,"height":267},{"@type":"BreadcrumbList","@id":"https:\/\/www.monteescalier.net\/france\/monte-escalier-nord\/#breadcrumb","itemListElement":[{"@type":"ListItem","position":1,"name":"Accueil","item":"https:\/\/www.monteescalier.net\/france\/"},{"@type":"ListItem","position":2,"name":"Monte escalier Nord, Lille"}]},{"@type":"WebSite","@id":"https:\/\/www.monteescalier.net\/france\/#website","url":"https:\/\/www.monteescalier.net\/france\/","name":"Monte escalier","description":"","publisher":{"@id":"https:\/\/www.monteescalier.net\/france\/#organization"},"potentialAction":[{"@type":"SearchAction","target":{"@type":"EntryPoint","urlTemplate":"https:\/\/www.monteescalier.net\/france\/?s={search_term_string}"},"query-input":{"@type":"PropertyValueSpecification","valueRequired":true,"valueName":"search_term_string"}}],"inLanguage":"fr-FR"},{"@type":"Organization","@id":"https:\/\/www.monteescalier.net\/france\/#organization","name":"monte-escalier.net","url":"https:\/\/www.monteescalier.net\/france\/","logo":{"@type":"ImageObject","inLanguage":"fr-FR","@id":"https:\/\/www.monteescalier.net\/france\/#\/schema\/logo\/image\/","url":"https:\/\/www.monteescalier.net\/france\/wp-content\/uploads\/2016\/10\/4devis-mont-escalier-500-500.gif","contentUrl":"https:\/\/www.monteescalier.net\/france\/wp-content\/uploads\/2016\/10\/4devis-mont-escalier-500-500.gif","width":500,"height":500,"caption":"monte-escalier.net"},"image":{"@id":"https:\/\/www.monteescalier.net\/france\/#\/schema\/logo\/image\/"}}]}},"_links":{"self":[{"href":"https:\/\/www.monteescalier.net\/france\/wp-json\/wp\/v2\/pages\/153","targetHints":{"allow":["GET"]}}],"collection":[{"href":"https:\/\/www.monteescalier.net\/france\/wp-json\/wp\/v2\/pages"}],"about":[{"href":"https:\/\/www.monteescalier.net\/france\/wp-json\/wp\/v2\/types\/page"}],"author":[{"embeddable":true,"href":"https:\/\/www.monteescalier.net\/france\/wp-json\/wp\/v2\/users\/1"}],"replies":[{"embeddable":true,"href":"https:\/\/www.monteescalier.net\/france\/wp-json\/wp\/v2\/comments?post=153"}],"version-history":[{"count":9,"href":"https:\/\/www.monteescalier.net\/france\/wp-json\/wp\/v2\/pages\/153\/revisions"}],"predecessor-version":[{"id":9120,"href":"https:\/\/www.monteescalier.net\/france\/wp-json\/wp\/v2\/pages\/153\/revisions\/9120"}],"wp:attachment":[{"href":"https:\/\/www.monteescalier.net\/france\/wp-json\/wp\/v2\/media?parent=153"}],"curies":[{"name":"wp","href":"https:\/\/api.w.org\/{rel}","templated":true}]}}

<div class='content-column one_half'><div style="padding-right:19px;"><h1>Monte escalier dans le Nord</h1>
<p><b>Des experts reconnus proche de chez vous :</b><br />
<a href="https://www.monteescalier.net/france/monte-escalier-lille/">Monte escalier à Lille</a><br />
<a href="https://www.monteescalier.net/france/monte-escalier-valenciennes/">Monte escalier à Valenciennes</a><br />
<a href="https://www.monteescalier.net/france/monte-escalier-dunkerque/">Monte escalier à Dunkerque</a></p>
<p style="text-align: justify;">Dans le Nord-Pas-de-Calais comme partout en France, on peut avoir besoin d&rsquo;un monte escalier pour combattre la dépendance, pour soi ou pour un autre membre de sa famille. l&rsquo;installation assez complexe qui doit impérativement être faite par un pro.</p>
<p style="text-align: justify;">Le site monteescalier.net va vous mettre en rapport avec des experts reconnus du monte escalier dans le Nord Pas de Calais et vous aider à choisir facilement votre monte escalier pour votre maison située à Lille, Tourcoing, Villeneuve D&rsquo;ascq, Douai, Valenciennes, Roubaix, Dunkerque ou Wattrelos et également dans les autres villes du département, de Grande Synthe à Maubeuge, de Cambrai à Marc en Baroeul, de Lambersart à Coudekerque-Branche et de la Madeleine à Saint Pol sur Mer.</p>
<p style="text-align: justify;">plusieurs devis de monte escalier n&rsquo;est pas un luxe inutile ni une perte de temps: cela vous garantit d&rsquo;avoir le meilleur prix parmi un large choix de monte escaliers ainsi que des services associés que proposent nos différents vendeurs du monte escalier dans le département du Nord.</p>
<p style="text-align: justify;">Le prix est important, parce que les services fournis sont importants, les conditions de dépannage sont importantes, vous devez être en mesure de comparer les prestations des uns et des autres : c&rsquo;est justement le service que nous vous proposons, et ce, sans engagement de votre part.</p>
<p style="text-align: justify;">Vous ne devez donc pas hésiter à compléter un formulaire de demande de documentation, demande de devis ou de rappel, ce n&rsquo;est pas payant et surtout c&rsquo;est sans engagement: Obtenez rapidement des informations précises sur les différents installateurs de monte escalier dans le Nord.</p>
<p>&nbsp;</p>
<div class="bouton" onclick="location.href='https://www.monteescalier.net/devis-gratuit.php'">Cliquez ici pour obtenir des devis gratuitement</div>
<p>&nbsp;</p></div></div><div class='content-column one_half last_column'><a href="https://www.monteescalier.net/devis-gratuit.php" target="_blank" rel="noopener noreferrer"><img loading="lazy" decoding="async" class="alignnone size-full img_region" src="https://www.monteescalier.net/france/wp-content/uploads/2014/10/4devis-monte-escalier-photo-490.png" alt="Nord" width="507" height="485" /></a><br />
<img loading="lazy" decoding="async" class="alignnone size-full img_region_2" src="https://www.monteescalier.net/france/wp-content/uploads/2013/07/nord.jpg" alt="Nord" width="507" height="485" /><br /></div><div class='clear_column'></div></p>

<!-- This site is optimized with the Yoast SEO plugin v26.3 - https://yoast.com/wordpress/plugins/seo/ -->
<title>Monte escalier Nord, Lille - Monte escalier</title>
<meta name="description" content="Trouvez facilement votre Monte escalier à Lille · Monte escalier à Valenciennes · Monte escalier à Dunkerque. Dans le Nord-Pas-de-Calais" />
<meta name="robots" content="index, follow, max-snippet:-1, max-image-preview:large, max-video-preview:-1" />
<link rel="canonical" href="https://www.monteescalier.net/france/monte-escalier-nord/" />
<meta property="og:locale" content="fr_FR" />
<meta property="og:type" content="article" />
<meta property="og:title" content="Monte escalier Nord, Lille - Monte escalier" />
<meta property="og:description" content="Trouvez facilement votre Monte escalier à Lille · Monte escalier à Valenciennes · Monte escalier à Dunkerque. Dans le Nord-Pas-de-Calais" />
<meta property="og:url" content="https://www.monteescalier.net/france/monte-escalier-nord/" />
<meta property="og:site_name" content="Monte escalier" />
<meta property="article:modified_time" content="2024-05-15T15:57:28+00:00" />
<meta property="og:image" content="https://www.monteescalier.net/france/wp-content/uploads/2014/10/4devis-monte-escalier-photo-490.png" />
<meta name="twitter:card" content="summary_large_image" />
<meta name="twitter:label1" content="Durée de lecture estimée" />
	<meta name="twitter:data1" content="2 minutes" />
<script type="application/ld+json" class="yoast-schema-graph">{"@context":"https://schema.org","@graph":[{"@type":"WebPage","@id":"https://www.monteescalier.net/france/monte-escalier-nord/","url":"https://www.monteescalier.net/france/monte-escalier-nord/","name":"Monte escalier Nord, Lille - Monte escalier","isPartOf":{"@id":"https://www.monteescalier.net/france/#website"},"primaryImageOfPage":{"@id":"https://www.monteescalier.net/france/monte-escalier-nord/#primaryimage"},"image":{"@id":"https://www.monteescalier.net/france/monte-escalier-nord/#primaryimage"},"thumbnailUrl":"https://www.monteescalier.net/france/wp-content/uploads/2014/10/4devis-monte-escalier-photo-490.png","datePublished":"2024-03-22T12:38:14+00:00","dateModified":"2024-05-15T15:57:28+00:00","description":"Trouvez facilement votre Monte escalier à Lille · Monte escalier à Valenciennes · Monte escalier à Dunkerque. Dans le Nord-Pas-de-Calais","breadcrumb":{"@id":"https://www.monteescalier.net/france/monte-escalier-nord/#breadcrumb"},"inLanguage":"fr-FR","potentialAction":[{"@type":"ReadAction","target":["https://www.monteescalier.net/france/monte-escalier-nord/"]}]},{"@type":"ImageObject","inLanguage":"fr-FR","@id":"https://www.monteescalier.net/france/monte-escalier-nord/#primaryimage","url":"https://www.monteescalier.net/france/wp-content/uploads/2014/10/4devis-monte-escalier-photo-490.png","contentUrl":"https://www.monteescalier.net/france/wp-content/uploads/2014/10/4devis-monte-escalier-photo-490.png","width":490,"height":267},{"@type":"BreadcrumbList","@id":"https://www.monteescalier.net/france/monte-escalier-nord/#breadcrumb","itemListElement":[{"@type":"ListItem","position":1,"name":"Accueil","item":"https://www.monteescalier.net/france/"},{"@type":"ListItem","position":2,"name":"Monte escalier Nord, Lille"}]},{"@type":"WebSite","@id":"https://www.monteescalier.net/france/#website","url":"https://www.monteescalier.net/france/","name":"Monte escalier","description":"","publisher":{"@id":"https://www.monteescalier.net/france/#organization"},"potentialAction":[{"@type":"SearchAction","target":{"@type":"EntryPoint","urlTemplate":"https://www.monteescalier.net/france/?s={search_term_string}"},"query-input":{"@type":"PropertyValueSpecification","valueRequired":true,"valueName":"search_term_string"}}],"inLanguage":"fr-FR"},{"@type":"Organization","@id":"https://www.monteescalier.net/france/#organization","name":"monte-escalier.net","url":"https://www.monteescalier.net/france/","logo":{"@type":"ImageObject","inLanguage":"fr-FR","@id":"https://www.monteescalier.net/france/#/schema/logo/image/","url":"https://www.monteescalier.net/france/wp-content/uploads/2016/10/4devis-mont-escalier-500-500.gif","contentUrl":"https://www.monteescalier.net/france/wp-content/uploads/2016/10/4devis-mont-escalier-500-500.gif","width":500,"height":500,"caption":"monte-escalier.net"},"image":{"@id":"https://www.monteescalier.net/france/#/schema/logo/image/"}}]}</script>
<!-- / Yoast SEO plugin. -->

Trouvez facilement votre Monte escalier à Lille · Monte escalier à Valenciennes · Monte escalier à Dunkerque. Dans le Nord-Pas-de-Calais
