{"id":1546,"date":"2013-09-26T10:47:19","date_gmt":"2013-09-26T10:47:19","guid":{"rendered":"https:\/\/www.monteescalier.net\/france\/?page_id=1546"},"modified":"2017-08-24T10:16:16","modified_gmt":"2017-08-24T10:16:16","slug":"monte-escalier-bois-d-arcy","status":"publish","type":"page","link":"https:\/\/www.monteescalier.net\/france\/monte-escalier-bois-d-arcy\/","title":{"rendered":"Monte escalier Bois-d&rsquo;Arcy"},"content":{"rendered":"<h1>Choisir un vendeur de monte escalier \u00e0 Bois-d&rsquo;Arcy<\/h1>\n<div class=\"boite_texte\">\n<div style=\"text-align:justify; margin-bottom:10px\">Il vous faut faire installer dans votre maison \u00e0 \u00e9tages un monte escalier \u00e0 Bois-d&rsquo;Arcy, probl\u00e8me vous ne savez pas vers qui vous tourner. Monteescalier.net va vous donner toutes les infos pour faire votre choix et surtout, nous allons vous obtenir plusieurs devis en un temps record.<\/div>\n<div style=\"text-align:justify; margin-bottom:10px\">La vocation de ce site consacr\u00e9 enti\u00e8rement au monte escalier est de faciliter l&rsquo;achat de votre monte escalier en vous permettant de mettre en relation directement avec les revendeurs de monte escalier sur Bois-d&rsquo;Arcy, car avoir plusieurs propositions vous permettra de choisir la meilleure.<\/div>\n<div style=\"text-align:justify; margin-bottom:10px\">Inutile de chercher et d&rsquo;appeler tous les revendeurs de monte escalier de Bois-d&rsquo;Arcy. En compl\u00e9tant une demande de devis sur notre site, vous recevrez gratuitement plusieurs propositions des professionnels de votre r\u00e9gion, sans vous d\u00e9placer. Vous n&rsquo;aurez plus qu&rsquo;\u00e0 choisir la meilleure offre.<\/div>\n<div style=\"text-align:justify; margin-bottom:10px\">Un seul formulaire \u00e0 compl\u00e9ter pour \u00eatre rappel\u00e9 par des professionnels du monte escalier, c&rsquo;est le deuxi\u00e8me service totalement gratuit que nous vous proposons avec la demande de rappel. C&rsquo;est la garantie d&rsquo;\u00eatre rappel\u00e9 tr\u00e8s vite par plusieurs installateurs de monte escalier qui pourront ainsi vous proposer une r\u00e9ponse personnelle aux questions que vous vous posez certainement.<\/div>\n<div style=\"text-align:justify; margin-bottom:10px\">Pour faire votre choix, vous pouvez aussi vouloir comparer les caract\u00e9ristiques d\u00e9taill\u00e9es des fauteuils monte escalier des diff\u00e9rentes marques disponibles \u00e0 la vente.la meilleure option dans cas est de vous servir de notre formulaire de demande de documentation que vous trouverez sur notre site. Par courriel ou par courrier traditionnel, vous recevrez gratuitement toutes les infos n\u00e9cessaires qui vous permettront de comparer \u00e0 t\u00eate repos\u00e9e les diff\u00e9rents mod\u00e8les de monte escalier.<\/div>\n<div style=\"text-align:justify; margin-bottom:10px\">Pour m\u00e9moire tous nos services sont totalement gratuits pour les acqu\u00e9reurs potentiels de monte escalier. N&rsquo;h\u00e9sitez pas \u00e0 remplir un formulaire, c&rsquo;est \u00e9galement sans engagement.<\/div>\n<\/div>\n<div class=\"titre_liens\">Retrouvez nos offres dans les villes voisines :<\/div>\n<div class=\"boite_liens\"><a href=\"https:\/\/www.monteescalier.net\/france\/monte-escalier-fontenay-le-fleury\">Monte escalier Fontenay-le-Fleury<\/a><br \/>\n<a href=\"https:\/\/www.monteescalier.net\/france\/monte-escalier-andresy\">Monte escalier Andr\u00e9sy<\/a><br \/>\n<a href=\"https:\/\/www.monteescalier.net\/france\/monte-escalier-aubergenville\">Monte escalier Aubergenville<\/a><br \/>\n<a href=\"https:\/\/www.monteescalier.net\/france\/monte-escalier-voisins-le-bretonneux\">Monte escalier Voisins-le-Bretonneux<\/a><br \/>\n<a href=\"https:\/\/www.monteescalier.net\/france\/monte-escalier-triel-sur-seine\">Monte escalier Triel-sur-Seine<\/a>\n<\/div>\n","protected":false},"excerpt":{"rendered":"<p>Choisir un vendeur de monte escalier \u00e0 Bois-d&rsquo;Arcy Il vous faut faire installer dans votre maison \u00e0 \u00e9tages un monte escalier \u00e0 Bois-d&rsquo;Arcy, probl\u00e8me vous ne savez pas vers qui vous tourner. Monteescalier.net va vous donner toutes les infos pour faire votre choix et surtout, nous allons vous obtenir plusieurs devis en un temps record. [&hellip;]<\/p>\n","protected":false},"author":1,"featured_media":0,"parent":0,"menu_order":0,"comment_status":"closed","ping_status":"open","template":"template_ville_5.php","meta":{"_monsterinsights_skip_tracking":false,"_monsterinsights_sitenote_active":false,"_monsterinsights_sitenote_note":"","_monsterinsights_sitenote_category":0,"footnotes":""},"class_list":["post-1546","page","type-page","status-publish","hentry"],"yoast_head":"<!-- This site is optimized with the Yoast SEO plugin v26.3 - https:\/\/yoast.com\/wordpress\/plugins\/seo\/ -->\n<title>Monte escalier Bois-d&#039;Arcy - Monte escalier<\/title>\n<meta name=\"robots\" content=\"index, follow, max-snippet:-1, max-image-preview:large, max-video-preview:-1\" \/>\n<link rel=\"canonical\" href=\"https:\/\/www.monteescalier.net\/france\/monte-escalier-bois-d-arcy\/\" \/>\n<meta property=\"og:locale\" content=\"fr_FR\" \/>\n<meta property=\"og:type\" content=\"article\" \/>\n<meta property=\"og:title\" content=\"Monte escalier Bois-d&#039;Arcy - Monte escalier\" \/>\n<meta property=\"og:description\" content=\"Choisir un vendeur de monte escalier \u00e0 Bois-d&rsquo;Arcy Il vous faut faire installer dans votre maison \u00e0 \u00e9tages un monte escalier \u00e0 Bois-d&rsquo;Arcy, probl\u00e8me vous ne savez pas vers qui vous tourner. Monteescalier.net va vous donner toutes les infos pour faire votre choix et surtout, nous allons vous obtenir plusieurs devis en un temps record. [&hellip;]\" \/>\n<meta property=\"og:url\" content=\"https:\/\/www.monteescalier.net\/france\/monte-escalier-bois-d-arcy\/\" \/>\n<meta property=\"og:site_name\" content=\"Monte escalier\" \/>\n<meta property=\"article:modified_time\" content=\"2017-08-24T10:16:16+00:00\" \/>\n<meta name=\"twitter:card\" content=\"summary_large_image\" \/>\n<meta name=\"twitter:label1\" content=\"Dur\u00e9e de lecture estim\u00e9e\" \/>\n\t<meta name=\"twitter:data1\" content=\"2 minutes\" \/>\n<script type=\"application\/ld+json\" class=\"yoast-schema-graph\">{\"@context\":\"https:\/\/schema.org\",\"@graph\":[{\"@type\":\"WebPage\",\"@id\":\"https:\/\/www.monteescalier.net\/france\/monte-escalier-bois-d-arcy\/\",\"url\":\"https:\/\/www.monteescalier.net\/france\/monte-escalier-bois-d-arcy\/\",\"name\":\"Monte escalier Bois-d'Arcy - Monte escalier\",\"isPartOf\":{\"@id\":\"https:\/\/www.monteescalier.net\/france\/#website\"},\"datePublished\":\"2013-09-26T10:47:19+00:00\",\"dateModified\":\"2017-08-24T10:16:16+00:00\",\"breadcrumb\":{\"@id\":\"https:\/\/www.monteescalier.net\/france\/monte-escalier-bois-d-arcy\/#breadcrumb\"},\"inLanguage\":\"fr-FR\",\"potentialAction\":[{\"@type\":\"ReadAction\",\"target\":[\"https:\/\/www.monteescalier.net\/france\/monte-escalier-bois-d-arcy\/\"]}]},{\"@type\":\"BreadcrumbList\",\"@id\":\"https:\/\/www.monteescalier.net\/france\/monte-escalier-bois-d-arcy\/#breadcrumb\",\"itemListElement\":[{\"@type\":\"ListItem\",\"position\":1,\"name\":\"Accueil\",\"item\":\"https:\/\/www.monteescalier.net\/france\/\"},{\"@type\":\"ListItem\",\"position\":2,\"name\":\"Monte escalier Bois-d&rsquo;Arcy\"}]},{\"@type\":\"WebSite\",\"@id\":\"https:\/\/www.monteescalier.net\/france\/#website\",\"url\":\"https:\/\/www.monteescalier.net\/france\/\",\"name\":\"Monte escalier\",\"description\":\"\",\"publisher\":{\"@id\":\"https:\/\/www.monteescalier.net\/france\/#organization\"},\"potentialAction\":[{\"@type\":\"SearchAction\",\"target\":{\"@type\":\"EntryPoint\",\"urlTemplate\":\"https:\/\/www.monteescalier.net\/france\/?s={search_term_string}\"},\"query-input\":{\"@type\":\"PropertyValueSpecification\",\"valueRequired\":true,\"valueName\":\"search_term_string\"}}],\"inLanguage\":\"fr-FR\"},{\"@type\":\"Organization\",\"@id\":\"https:\/\/www.monteescalier.net\/france\/#organization\",\"name\":\"monte-escalier.net\",\"url\":\"https:\/\/www.monteescalier.net\/france\/\",\"logo\":{\"@type\":\"ImageObject\",\"inLanguage\":\"fr-FR\",\"@id\":\"https:\/\/www.monteescalier.net\/france\/#\/schema\/logo\/image\/\",\"url\":\"https:\/\/www.monteescalier.net\/france\/wp-content\/uploads\/2016\/10\/4devis-mont-escalier-500-500.gif\",\"contentUrl\":\"https:\/\/www.monteescalier.net\/france\/wp-content\/uploads\/2016\/10\/4devis-mont-escalier-500-500.gif\",\"width\":500,\"height\":500,\"caption\":\"monte-escalier.net\"},\"image\":{\"@id\":\"https:\/\/www.monteescalier.net\/france\/#\/schema\/logo\/image\/\"}}]}<\/script>\n<!-- \/ Yoast SEO plugin. -->","yoast_head_json":{"title":"Monte escalier Bois-d'Arcy - Monte escalier","robots":{"index":"index","follow":"follow","max-snippet":"max-snippet:-1","max-image-preview":"max-image-preview:large","max-video-preview":"max-video-preview:-1"},"canonical":"https:\/\/www.monteescalier.net\/france\/monte-escalier-bois-d-arcy\/","og_locale":"fr_FR","og_type":"article","og_title":"Monte escalier Bois-d'Arcy - Monte escalier","og_description":"Choisir un vendeur de monte escalier \u00e0 Bois-d&rsquo;Arcy Il vous faut faire installer dans votre maison \u00e0 \u00e9tages un monte escalier \u00e0 Bois-d&rsquo;Arcy, probl\u00e8me vous ne savez pas vers qui vous tourner. Monteescalier.net va vous donner toutes les infos pour faire votre choix et surtout, nous allons vous obtenir plusieurs devis en un temps record. [&hellip;]","og_url":"https:\/\/www.monteescalier.net\/france\/monte-escalier-bois-d-arcy\/","og_site_name":"Monte escalier","article_modified_time":"2017-08-24T10:16:16+00:00","twitter_card":"summary_large_image","twitter_misc":{"Dur\u00e9e de lecture estim\u00e9e":"2 minutes"},"schema":{"@context":"https:\/\/schema.org","@graph":[{"@type":"WebPage","@id":"https:\/\/www.monteescalier.net\/france\/monte-escalier-bois-d-arcy\/","url":"https:\/\/www.monteescalier.net\/france\/monte-escalier-bois-d-arcy\/","name":"Monte escalier Bois-d'Arcy - Monte escalier","isPartOf":{"@id":"https:\/\/www.monteescalier.net\/france\/#website"},"datePublished":"2013-09-26T10:47:19+00:00","dateModified":"2017-08-24T10:16:16+00:00","breadcrumb":{"@id":"https:\/\/www.monteescalier.net\/france\/monte-escalier-bois-d-arcy\/#breadcrumb"},"inLanguage":"fr-FR","potentialAction":[{"@type":"ReadAction","target":["https:\/\/www.monteescalier.net\/france\/monte-escalier-bois-d-arcy\/"]}]},{"@type":"BreadcrumbList","@id":"https:\/\/www.monteescalier.net\/france\/monte-escalier-bois-d-arcy\/#breadcrumb","itemListElement":[{"@type":"ListItem","position":1,"name":"Accueil","item":"https:\/\/www.monteescalier.net\/france\/"},{"@type":"ListItem","position":2,"name":"Monte escalier Bois-d&rsquo;Arcy"}]},{"@type":"WebSite","@id":"https:\/\/www.monteescalier.net\/france\/#website","url":"https:\/\/www.monteescalier.net\/france\/","name":"Monte escalier","description":"","publisher":{"@id":"https:\/\/www.monteescalier.net\/france\/#organization"},"potentialAction":[{"@type":"SearchAction","target":{"@type":"EntryPoint","urlTemplate":"https:\/\/www.monteescalier.net\/france\/?s={search_term_string}"},"query-input":{"@type":"PropertyValueSpecification","valueRequired":true,"valueName":"search_term_string"}}],"inLanguage":"fr-FR"},{"@type":"Organization","@id":"https:\/\/www.monteescalier.net\/france\/#organization","name":"monte-escalier.net","url":"https:\/\/www.monteescalier.net\/france\/","logo":{"@type":"ImageObject","inLanguage":"fr-FR","@id":"https:\/\/www.monteescalier.net\/france\/#\/schema\/logo\/image\/","url":"https:\/\/www.monteescalier.net\/france\/wp-content\/uploads\/2016\/10\/4devis-mont-escalier-500-500.gif","contentUrl":"https:\/\/www.monteescalier.net\/france\/wp-content\/uploads\/2016\/10\/4devis-mont-escalier-500-500.gif","width":500,"height":500,"caption":"monte-escalier.net"},"image":{"@id":"https:\/\/www.monteescalier.net\/france\/#\/schema\/logo\/image\/"}}]}},"_links":{"self":[{"href":"https:\/\/www.monteescalier.net\/france\/wp-json\/wp\/v2\/pages\/1546","targetHints":{"allow":["GET"]}}],"collection":[{"href":"https:\/\/www.monteescalier.net\/france\/wp-json\/wp\/v2\/pages"}],"about":[{"href":"https:\/\/www.monteescalier.net\/france\/wp-json\/wp\/v2\/types\/page"}],"author":[{"embeddable":true,"href":"https:\/\/www.monteescalier.net\/france\/wp-json\/wp\/v2\/users\/1"}],"replies":[{"embeddable":true,"href":"https:\/\/www.monteescalier.net\/france\/wp-json\/wp\/v2\/comments?post=1546"}],"version-history":[{"count":0,"href":"https:\/\/www.monteescalier.net\/france\/wp-json\/wp\/v2\/pages\/1546\/revisions"}],"wp:attachment":[{"href":"https:\/\/www.monteescalier.net\/france\/wp-json\/wp\/v2\/media?parent=1546"}],"curies":[{"name":"wp","href":"https:\/\/api.w.org\/{rel}","templated":true}]}}

<h1>Choisir un vendeur de monte escalier à Bois-d&rsquo;Arcy</h1>
<div class="boite_texte">
<div style="text-align:justify; margin-bottom:10px">Il vous faut faire installer dans votre maison à étages un monte escalier à Bois-d&rsquo;Arcy, problème vous ne savez pas vers qui vous tourner. Monteescalier.net va vous donner toutes les infos pour faire votre choix et surtout, nous allons vous obtenir plusieurs devis en un temps record.</div>
<div style="text-align:justify; margin-bottom:10px">La vocation de ce site consacré entièrement au monte escalier est de faciliter l&rsquo;achat de votre monte escalier en vous permettant de mettre en relation directement avec les revendeurs de monte escalier sur Bois-d&rsquo;Arcy, car avoir plusieurs propositions vous permettra de choisir la meilleure.</div>
<div style="text-align:justify; margin-bottom:10px">Inutile de chercher et d&rsquo;appeler tous les revendeurs de monte escalier de Bois-d&rsquo;Arcy. En complétant une demande de devis sur notre site, vous recevrez gratuitement plusieurs propositions des professionnels de votre région, sans vous déplacer. Vous n&rsquo;aurez plus qu&rsquo;à choisir la meilleure offre.</div>
<div style="text-align:justify; margin-bottom:10px">Un seul formulaire à compléter pour être rappelé par des professionnels du monte escalier, c&rsquo;est le deuxième service totalement gratuit que nous vous proposons avec la demande de rappel. C&rsquo;est la garantie d&rsquo;être rappelé très vite par plusieurs installateurs de monte escalier qui pourront ainsi vous proposer une réponse personnelle aux questions que vous vous posez certainement.</div>
<div style="text-align:justify; margin-bottom:10px">Pour faire votre choix, vous pouvez aussi vouloir comparer les caractéristiques détaillées des fauteuils monte escalier des différentes marques disponibles à la vente.la meilleure option dans cas est de vous servir de notre formulaire de demande de documentation que vous trouverez sur notre site. Par courriel ou par courrier traditionnel, vous recevrez gratuitement toutes les infos nécessaires qui vous permettront de comparer à tête reposée les différents modèles de monte escalier.</div>
<div style="text-align:justify; margin-bottom:10px">Pour mémoire tous nos services sont totalement gratuits pour les acquéreurs potentiels de monte escalier. N&rsquo;hésitez pas à remplir un formulaire, c&rsquo;est également sans engagement.</div>
</div>
<div class="titre_liens">Retrouvez nos offres dans les villes voisines :</div>
<div class="boite_liens"><a href="https://www.monteescalier.net/france/monte-escalier-fontenay-le-fleury">Monte escalier Fontenay-le-Fleury</a><br />
<a href="https://www.monteescalier.net/france/monte-escalier-andresy">Monte escalier Andrésy</a><br />
<a href="https://www.monteescalier.net/france/monte-escalier-aubergenville">Monte escalier Aubergenville</a><br />
<a href="https://www.monteescalier.net/france/monte-escalier-voisins-le-bretonneux">Monte escalier Voisins-le-Bretonneux</a><br />
<a href="https://www.monteescalier.net/france/monte-escalier-triel-sur-seine">Monte escalier Triel-sur-Seine</a>
</div>

<p>Choisir un vendeur de monte escalier à Bois-d&rsquo;Arcy Il vous faut faire installer dans votre maison à étages un monte escalier à Bois-d&rsquo;Arcy, problème vous ne savez pas vers qui vous tourner. Monteescalier.net va vous donner toutes les infos pour faire votre choix et surtout, nous allons vous obtenir plusieurs devis en un temps record. [&hellip;]</p>

<!-- This site is optimized with the Yoast SEO plugin v26.3 - https://yoast.com/wordpress/plugins/seo/ -->
<title>Monte escalier Bois-d&#039;Arcy - Monte escalier</title>
<meta name="robots" content="index, follow, max-snippet:-1, max-image-preview:large, max-video-preview:-1" />
<link rel="canonical" href="https://www.monteescalier.net/france/monte-escalier-bois-d-arcy/" />
<meta property="og:locale" content="fr_FR" />
<meta property="og:type" content="article" />
<meta property="og:title" content="Monte escalier Bois-d&#039;Arcy - Monte escalier" />
<meta property="og:description" content="Choisir un vendeur de monte escalier à Bois-d&rsquo;Arcy Il vous faut faire installer dans votre maison à étages un monte escalier à Bois-d&rsquo;Arcy, problème vous ne savez pas vers qui vous tourner. Monteescalier.net va vous donner toutes les infos pour faire votre choix et surtout, nous allons vous obtenir plusieurs devis en un temps record. [&hellip;]" />
<meta property="og:url" content="https://www.monteescalier.net/france/monte-escalier-bois-d-arcy/" />
<meta property="og:site_name" content="Monte escalier" />
<meta property="article:modified_time" content="2017-08-24T10:16:16+00:00" />
<meta name="twitter:card" content="summary_large_image" />
<meta name="twitter:label1" content="Durée de lecture estimée" />
	<meta name="twitter:data1" content="2 minutes" />
<script type="application/ld+json" class="yoast-schema-graph">{"@context":"https://schema.org","@graph":[{"@type":"WebPage","@id":"https://www.monteescalier.net/france/monte-escalier-bois-d-arcy/","url":"https://www.monteescalier.net/france/monte-escalier-bois-d-arcy/","name":"Monte escalier Bois-d'Arcy - Monte escalier","isPartOf":{"@id":"https://www.monteescalier.net/france/#website"},"datePublished":"2013-09-26T10:47:19+00:00","dateModified":"2017-08-24T10:16:16+00:00","breadcrumb":{"@id":"https://www.monteescalier.net/france/monte-escalier-bois-d-arcy/#breadcrumb"},"inLanguage":"fr-FR","potentialAction":[{"@type":"ReadAction","target":["https://www.monteescalier.net/france/monte-escalier-bois-d-arcy/"]}]},{"@type":"BreadcrumbList","@id":"https://www.monteescalier.net/france/monte-escalier-bois-d-arcy/#breadcrumb","itemListElement":[{"@type":"ListItem","position":1,"name":"Accueil","item":"https://www.monteescalier.net/france/"},{"@type":"ListItem","position":2,"name":"Monte escalier Bois-d&rsquo;Arcy"}]},{"@type":"WebSite","@id":"https://www.monteescalier.net/france/#website","url":"https://www.monteescalier.net/france/","name":"Monte escalier","description":"","publisher":{"@id":"https://www.monteescalier.net/france/#organization"},"potentialAction":[{"@type":"SearchAction","target":{"@type":"EntryPoint","urlTemplate":"https://www.monteescalier.net/france/?s={search_term_string}"},"query-input":{"@type":"PropertyValueSpecification","valueRequired":true,"valueName":"search_term_string"}}],"inLanguage":"fr-FR"},{"@type":"Organization","@id":"https://www.monteescalier.net/france/#organization","name":"monte-escalier.net","url":"https://www.monteescalier.net/france/","logo":{"@type":"ImageObject","inLanguage":"fr-FR","@id":"https://www.monteescalier.net/france/#/schema/logo/image/","url":"https://www.monteescalier.net/france/wp-content/uploads/2016/10/4devis-mont-escalier-500-500.gif","contentUrl":"https://www.monteescalier.net/france/wp-content/uploads/2016/10/4devis-mont-escalier-500-500.gif","width":500,"height":500,"caption":"monte-escalier.net"},"image":{"@id":"https://www.monteescalier.net/france/#/schema/logo/image/"}}]}</script>
<!-- / Yoast SEO plugin. -->

Choisir un vendeur de monte escalier à Bois-d&rsquo;Arcy Il vous faut faire installer dans votre maison à étages un monte escalier à Bois-d&rsquo;Arcy, problème vous ne savez pas vers qui vous tourner. Monteescalier.net va vous donner toutes les infos pour faire votre choix et surtout, nous allons vous obtenir plusieurs devis en un temps record. [&hellip;]
