{"id":1572,"date":"2021-09-26T10:47:19","date_gmt":"2021-09-26T09:47:19","guid":{"rendered":"https:\/\/www.monteescalier.net\/france\/?page_id=1572"},"modified":"2021-11-16T10:17:47","modified_gmt":"2021-11-16T09:17:47","slug":"monte-escalier-ambares-et-lagrave","status":"publish","type":"page","link":"https:\/\/www.monteescalier.net\/france\/monte-escalier-ambares-et-lagrave\/","title":{"rendered":"Monte escalier Ambar\u00e8s-et-Lagrave"},"content":{"rendered":"<h1>Faire le bon choix pour un monte escalier \u00e0 Ambar\u00e8s-et-Lagrave<\/h1>\n<div class=\"boite_texte\">\n<div style=\"text-align:justify; margin-bottom:10px\">Il vous faut mettre en place dans votre maison ou votre duplex un monte escalier \u00e0 Ambar\u00e8s-et-Lagrave, probl\u00e8me vous ne savez pas \u00e0 qui vous adresser. Monteescalier.net va vous donner tous les outils pour faire votre choix.<\/div>\n<div style=\"text-align:justify; margin-bottom:10px\">La vocation de ce site consacr\u00e9 enti\u00e8rement au monte escalier est de faciliter l&rsquo;achat de votre monte escalier en vous mettant en relation directement avec les revendeurs de monte escalier sur Ambar\u00e8s-et-Lagrave, car avoir plusieurs propositions vous permettra de choisir la meilleure.<\/div>\n<div style=\"text-align:justify; margin-bottom:10px\">Obtenir 4 ou 5 devis pour votre monte escalier \u00e0 Ambar\u00e8s-et-Lagrave, c&rsquo;est la premi\u00e8re prestation totalement gratuite que nous pouvons vous proposer. Pour profiter de ce service gratuit et sans obligation d&rsquo;achat, laissez nous vos coordonn\u00e9es dans notre formulaire de demande de devis et vous serez recontact\u00e9s tr\u00e8s prochainement par les professionnels du monte escalier sur Ambar\u00e8s-et-Lagrave.<\/div>\n<div style=\"text-align:justify; margin-bottom:10px\">Avoir des sp\u00e9cialistes du monte escalier au t\u00e9l\u00e9phone pour discuter de votre projet, voici ce que vous permettra notre site si vous remplissez une demande de rappel. Vous serez tr\u00e8s rapidement recontact\u00e9s par nos partenaires experts qui pourront r\u00e9pondre \u00e0 toutes vos questions relatives \u00e0 la sp\u00e9cificit\u00e9 de l&rsquo;installation de votre monte escalier.<\/div>\n<div style=\"text-align:justify; margin-bottom:10px\">Quel mod\u00e8le de monte escalier choisir ? Pour vous aider \u00e0 r\u00e9pondre \u00e0 cette question, aidez vous avec de la documentation gratuite sur les monte escaliers. Nos partenaires revendeurs peuvent, en effet, vous faire parvenir de la documentation sur les mod\u00e8les qu&rsquo;ils proposent \u00e0 la vente et qui vous permettront sans doute d&rsquo;\u00e9tablir une pr\u00e9selection entre les diff\u00e9rents mod\u00e8les que vous pourriez faire poser chez vous.<\/div>\n<div style=\"text-align:justify; margin-bottom:10px\">Ne faites plus la chasse aux prestataires, laissez notre service de mise en relation faire le travail pour vous. C&rsquo;est int\u00e9gralement gratuit et cela vous permettra d&rsquo;\u00eatre mis tr\u00e8s rapidement en relation avec notre liste de professionnels du monte escalier de Ambar\u00e8s-et-Lagrave et sa r\u00e9gion, sans efforts, ni contraintes&#8230; difficile de vous proposer mieux non?<\/div>\n<\/div>\n<div class=\"titre_liens\">monteescalier.net est \u00e9galement disponible dans les villes suivantes<\/div>\n<div class=\"boite_liens\"><a href=\"https:\/\/www.monteescalier.net\/france\/monte-escalier-arcachon\">Monte escalier Arcachon<\/a><br \/>\n<a href=\"https:\/\/www.monteescalier.net\/france\/monte-escalier-andernos-les-bains\">Monte escalier Andernos-les-Bains<\/a><br \/>\n<a href=\"https:\/\/www.monteescalier.net\/france\/monte-escalier-biganos\">Monte escalier Biganos<\/a><br \/>\n<a href=\"https:\/\/www.monteescalier.net\/france\/monte-escalier-leognan\">Monte escalier L\u00e9ognan<\/a><br \/>\n<a href=\"https:\/\/www.monteescalier.net\/france\/monte-escalier-saint-andre-de-cubzac\">Monte escalier Saint-Andr\u00e9-de-Cubzac<\/a>\n<\/div>\n","protected":false},"excerpt":{"rendered":"<p>Faire le bon choix pour un monte escalier \u00e0 Ambar\u00e8s-et-Lagrave Il vous faut mettre en place dans votre maison ou votre duplex un monte escalier \u00e0 Ambar\u00e8s-et-Lagrave, probl\u00e8me vous ne savez pas \u00e0 qui vous adresser. Monteescalier.net va vous donner tous les outils pour faire votre choix. La vocation de ce site consacr\u00e9 enti\u00e8rement au [&hellip;]<\/p>\n","protected":false},"author":1,"featured_media":0,"parent":0,"menu_order":0,"comment_status":"closed","ping_status":"open","template":"template_ville_6.php","meta":{"_monsterinsights_skip_tracking":false,"_monsterinsights_sitenote_active":false,"_monsterinsights_sitenote_note":"","_monsterinsights_sitenote_category":0,"footnotes":""},"class_list":["post-1572","page","type-page","status-publish","hentry"],"yoast_head":"<!-- This site is optimized with the Yoast SEO plugin v26.3 - https:\/\/yoast.com\/wordpress\/plugins\/seo\/ -->\n<title>Monte escalier Ambar\u00e8s-et-Lagrave - Monte escalier<\/title>\n<meta name=\"description\" content=\"Vous recherchez un monte-escalier a Ambar\u00e8s-et-Lagrave - Retrouvez toutes les informations et conditions d&#039;achat aupr\u00e8s de nos partenaires installeurs\" \/>\n<meta name=\"robots\" content=\"index, follow, max-snippet:-1, max-image-preview:large, max-video-preview:-1\" \/>\n<link rel=\"canonical\" href=\"https:\/\/www.monteescalier.net\/france\/monte-escalier-ambares-et-lagrave\/\" \/>\n<meta property=\"og:locale\" content=\"fr_FR\" \/>\n<meta property=\"og:type\" content=\"article\" \/>\n<meta property=\"og:title\" content=\"Monte escalier Ambar\u00e8s-et-Lagrave - Monte escalier\" \/>\n<meta property=\"og:description\" content=\"Vous recherchez un monte-escalier a Ambar\u00e8s-et-Lagrave - Retrouvez toutes les informations et conditions d&#039;achat aupr\u00e8s de nos partenaires installeurs\" \/>\n<meta property=\"og:url\" content=\"https:\/\/www.monteescalier.net\/france\/monte-escalier-ambares-et-lagrave\/\" \/>\n<meta property=\"og:site_name\" content=\"Monte escalier\" \/>\n<meta property=\"article:modified_time\" content=\"2021-11-16T09:17:47+00:00\" \/>\n<meta name=\"twitter:card\" content=\"summary_large_image\" \/>\n<meta name=\"twitter:label1\" content=\"Dur\u00e9e de lecture estim\u00e9e\" \/>\n\t<meta name=\"twitter:data1\" content=\"2 minutes\" \/>\n<script type=\"application\/ld+json\" class=\"yoast-schema-graph\">{\"@context\":\"https:\/\/schema.org\",\"@graph\":[{\"@type\":\"WebPage\",\"@id\":\"https:\/\/www.monteescalier.net\/france\/monte-escalier-ambares-et-lagrave\/\",\"url\":\"https:\/\/www.monteescalier.net\/france\/monte-escalier-ambares-et-lagrave\/\",\"name\":\"Monte escalier Ambar\u00e8s-et-Lagrave - Monte escalier\",\"isPartOf\":{\"@id\":\"https:\/\/www.monteescalier.net\/france\/#website\"},\"datePublished\":\"2021-09-26T09:47:19+00:00\",\"dateModified\":\"2021-11-16T09:17:47+00:00\",\"description\":\"Vous recherchez un monte-escalier a Ambar\u00e8s-et-Lagrave - Retrouvez toutes les informations et conditions d'achat aupr\u00e8s de nos partenaires installeurs\",\"breadcrumb\":{\"@id\":\"https:\/\/www.monteescalier.net\/france\/monte-escalier-ambares-et-lagrave\/#breadcrumb\"},\"inLanguage\":\"fr-FR\",\"potentialAction\":[{\"@type\":\"ReadAction\",\"target\":[\"https:\/\/www.monteescalier.net\/france\/monte-escalier-ambares-et-lagrave\/\"]}]},{\"@type\":\"BreadcrumbList\",\"@id\":\"https:\/\/www.monteescalier.net\/france\/monte-escalier-ambares-et-lagrave\/#breadcrumb\",\"itemListElement\":[{\"@type\":\"ListItem\",\"position\":1,\"name\":\"Accueil\",\"item\":\"https:\/\/www.monteescalier.net\/france\/\"},{\"@type\":\"ListItem\",\"position\":2,\"name\":\"Monte escalier Ambar\u00e8s-et-Lagrave\"}]},{\"@type\":\"WebSite\",\"@id\":\"https:\/\/www.monteescalier.net\/france\/#website\",\"url\":\"https:\/\/www.monteescalier.net\/france\/\",\"name\":\"Monte escalier\",\"description\":\"\",\"publisher\":{\"@id\":\"https:\/\/www.monteescalier.net\/france\/#organization\"},\"potentialAction\":[{\"@type\":\"SearchAction\",\"target\":{\"@type\":\"EntryPoint\",\"urlTemplate\":\"https:\/\/www.monteescalier.net\/france\/?s={search_term_string}\"},\"query-input\":{\"@type\":\"PropertyValueSpecification\",\"valueRequired\":true,\"valueName\":\"search_term_string\"}}],\"inLanguage\":\"fr-FR\"},{\"@type\":\"Organization\",\"@id\":\"https:\/\/www.monteescalier.net\/france\/#organization\",\"name\":\"monte-escalier.net\",\"url\":\"https:\/\/www.monteescalier.net\/france\/\",\"logo\":{\"@type\":\"ImageObject\",\"inLanguage\":\"fr-FR\",\"@id\":\"https:\/\/www.monteescalier.net\/france\/#\/schema\/logo\/image\/\",\"url\":\"https:\/\/www.monteescalier.net\/france\/wp-content\/uploads\/2016\/10\/4devis-mont-escalier-500-500.gif\",\"contentUrl\":\"https:\/\/www.monteescalier.net\/france\/wp-content\/uploads\/2016\/10\/4devis-mont-escalier-500-500.gif\",\"width\":500,\"height\":500,\"caption\":\"monte-escalier.net\"},\"image\":{\"@id\":\"https:\/\/www.monteescalier.net\/france\/#\/schema\/logo\/image\/\"}}]}<\/script>\n<!-- \/ Yoast SEO plugin. -->","yoast_head_json":{"title":"Monte escalier Ambar\u00e8s-et-Lagrave - Monte escalier","description":"Vous recherchez un monte-escalier a Ambar\u00e8s-et-Lagrave - Retrouvez toutes les informations et conditions d'achat aupr\u00e8s de nos partenaires installeurs","robots":{"index":"index","follow":"follow","max-snippet":"max-snippet:-1","max-image-preview":"max-image-preview:large","max-video-preview":"max-video-preview:-1"},"canonical":"https:\/\/www.monteescalier.net\/france\/monte-escalier-ambares-et-lagrave\/","og_locale":"fr_FR","og_type":"article","og_title":"Monte escalier Ambar\u00e8s-et-Lagrave - Monte escalier","og_description":"Vous recherchez un monte-escalier a Ambar\u00e8s-et-Lagrave - Retrouvez toutes les informations et conditions d'achat aupr\u00e8s de nos partenaires installeurs","og_url":"https:\/\/www.monteescalier.net\/france\/monte-escalier-ambares-et-lagrave\/","og_site_name":"Monte escalier","article_modified_time":"2021-11-16T09:17:47+00:00","twitter_card":"summary_large_image","twitter_misc":{"Dur\u00e9e de lecture estim\u00e9e":"2 minutes"},"schema":{"@context":"https:\/\/schema.org","@graph":[{"@type":"WebPage","@id":"https:\/\/www.monteescalier.net\/france\/monte-escalier-ambares-et-lagrave\/","url":"https:\/\/www.monteescalier.net\/france\/monte-escalier-ambares-et-lagrave\/","name":"Monte escalier Ambar\u00e8s-et-Lagrave - Monte escalier","isPartOf":{"@id":"https:\/\/www.monteescalier.net\/france\/#website"},"datePublished":"2021-09-26T09:47:19+00:00","dateModified":"2021-11-16T09:17:47+00:00","description":"Vous recherchez un monte-escalier a Ambar\u00e8s-et-Lagrave - Retrouvez toutes les informations et conditions d'achat aupr\u00e8s de nos partenaires installeurs","breadcrumb":{"@id":"https:\/\/www.monteescalier.net\/france\/monte-escalier-ambares-et-lagrave\/#breadcrumb"},"inLanguage":"fr-FR","potentialAction":[{"@type":"ReadAction","target":["https:\/\/www.monteescalier.net\/france\/monte-escalier-ambares-et-lagrave\/"]}]},{"@type":"BreadcrumbList","@id":"https:\/\/www.monteescalier.net\/france\/monte-escalier-ambares-et-lagrave\/#breadcrumb","itemListElement":[{"@type":"ListItem","position":1,"name":"Accueil","item":"https:\/\/www.monteescalier.net\/france\/"},{"@type":"ListItem","position":2,"name":"Monte escalier Ambar\u00e8s-et-Lagrave"}]},{"@type":"WebSite","@id":"https:\/\/www.monteescalier.net\/france\/#website","url":"https:\/\/www.monteescalier.net\/france\/","name":"Monte escalier","description":"","publisher":{"@id":"https:\/\/www.monteescalier.net\/france\/#organization"},"potentialAction":[{"@type":"SearchAction","target":{"@type":"EntryPoint","urlTemplate":"https:\/\/www.monteescalier.net\/france\/?s={search_term_string}"},"query-input":{"@type":"PropertyValueSpecification","valueRequired":true,"valueName":"search_term_string"}}],"inLanguage":"fr-FR"},{"@type":"Organization","@id":"https:\/\/www.monteescalier.net\/france\/#organization","name":"monte-escalier.net","url":"https:\/\/www.monteescalier.net\/france\/","logo":{"@type":"ImageObject","inLanguage":"fr-FR","@id":"https:\/\/www.monteescalier.net\/france\/#\/schema\/logo\/image\/","url":"https:\/\/www.monteescalier.net\/france\/wp-content\/uploads\/2016\/10\/4devis-mont-escalier-500-500.gif","contentUrl":"https:\/\/www.monteescalier.net\/france\/wp-content\/uploads\/2016\/10\/4devis-mont-escalier-500-500.gif","width":500,"height":500,"caption":"monte-escalier.net"},"image":{"@id":"https:\/\/www.monteescalier.net\/france\/#\/schema\/logo\/image\/"}}]}},"_links":{"self":[{"href":"https:\/\/www.monteescalier.net\/france\/wp-json\/wp\/v2\/pages\/1572","targetHints":{"allow":["GET"]}}],"collection":[{"href":"https:\/\/www.monteescalier.net\/france\/wp-json\/wp\/v2\/pages"}],"about":[{"href":"https:\/\/www.monteescalier.net\/france\/wp-json\/wp\/v2\/types\/page"}],"author":[{"embeddable":true,"href":"https:\/\/www.monteescalier.net\/france\/wp-json\/wp\/v2\/users\/1"}],"replies":[{"embeddable":true,"href":"https:\/\/www.monteescalier.net\/france\/wp-json\/wp\/v2\/comments?post=1572"}],"version-history":[{"count":1,"href":"https:\/\/www.monteescalier.net\/france\/wp-json\/wp\/v2\/pages\/1572\/revisions"}],"predecessor-version":[{"id":8906,"href":"https:\/\/www.monteescalier.net\/france\/wp-json\/wp\/v2\/pages\/1572\/revisions\/8906"}],"wp:attachment":[{"href":"https:\/\/www.monteescalier.net\/france\/wp-json\/wp\/v2\/media?parent=1572"}],"curies":[{"name":"wp","href":"https:\/\/api.w.org\/{rel}","templated":true}]}}

Monte escalier Ambarès-et-Lagrave

<h1>Faire le bon choix pour un monte escalier à Ambarès-et-Lagrave</h1>
<div class="boite_texte">
<div style="text-align:justify; margin-bottom:10px">Il vous faut mettre en place dans votre maison ou votre duplex un monte escalier à Ambarès-et-Lagrave, problème vous ne savez pas à qui vous adresser. Monteescalier.net va vous donner tous les outils pour faire votre choix.</div>
<div style="text-align:justify; margin-bottom:10px">La vocation de ce site consacré entièrement au monte escalier est de faciliter l&rsquo;achat de votre monte escalier en vous mettant en relation directement avec les revendeurs de monte escalier sur Ambarès-et-Lagrave, car avoir plusieurs propositions vous permettra de choisir la meilleure.</div>
<div style="text-align:justify; margin-bottom:10px">Obtenir 4 ou 5 devis pour votre monte escalier à Ambarès-et-Lagrave, c&rsquo;est la première prestation totalement gratuite que nous pouvons vous proposer. Pour profiter de ce service gratuit et sans obligation d&rsquo;achat, laissez nous vos coordonnées dans notre formulaire de demande de devis et vous serez recontactés très prochainement par les professionnels du monte escalier sur Ambarès-et-Lagrave.</div>
<div style="text-align:justify; margin-bottom:10px">Avoir des spécialistes du monte escalier au téléphone pour discuter de votre projet, voici ce que vous permettra notre site si vous remplissez une demande de rappel. Vous serez très rapidement recontactés par nos partenaires experts qui pourront répondre à toutes vos questions relatives à la spécificité de l&rsquo;installation de votre monte escalier.</div>
<div style="text-align:justify; margin-bottom:10px">Quel modèle de monte escalier choisir ? Pour vous aider à répondre à cette question, aidez vous avec de la documentation gratuite sur les monte escaliers. Nos partenaires revendeurs peuvent, en effet, vous faire parvenir de la documentation sur les modèles qu&rsquo;ils proposent à la vente et qui vous permettront sans doute d&rsquo;établir une préselection entre les différents modèles que vous pourriez faire poser chez vous.</div>
<div style="text-align:justify; margin-bottom:10px">Ne faites plus la chasse aux prestataires, laissez notre service de mise en relation faire le travail pour vous. C&rsquo;est intégralement gratuit et cela vous permettra d&rsquo;être mis très rapidement en relation avec notre liste de professionnels du monte escalier de Ambarès-et-Lagrave et sa région, sans efforts, ni contraintes&#8230; difficile de vous proposer mieux non?</div>
</div>
<div class="titre_liens">monteescalier.net est également disponible dans les villes suivantes</div>
<div class="boite_liens"><a href="https://www.monteescalier.net/france/monte-escalier-arcachon">Monte escalier Arcachon</a><br />
<a href="https://www.monteescalier.net/france/monte-escalier-andernos-les-bains">Monte escalier Andernos-les-Bains</a><br />
<a href="https://www.monteescalier.net/france/monte-escalier-biganos">Monte escalier Biganos</a><br />
<a href="https://www.monteescalier.net/france/monte-escalier-leognan">Monte escalier Léognan</a><br />
<a href="https://www.monteescalier.net/france/monte-escalier-saint-andre-de-cubzac">Monte escalier Saint-André-de-Cubzac</a>
</div>

<p>Faire le bon choix pour un monte escalier à Ambarès-et-Lagrave Il vous faut mettre en place dans votre maison ou votre duplex un monte escalier à Ambarès-et-Lagrave, problème vous ne savez pas à qui vous adresser. Monteescalier.net va vous donner tous les outils pour faire votre choix. La vocation de ce site consacré entièrement au [&hellip;]</p>

<!-- This site is optimized with the Yoast SEO plugin v26.3 - https://yoast.com/wordpress/plugins/seo/ -->
<title>Monte escalier Ambarès-et-Lagrave - Monte escalier</title>
<meta name="description" content="Vous recherchez un monte-escalier a Ambarès-et-Lagrave - Retrouvez toutes les informations et conditions d&#039;achat auprès de nos partenaires installeurs" />
<meta name="robots" content="index, follow, max-snippet:-1, max-image-preview:large, max-video-preview:-1" />
<link rel="canonical" href="https://www.monteescalier.net/france/monte-escalier-ambares-et-lagrave/" />
<meta property="og:locale" content="fr_FR" />
<meta property="og:type" content="article" />
<meta property="og:title" content="Monte escalier Ambarès-et-Lagrave - Monte escalier" />
<meta property="og:description" content="Vous recherchez un monte-escalier a Ambarès-et-Lagrave - Retrouvez toutes les informations et conditions d&#039;achat auprès de nos partenaires installeurs" />
<meta property="og:url" content="https://www.monteescalier.net/france/monte-escalier-ambares-et-lagrave/" />
<meta property="og:site_name" content="Monte escalier" />
<meta property="article:modified_time" content="2021-11-16T09:17:47+00:00" />
<meta name="twitter:card" content="summary_large_image" />
<meta name="twitter:label1" content="Durée de lecture estimée" />
	<meta name="twitter:data1" content="2 minutes" />
<script type="application/ld+json" class="yoast-schema-graph">{"@context":"https://schema.org","@graph":[{"@type":"WebPage","@id":"https://www.monteescalier.net/france/monte-escalier-ambares-et-lagrave/","url":"https://www.monteescalier.net/france/monte-escalier-ambares-et-lagrave/","name":"Monte escalier Ambarès-et-Lagrave - Monte escalier","isPartOf":{"@id":"https://www.monteescalier.net/france/#website"},"datePublished":"2021-09-26T09:47:19+00:00","dateModified":"2021-11-16T09:17:47+00:00","description":"Vous recherchez un monte-escalier a Ambarès-et-Lagrave - Retrouvez toutes les informations et conditions d'achat auprès de nos partenaires installeurs","breadcrumb":{"@id":"https://www.monteescalier.net/france/monte-escalier-ambares-et-lagrave/#breadcrumb"},"inLanguage":"fr-FR","potentialAction":[{"@type":"ReadAction","target":["https://www.monteescalier.net/france/monte-escalier-ambares-et-lagrave/"]}]},{"@type":"BreadcrumbList","@id":"https://www.monteescalier.net/france/monte-escalier-ambares-et-lagrave/#breadcrumb","itemListElement":[{"@type":"ListItem","position":1,"name":"Accueil","item":"https://www.monteescalier.net/france/"},{"@type":"ListItem","position":2,"name":"Monte escalier Ambarès-et-Lagrave"}]},{"@type":"WebSite","@id":"https://www.monteescalier.net/france/#website","url":"https://www.monteescalier.net/france/","name":"Monte escalier","description":"","publisher":{"@id":"https://www.monteescalier.net/france/#organization"},"potentialAction":[{"@type":"SearchAction","target":{"@type":"EntryPoint","urlTemplate":"https://www.monteescalier.net/france/?s={search_term_string}"},"query-input":{"@type":"PropertyValueSpecification","valueRequired":true,"valueName":"search_term_string"}}],"inLanguage":"fr-FR"},{"@type":"Organization","@id":"https://www.monteescalier.net/france/#organization","name":"monte-escalier.net","url":"https://www.monteescalier.net/france/","logo":{"@type":"ImageObject","inLanguage":"fr-FR","@id":"https://www.monteescalier.net/france/#/schema/logo/image/","url":"https://www.monteescalier.net/france/wp-content/uploads/2016/10/4devis-mont-escalier-500-500.gif","contentUrl":"https://www.monteescalier.net/france/wp-content/uploads/2016/10/4devis-mont-escalier-500-500.gif","width":500,"height":500,"caption":"monte-escalier.net"},"image":{"@id":"https://www.monteescalier.net/france/#/schema/logo/image/"}}]}</script>
<!-- / Yoast SEO plugin. -->

Monte escalier Ambarès-et-Lagrave - Monte escalier

Vous recherchez un monte-escalier a Ambarès-et-Lagrave - Retrouvez toutes les informations et conditions d'achat auprès de nos partenaires installeurs
