{"id":159,"date":"2021-01-02T13:50:06","date_gmt":"2021-01-02T12:50:06","guid":{"rendered":"https:\/\/www.monteescalier.net\/monteescalier\/?page_id=159"},"modified":"2021-05-27T15:17:19","modified_gmt":"2021-05-27T14:17:19","slug":"monte-escalier-pas-de-calais","status":"publish","type":"page","link":"https:\/\/www.monteescalier.net\/france\/monte-escalier-pas-de-calais\/","title":{"rendered":"Monte escalier Pas de Calais, Monte escalier Calais, Saint-Omer, Arras"},"content":{"rendered":"<div class='content-column one_half'><div style=\"padding-right:19px;\"><h1>Faire Installer un monte escalier dans le Pas de Calais<\/h1>\n<p><b>Les vendeurs et acheteurs proche de chez vous :<\/b><br \/>\n<a href=\"https:\/\/www.monteescalier.net\/france\/monte-escalier-calais\/\">Le monte escalier \u00e0 Calais<\/a><br \/>\n<a href=\"https:\/\/www.monteescalier.net\/france\/monte-escalier-saint-omer\/\">Le monte escalier \u00e0 Saint-Omer<\/a><br \/>\n<a href=\"https:\/\/www.monteescalier.net\/france\/monte-escalier-arras\/\">Le monte escalier \u00e0 Arras<\/a><\/p>\n<p style=\"text-align: justify;\">Acheter un monte escalier n&rsquo;est un investissement facile : c&rsquo;est un \u00e9quipement assez co\u00fbteux et l&rsquo;installation du monte escalier dans votre maison pose de nombreuses questions. Voila pourquoi il est capital d&rsquo;avoir le plus d&rsquo;informations possibles et de multiples devis pour effectuer le bon choix.<\/p>\n<p style=\"text-align: justify;\">Dans nos r\u00e9gions, il est parfois d\u00e9licat et fastidieux de trouver les bons installateurs de monte escalier, mais gr\u00e2ce \u00e0 notre site web monteescalier.net, vous allez pouvoir trouver le bon installateur de monte escalier dans le Pas de Calais.<\/p>\n<p style=\"text-align: justify;\">En saisissant une demande de devis sur notre site, vous serez tr\u00e8s rapidement contact\u00e9 par notre s\u00e9lection d&rsquo;installateurs, fabricants et vendeurs de monte escalier travaillant au Pas de Calais.<\/p>\n<p style=\"text-align: justify;\">Alors, que vous souhaitiez installer un monte escalier \u00e0 Calais, Lens, B\u00e9thune, Li\u00e9vin, Arras ou Boulogne sur Mer ou dans une autre commune du Pas de Calais: Berck, Saint Omer, H\u00e9nin Beaumont, Avion, Outreau, Noeuds les mines, Bruay la Buissi\u00e8re et Harne, faites tr\u00e8s vite une demande de devis ou de rappel ou demandez une documentation sur un formulaire de cette page et organisez ainsi au mieux votre achat de monte escalier, tranquillement, gratuitement et sans engagement !<\/p>\n<p>&nbsp;<\/p>\n<div class=\"bouton\" onclick=\"location.href='https:\/\/www.monteescalier.net\/devis-gratuit.php'\">Cliquez ici pour obtenir des devis gratuitement<\/div><\/div><\/div><div class='content-column one_half last_column'><a href=\"https:\/\/www.monteescalier.net\/devis-gratuit.php\" target=\"_blank\" rel=\"noopener noreferrer\"><img loading=\"lazy\" decoding=\"async\" class=\"alignnone size-full img_region\" src=\"https:\/\/www.monteescalier.net\/france\/wp-content\/uploads\/2014\/10\/4devis-monte-escalier-photo-490.png\" alt=\"Pas de Calais\" width=\"507\" height=\"485\" \/><\/a><br \/>\n<img loading=\"lazy\" decoding=\"async\" class=\"alignnone size-full img_region_2\" src=\"https:\/\/www.monteescalier.net\/france\/wp-content\/uploads\/2013\/07\/pasdecalais.jpg\" alt=\"Pas-de-Calais\" width=\"507\" height=\"485\" \/><\/div><div class='clear_column'><\/div><\/p>\n","protected":false},"excerpt":{"rendered":"","protected":false},"author":1,"featured_media":0,"parent":0,"menu_order":0,"comment_status":"open","ping_status":"open","template":"template2.php","meta":{"_monsterinsights_skip_tracking":false,"_monsterinsights_sitenote_active":false,"_monsterinsights_sitenote_note":"","_monsterinsights_sitenote_category":0,"footnotes":""},"class_list":["post-159","page","type-page","status-publish","hentry"],"yoast_head":"<!-- This site is optimized with the Yoast SEO plugin v26.3 - https:\/\/yoast.com\/wordpress\/plugins\/seo\/ -->\n<title>Monte escalier Pas de Calais, Monte escalier Calais, Saint-Omer, Arras - Monte escalier<\/title>\n<meta name=\"robots\" content=\"index, follow, max-snippet:-1, max-image-preview:large, max-video-preview:-1\" \/>\n<link rel=\"canonical\" href=\"https:\/\/www.monteescalier.net\/france\/monte-escalier-pas-de-calais\/\" \/>\n<meta property=\"og:locale\" content=\"fr_FR\" \/>\n<meta property=\"og:type\" content=\"article\" \/>\n<meta property=\"og:title\" content=\"Monte escalier Pas de Calais, Monte escalier Calais, Saint-Omer, Arras - Monte escalier\" \/>\n<meta property=\"og:url\" content=\"https:\/\/www.monteescalier.net\/france\/monte-escalier-pas-de-calais\/\" \/>\n<meta property=\"og:site_name\" content=\"Monte escalier\" \/>\n<meta property=\"article:modified_time\" content=\"2021-05-27T14:17:19+00:00\" \/>\n<meta property=\"og:image\" content=\"https:\/\/www.monteescalier.net\/france\/wp-content\/uploads\/2014\/10\/4devis-monte-escalier-photo-490.png\" \/>\n<meta name=\"twitter:card\" content=\"summary_large_image\" \/>\n<meta name=\"twitter:label1\" content=\"Dur\u00e9e de lecture estim\u00e9e\" \/>\n\t<meta name=\"twitter:data1\" content=\"1 minute\" \/>\n<script type=\"application\/ld+json\" class=\"yoast-schema-graph\">{\"@context\":\"https:\/\/schema.org\",\"@graph\":[{\"@type\":\"WebPage\",\"@id\":\"https:\/\/www.monteescalier.net\/france\/monte-escalier-pas-de-calais\/\",\"url\":\"https:\/\/www.monteescalier.net\/france\/monte-escalier-pas-de-calais\/\",\"name\":\"Monte escalier Pas de Calais, Monte escalier Calais, Saint-Omer, Arras - Monte escalier\",\"isPartOf\":{\"@id\":\"https:\/\/www.monteescalier.net\/france\/#website\"},\"primaryImageOfPage\":{\"@id\":\"https:\/\/www.monteescalier.net\/france\/monte-escalier-pas-de-calais\/#primaryimage\"},\"image\":{\"@id\":\"https:\/\/www.monteescalier.net\/france\/monte-escalier-pas-de-calais\/#primaryimage\"},\"thumbnailUrl\":\"https:\/\/www.monteescalier.net\/france\/wp-content\/uploads\/2014\/10\/4devis-monte-escalier-photo-490.png\",\"datePublished\":\"2021-01-02T12:50:06+00:00\",\"dateModified\":\"2021-05-27T14:17:19+00:00\",\"breadcrumb\":{\"@id\":\"https:\/\/www.monteescalier.net\/france\/monte-escalier-pas-de-calais\/#breadcrumb\"},\"inLanguage\":\"fr-FR\",\"potentialAction\":[{\"@type\":\"ReadAction\",\"target\":[\"https:\/\/www.monteescalier.net\/france\/monte-escalier-pas-de-calais\/\"]}]},{\"@type\":\"ImageObject\",\"inLanguage\":\"fr-FR\",\"@id\":\"https:\/\/www.monteescalier.net\/france\/monte-escalier-pas-de-calais\/#primaryimage\",\"url\":\"https:\/\/www.monteescalier.net\/france\/wp-content\/uploads\/2014\/10\/4devis-monte-escalier-photo-490.png\",\"contentUrl\":\"https:\/\/www.monteescalier.net\/france\/wp-content\/uploads\/2014\/10\/4devis-monte-escalier-photo-490.png\",\"width\":490,\"height\":267},{\"@type\":\"BreadcrumbList\",\"@id\":\"https:\/\/www.monteescalier.net\/france\/monte-escalier-pas-de-calais\/#breadcrumb\",\"itemListElement\":[{\"@type\":\"ListItem\",\"position\":1,\"name\":\"Accueil\",\"item\":\"https:\/\/www.monteescalier.net\/france\/\"},{\"@type\":\"ListItem\",\"position\":2,\"name\":\"Monte escalier Pas de Calais, Monte escalier Calais, Saint-Omer, Arras\"}]},{\"@type\":\"WebSite\",\"@id\":\"https:\/\/www.monteescalier.net\/france\/#website\",\"url\":\"https:\/\/www.monteescalier.net\/france\/\",\"name\":\"Monte escalier\",\"description\":\"\",\"publisher\":{\"@id\":\"https:\/\/www.monteescalier.net\/france\/#organization\"},\"potentialAction\":[{\"@type\":\"SearchAction\",\"target\":{\"@type\":\"EntryPoint\",\"urlTemplate\":\"https:\/\/www.monteescalier.net\/france\/?s={search_term_string}\"},\"query-input\":{\"@type\":\"PropertyValueSpecification\",\"valueRequired\":true,\"valueName\":\"search_term_string\"}}],\"inLanguage\":\"fr-FR\"},{\"@type\":\"Organization\",\"@id\":\"https:\/\/www.monteescalier.net\/france\/#organization\",\"name\":\"monte-escalier.net\",\"url\":\"https:\/\/www.monteescalier.net\/france\/\",\"logo\":{\"@type\":\"ImageObject\",\"inLanguage\":\"fr-FR\",\"@id\":\"https:\/\/www.monteescalier.net\/france\/#\/schema\/logo\/image\/\",\"url\":\"https:\/\/www.monteescalier.net\/france\/wp-content\/uploads\/2016\/10\/4devis-mont-escalier-500-500.gif\",\"contentUrl\":\"https:\/\/www.monteescalier.net\/france\/wp-content\/uploads\/2016\/10\/4devis-mont-escalier-500-500.gif\",\"width\":500,\"height\":500,\"caption\":\"monte-escalier.net\"},\"image\":{\"@id\":\"https:\/\/www.monteescalier.net\/france\/#\/schema\/logo\/image\/\"}}]}<\/script>\n<!-- \/ Yoast SEO plugin. -->","yoast_head_json":{"title":"Monte escalier Pas de Calais, Monte escalier Calais, Saint-Omer, Arras - Monte escalier","robots":{"index":"index","follow":"follow","max-snippet":"max-snippet:-1","max-image-preview":"max-image-preview:large","max-video-preview":"max-video-preview:-1"},"canonical":"https:\/\/www.monteescalier.net\/france\/monte-escalier-pas-de-calais\/","og_locale":"fr_FR","og_type":"article","og_title":"Monte escalier Pas de Calais, Monte escalier Calais, Saint-Omer, Arras - Monte escalier","og_url":"https:\/\/www.monteescalier.net\/france\/monte-escalier-pas-de-calais\/","og_site_name":"Monte escalier","article_modified_time":"2021-05-27T14:17:19+00:00","og_image":[{"url":"https:\/\/www.monteescalier.net\/france\/wp-content\/uploads\/2014\/10\/4devis-monte-escalier-photo-490.png","type":"","width":"","height":""}],"twitter_card":"summary_large_image","twitter_misc":{"Dur\u00e9e de lecture estim\u00e9e":"1 minute"},"schema":{"@context":"https:\/\/schema.org","@graph":[{"@type":"WebPage","@id":"https:\/\/www.monteescalier.net\/france\/monte-escalier-pas-de-calais\/","url":"https:\/\/www.monteescalier.net\/france\/monte-escalier-pas-de-calais\/","name":"Monte escalier Pas de Calais, Monte escalier Calais, Saint-Omer, Arras - Monte escalier","isPartOf":{"@id":"https:\/\/www.monteescalier.net\/france\/#website"},"primaryImageOfPage":{"@id":"https:\/\/www.monteescalier.net\/france\/monte-escalier-pas-de-calais\/#primaryimage"},"image":{"@id":"https:\/\/www.monteescalier.net\/france\/monte-escalier-pas-de-calais\/#primaryimage"},"thumbnailUrl":"https:\/\/www.monteescalier.net\/france\/wp-content\/uploads\/2014\/10\/4devis-monte-escalier-photo-490.png","datePublished":"2021-01-02T12:50:06+00:00","dateModified":"2021-05-27T14:17:19+00:00","breadcrumb":{"@id":"https:\/\/www.monteescalier.net\/france\/monte-escalier-pas-de-calais\/#breadcrumb"},"inLanguage":"fr-FR","potentialAction":[{"@type":"ReadAction","target":["https:\/\/www.monteescalier.net\/france\/monte-escalier-pas-de-calais\/"]}]},{"@type":"ImageObject","inLanguage":"fr-FR","@id":"https:\/\/www.monteescalier.net\/france\/monte-escalier-pas-de-calais\/#primaryimage","url":"https:\/\/www.monteescalier.net\/france\/wp-content\/uploads\/2014\/10\/4devis-monte-escalier-photo-490.png","contentUrl":"https:\/\/www.monteescalier.net\/france\/wp-content\/uploads\/2014\/10\/4devis-monte-escalier-photo-490.png","width":490,"height":267},{"@type":"BreadcrumbList","@id":"https:\/\/www.monteescalier.net\/france\/monte-escalier-pas-de-calais\/#breadcrumb","itemListElement":[{"@type":"ListItem","position":1,"name":"Accueil","item":"https:\/\/www.monteescalier.net\/france\/"},{"@type":"ListItem","position":2,"name":"Monte escalier Pas de Calais, Monte escalier Calais, Saint-Omer, Arras"}]},{"@type":"WebSite","@id":"https:\/\/www.monteescalier.net\/france\/#website","url":"https:\/\/www.monteescalier.net\/france\/","name":"Monte escalier","description":"","publisher":{"@id":"https:\/\/www.monteescalier.net\/france\/#organization"},"potentialAction":[{"@type":"SearchAction","target":{"@type":"EntryPoint","urlTemplate":"https:\/\/www.monteescalier.net\/france\/?s={search_term_string}"},"query-input":{"@type":"PropertyValueSpecification","valueRequired":true,"valueName":"search_term_string"}}],"inLanguage":"fr-FR"},{"@type":"Organization","@id":"https:\/\/www.monteescalier.net\/france\/#organization","name":"monte-escalier.net","url":"https:\/\/www.monteescalier.net\/france\/","logo":{"@type":"ImageObject","inLanguage":"fr-FR","@id":"https:\/\/www.monteescalier.net\/france\/#\/schema\/logo\/image\/","url":"https:\/\/www.monteescalier.net\/france\/wp-content\/uploads\/2016\/10\/4devis-mont-escalier-500-500.gif","contentUrl":"https:\/\/www.monteescalier.net\/france\/wp-content\/uploads\/2016\/10\/4devis-mont-escalier-500-500.gif","width":500,"height":500,"caption":"monte-escalier.net"},"image":{"@id":"https:\/\/www.monteescalier.net\/france\/#\/schema\/logo\/image\/"}}]}},"_links":{"self":[{"href":"https:\/\/www.monteescalier.net\/france\/wp-json\/wp\/v2\/pages\/159","targetHints":{"allow":["GET"]}}],"collection":[{"href":"https:\/\/www.monteescalier.net\/france\/wp-json\/wp\/v2\/pages"}],"about":[{"href":"https:\/\/www.monteescalier.net\/france\/wp-json\/wp\/v2\/types\/page"}],"author":[{"embeddable":true,"href":"https:\/\/www.monteescalier.net\/france\/wp-json\/wp\/v2\/users\/1"}],"replies":[{"embeddable":true,"href":"https:\/\/www.monteescalier.net\/france\/wp-json\/wp\/v2\/comments?post=159"}],"version-history":[{"count":5,"href":"https:\/\/www.monteescalier.net\/france\/wp-json\/wp\/v2\/pages\/159\/revisions"}],"predecessor-version":[{"id":6915,"href":"https:\/\/www.monteescalier.net\/france\/wp-json\/wp\/v2\/pages\/159\/revisions\/6915"}],"wp:attachment":[{"href":"https:\/\/www.monteescalier.net\/france\/wp-json\/wp\/v2\/media?parent=159"}],"curies":[{"name":"wp","href":"https:\/\/api.w.org\/{rel}","templated":true}]}}

<div class='content-column one_half'><div style="padding-right:19px;"><h1>Faire Installer un monte escalier dans le Pas de Calais</h1>
<p><b>Les vendeurs et acheteurs proche de chez vous :</b><br />
<a href="https://www.monteescalier.net/france/monte-escalier-calais/">Le monte escalier à Calais</a><br />
<a href="https://www.monteescalier.net/france/monte-escalier-saint-omer/">Le monte escalier à Saint-Omer</a><br />
<a href="https://www.monteescalier.net/france/monte-escalier-arras/">Le monte escalier à Arras</a></p>
<p style="text-align: justify;">Acheter un monte escalier n&rsquo;est un investissement facile : c&rsquo;est un équipement assez coûteux et l&rsquo;installation du monte escalier dans votre maison pose de nombreuses questions. Voila pourquoi il est capital d&rsquo;avoir le plus d&rsquo;informations possibles et de multiples devis pour effectuer le bon choix.</p>
<p style="text-align: justify;">Dans nos régions, il est parfois délicat et fastidieux de trouver les bons installateurs de monte escalier, mais grâce à notre site web monteescalier.net, vous allez pouvoir trouver le bon installateur de monte escalier dans le Pas de Calais.</p>
<p style="text-align: justify;">En saisissant une demande de devis sur notre site, vous serez très rapidement contacté par notre sélection d&rsquo;installateurs, fabricants et vendeurs de monte escalier travaillant au Pas de Calais.</p>
<p style="text-align: justify;">Alors, que vous souhaitiez installer un monte escalier à Calais, Lens, Béthune, Liévin, Arras ou Boulogne sur Mer ou dans une autre commune du Pas de Calais: Berck, Saint Omer, Hénin Beaumont, Avion, Outreau, Noeuds les mines, Bruay la Buissière et Harne, faites très vite une demande de devis ou de rappel ou demandez une documentation sur un formulaire de cette page et organisez ainsi au mieux votre achat de monte escalier, tranquillement, gratuitement et sans engagement !</p>
<p>&nbsp;</p>
<div class="bouton" onclick="location.href='https://www.monteescalier.net/devis-gratuit.php'">Cliquez ici pour obtenir des devis gratuitement</div></div></div><div class='content-column one_half last_column'><a href="https://www.monteescalier.net/devis-gratuit.php" target="_blank" rel="noopener noreferrer"><img loading="lazy" decoding="async" class="alignnone size-full img_region" src="https://www.monteescalier.net/france/wp-content/uploads/2014/10/4devis-monte-escalier-photo-490.png" alt="Pas de Calais" width="507" height="485" /></a><br />
<img loading="lazy" decoding="async" class="alignnone size-full img_region_2" src="https://www.monteescalier.net/france/wp-content/uploads/2013/07/pasdecalais.jpg" alt="Pas-de-Calais" width="507" height="485" /></div><div class='clear_column'></div></p>

<!-- This site is optimized with the Yoast SEO plugin v26.3 - https://yoast.com/wordpress/plugins/seo/ -->
<title>Monte escalier Pas de Calais, Monte escalier Calais, Saint-Omer, Arras - Monte escalier</title>
<meta name="robots" content="index, follow, max-snippet:-1, max-image-preview:large, max-video-preview:-1" />
<link rel="canonical" href="https://www.monteescalier.net/france/monte-escalier-pas-de-calais/" />
<meta property="og:locale" content="fr_FR" />
<meta property="og:type" content="article" />
<meta property="og:title" content="Monte escalier Pas de Calais, Monte escalier Calais, Saint-Omer, Arras - Monte escalier" />
<meta property="og:url" content="https://www.monteescalier.net/france/monte-escalier-pas-de-calais/" />
<meta property="og:site_name" content="Monte escalier" />
<meta property="article:modified_time" content="2021-05-27T14:17:19+00:00" />
<meta property="og:image" content="https://www.monteescalier.net/france/wp-content/uploads/2014/10/4devis-monte-escalier-photo-490.png" />
<meta name="twitter:card" content="summary_large_image" />
<meta name="twitter:label1" content="Durée de lecture estimée" />
	<meta name="twitter:data1" content="1 minute" />
<script type="application/ld+json" class="yoast-schema-graph">{"@context":"https://schema.org","@graph":[{"@type":"WebPage","@id":"https://www.monteescalier.net/france/monte-escalier-pas-de-calais/","url":"https://www.monteescalier.net/france/monte-escalier-pas-de-calais/","name":"Monte escalier Pas de Calais, Monte escalier Calais, Saint-Omer, Arras - Monte escalier","isPartOf":{"@id":"https://www.monteescalier.net/france/#website"},"primaryImageOfPage":{"@id":"https://www.monteescalier.net/france/monte-escalier-pas-de-calais/#primaryimage"},"image":{"@id":"https://www.monteescalier.net/france/monte-escalier-pas-de-calais/#primaryimage"},"thumbnailUrl":"https://www.monteescalier.net/france/wp-content/uploads/2014/10/4devis-monte-escalier-photo-490.png","datePublished":"2021-01-02T12:50:06+00:00","dateModified":"2021-05-27T14:17:19+00:00","breadcrumb":{"@id":"https://www.monteescalier.net/france/monte-escalier-pas-de-calais/#breadcrumb"},"inLanguage":"fr-FR","potentialAction":[{"@type":"ReadAction","target":["https://www.monteescalier.net/france/monte-escalier-pas-de-calais/"]}]},{"@type":"ImageObject","inLanguage":"fr-FR","@id":"https://www.monteescalier.net/france/monte-escalier-pas-de-calais/#primaryimage","url":"https://www.monteescalier.net/france/wp-content/uploads/2014/10/4devis-monte-escalier-photo-490.png","contentUrl":"https://www.monteescalier.net/france/wp-content/uploads/2014/10/4devis-monte-escalier-photo-490.png","width":490,"height":267},{"@type":"BreadcrumbList","@id":"https://www.monteescalier.net/france/monte-escalier-pas-de-calais/#breadcrumb","itemListElement":[{"@type":"ListItem","position":1,"name":"Accueil","item":"https://www.monteescalier.net/france/"},{"@type":"ListItem","position":2,"name":"Monte escalier Pas de Calais, Monte escalier Calais, Saint-Omer, Arras"}]},{"@type":"WebSite","@id":"https://www.monteescalier.net/france/#website","url":"https://www.monteescalier.net/france/","name":"Monte escalier","description":"","publisher":{"@id":"https://www.monteescalier.net/france/#organization"},"potentialAction":[{"@type":"SearchAction","target":{"@type":"EntryPoint","urlTemplate":"https://www.monteescalier.net/france/?s={search_term_string}"},"query-input":{"@type":"PropertyValueSpecification","valueRequired":true,"valueName":"search_term_string"}}],"inLanguage":"fr-FR"},{"@type":"Organization","@id":"https://www.monteescalier.net/france/#organization","name":"monte-escalier.net","url":"https://www.monteescalier.net/france/","logo":{"@type":"ImageObject","inLanguage":"fr-FR","@id":"https://www.monteescalier.net/france/#/schema/logo/image/","url":"https://www.monteescalier.net/france/wp-content/uploads/2016/10/4devis-mont-escalier-500-500.gif","contentUrl":"https://www.monteescalier.net/france/wp-content/uploads/2016/10/4devis-mont-escalier-500-500.gif","width":500,"height":500,"caption":"monte-escalier.net"},"image":{"@id":"https://www.monteescalier.net/france/#/schema/logo/image/"}}]}</script>
<!-- / Yoast SEO plugin. -->
