{"id":2174,"date":"2013-09-26T10:47:28","date_gmt":"2013-09-26T10:47:28","guid":{"rendered":"https:\/\/www.monteescalier.net\/france\/?page_id=2174"},"modified":"2017-08-24T14:06:09","modified_gmt":"2017-08-24T13:06:09","slug":"monte-escalier-aulnoy-lez-valenciennes","status":"publish","type":"page","link":"https:\/\/www.monteescalier.net\/france\/monte-escalier-aulnoy-lez-valenciennes\/","title":{"rendered":"Monte escalier Aulnoy-lez-Valenciennes"},"content":{"rendered":"<h1>Les vendeurs de monte escalier \u00e0 Aulnoy-lez-Valenciennes<\/h1>\n<div class=\"boite_texte\">\n<div style=\"text-align: justify; margin-bottom: 10px;\">Faire poser un monte escalier dans votre maison \u00e0 Aulnoy-lez-Valenciennes, c&rsquo;est facile, de nombreux installateurs se bousculeront pour le faire. Mais comment trouver le meilleur rapport qualit\u00e9 prix, pour \u00e7a le site monteescalier.net a la solution : 4 devis avec une seule demande.<\/div>\n<div style=\"text-align: justify; margin-bottom: 10px;\">Nous sommes des interm\u00e9diaires entre vous et les revendeurs de monte escalier sur Aulnoy-lez-Valenciennes. Nous pouvons donc vous mettre en relation tr\u00e8s rapidement et gratuitement avec les principaux vendeurs de monte escalier du d\u00e9partement du Nord.<\/div>\n<div style=\"text-align: justify; margin-bottom: 10px;\">Le premier service que nous vous proposons gratuitement est la demande de devis gratuit. Et ce n&rsquo;est pas un devis que vous recevrez en remplissant un formulaire sur notre site mais 4 ou 5 propositions fermes \u00e9manant de professionnels du monte escalier d&rsquo;Aulnoy-lez-Valenciennes.<\/div>\n<div style=\"text-align: justify; margin-bottom: 10px;\">Avant de passer commande d&rsquo;un monte escalier, vous d\u00e9sirez en parler au t\u00e9l\u00e9phone avec plusieurs experts. Dans ce cas, utilisez notre demande de rappel, et nos partenaires experts du monte escalier vous rappelleront dans les plus brefs d\u00e9lais pour discuter de votre projet.<\/div>\n<div style=\"text-align: justify; margin-bottom: 10px;\">Vous voulez choisir son mod\u00e8le de monte escalier directement de chez vous ? C&rsquo;est possible avec monteescalier.net. Remplissez directement un formulaire de demande de documentation sur notre site et vous recevrez toute la documentation n\u00e9cessaire sur les mod\u00e8les de monte escalier commercialis\u00e9s par nos professionnels partenaires.<\/div>\n<div style=\"text-align: justify; margin-bottom: 10px;\">Il est important de pr\u00e9ciser que tous nos services sont totalement gratuits pour les acqu\u00e9reurs potentiels de monte escalier. N&rsquo;h\u00e9sitez pas \u00e0 remplir un formulaire, c&rsquo;est \u00e9galement sans engagement.<\/div>\n<\/div>\n<div class=\"titre_liens\">Nous sommes \u00e9galement pr\u00e9sent dans les communes suivantes :<\/div>\n<div class=\"boite_liens\"><a href=\"https:\/\/www.monteescalier.net\/france\/monte-escalier-teteghem\">Monte escalier T\u00e9teghem<\/a><br \/>\n<a href=\"https:\/\/www.monteescalier.net\/france\/monte-escalier-feignies\">Monte escalier Feignies<\/a><br \/>\n<a href=\"https:\/\/www.monteescalier.net\/france\/monte-escalier-le-cateau-cambresis\">Monte escalier Cateau-Cambr\u00e9sis<\/a><br \/>\n<a href=\"https:\/\/www.monteescalier.net\/france\/monte-escalier-quesnoy-sur-deule\">Monte escalier Quesnoy-sur-De\u00fble<\/a><br \/>\n<a href=\"https:\/\/www.monteescalier.net\/france\/monte-escalier-beuvrages\">Monte escalier Beuvrages<\/a><\/div>\n","protected":false},"excerpt":{"rendered":"<p>Les vendeurs de monte escalier \u00e0 Aulnoy-lez-Valenciennes Faire poser un monte escalier dans votre maison \u00e0 Aulnoy-lez-Valenciennes, c&rsquo;est facile, de nombreux installateurs se bousculeront pour le faire. Mais comment trouver le meilleur rapport qualit\u00e9 prix, pour \u00e7a le site monteescalier.net a la solution : 4 devis avec une seule demande. Nous sommes des interm\u00e9diaires entre [&hellip;]<\/p>\n","protected":false},"author":1,"featured_media":0,"parent":0,"menu_order":0,"comment_status":"closed","ping_status":"open","template":"","meta":{"_monsterinsights_skip_tracking":false,"_monsterinsights_sitenote_active":false,"_monsterinsights_sitenote_note":"","_monsterinsights_sitenote_category":0,"footnotes":""},"class_list":["post-2174","page","type-page","status-publish","hentry"],"yoast_head":"<!-- This site is optimized with the Yoast SEO plugin v26.3 - https:\/\/yoast.com\/wordpress\/plugins\/seo\/ -->\n<title>Monte escalier Aulnoy-lez-Valenciennes - Monte escalier<\/title>\n<meta name=\"robots\" content=\"index, follow, max-snippet:-1, max-image-preview:large, max-video-preview:-1\" \/>\n<link rel=\"canonical\" href=\"https:\/\/www.monteescalier.net\/france\/monte-escalier-aulnoy-lez-valenciennes\/\" \/>\n<meta property=\"og:locale\" content=\"fr_FR\" \/>\n<meta property=\"og:type\" content=\"article\" \/>\n<meta property=\"og:title\" content=\"Monte escalier Aulnoy-lez-Valenciennes - Monte escalier\" \/>\n<meta property=\"og:description\" content=\"Les vendeurs de monte escalier \u00e0 Aulnoy-lez-Valenciennes Faire poser un monte escalier dans votre maison \u00e0 Aulnoy-lez-Valenciennes, c&rsquo;est facile, de nombreux installateurs se bousculeront pour le faire. Mais comment trouver le meilleur rapport qualit\u00e9 prix, pour \u00e7a le site monteescalier.net a la solution : 4 devis avec une seule demande. Nous sommes des interm\u00e9diaires entre [&hellip;]\" \/>\n<meta property=\"og:url\" content=\"https:\/\/www.monteescalier.net\/france\/monte-escalier-aulnoy-lez-valenciennes\/\" \/>\n<meta property=\"og:site_name\" content=\"Monte escalier\" \/>\n<meta property=\"article:modified_time\" content=\"2017-08-24T13:06:09+00:00\" \/>\n<meta name=\"twitter:card\" content=\"summary_large_image\" \/>\n<meta name=\"twitter:label1\" content=\"Dur\u00e9e de lecture estim\u00e9e\" \/>\n\t<meta name=\"twitter:data1\" content=\"1 minute\" \/>\n<script type=\"application\/ld+json\" class=\"yoast-schema-graph\">{\"@context\":\"https:\/\/schema.org\",\"@graph\":[{\"@type\":\"WebPage\",\"@id\":\"https:\/\/www.monteescalier.net\/france\/monte-escalier-aulnoy-lez-valenciennes\/\",\"url\":\"https:\/\/www.monteescalier.net\/france\/monte-escalier-aulnoy-lez-valenciennes\/\",\"name\":\"Monte escalier Aulnoy-lez-Valenciennes - Monte escalier\",\"isPartOf\":{\"@id\":\"https:\/\/www.monteescalier.net\/france\/#website\"},\"datePublished\":\"2013-09-26T10:47:28+00:00\",\"dateModified\":\"2017-08-24T13:06:09+00:00\",\"breadcrumb\":{\"@id\":\"https:\/\/www.monteescalier.net\/france\/monte-escalier-aulnoy-lez-valenciennes\/#breadcrumb\"},\"inLanguage\":\"fr-FR\",\"potentialAction\":[{\"@type\":\"ReadAction\",\"target\":[\"https:\/\/www.monteescalier.net\/france\/monte-escalier-aulnoy-lez-valenciennes\/\"]}]},{\"@type\":\"BreadcrumbList\",\"@id\":\"https:\/\/www.monteescalier.net\/france\/monte-escalier-aulnoy-lez-valenciennes\/#breadcrumb\",\"itemListElement\":[{\"@type\":\"ListItem\",\"position\":1,\"name\":\"Accueil\",\"item\":\"https:\/\/www.monteescalier.net\/france\/\"},{\"@type\":\"ListItem\",\"position\":2,\"name\":\"Monte escalier Aulnoy-lez-Valenciennes\"}]},{\"@type\":\"WebSite\",\"@id\":\"https:\/\/www.monteescalier.net\/france\/#website\",\"url\":\"https:\/\/www.monteescalier.net\/france\/\",\"name\":\"Monte escalier\",\"description\":\"\",\"publisher\":{\"@id\":\"https:\/\/www.monteescalier.net\/france\/#organization\"},\"potentialAction\":[{\"@type\":\"SearchAction\",\"target\":{\"@type\":\"EntryPoint\",\"urlTemplate\":\"https:\/\/www.monteescalier.net\/france\/?s={search_term_string}\"},\"query-input\":{\"@type\":\"PropertyValueSpecification\",\"valueRequired\":true,\"valueName\":\"search_term_string\"}}],\"inLanguage\":\"fr-FR\"},{\"@type\":\"Organization\",\"@id\":\"https:\/\/www.monteescalier.net\/france\/#organization\",\"name\":\"monte-escalier.net\",\"url\":\"https:\/\/www.monteescalier.net\/france\/\",\"logo\":{\"@type\":\"ImageObject\",\"inLanguage\":\"fr-FR\",\"@id\":\"https:\/\/www.monteescalier.net\/france\/#\/schema\/logo\/image\/\",\"url\":\"https:\/\/www.monteescalier.net\/france\/wp-content\/uploads\/2016\/10\/4devis-mont-escalier-500-500.gif\",\"contentUrl\":\"https:\/\/www.monteescalier.net\/france\/wp-content\/uploads\/2016\/10\/4devis-mont-escalier-500-500.gif\",\"width\":500,\"height\":500,\"caption\":\"monte-escalier.net\"},\"image\":{\"@id\":\"https:\/\/www.monteescalier.net\/france\/#\/schema\/logo\/image\/\"}}]}<\/script>\n<!-- \/ Yoast SEO plugin. -->","yoast_head_json":{"title":"Monte escalier Aulnoy-lez-Valenciennes - Monte escalier","robots":{"index":"index","follow":"follow","max-snippet":"max-snippet:-1","max-image-preview":"max-image-preview:large","max-video-preview":"max-video-preview:-1"},"canonical":"https:\/\/www.monteescalier.net\/france\/monte-escalier-aulnoy-lez-valenciennes\/","og_locale":"fr_FR","og_type":"article","og_title":"Monte escalier Aulnoy-lez-Valenciennes - Monte escalier","og_description":"Les vendeurs de monte escalier \u00e0 Aulnoy-lez-Valenciennes Faire poser un monte escalier dans votre maison \u00e0 Aulnoy-lez-Valenciennes, c&rsquo;est facile, de nombreux installateurs se bousculeront pour le faire. Mais comment trouver le meilleur rapport qualit\u00e9 prix, pour \u00e7a le site monteescalier.net a la solution : 4 devis avec une seule demande. Nous sommes des interm\u00e9diaires entre [&hellip;]","og_url":"https:\/\/www.monteescalier.net\/france\/monte-escalier-aulnoy-lez-valenciennes\/","og_site_name":"Monte escalier","article_modified_time":"2017-08-24T13:06:09+00:00","twitter_card":"summary_large_image","twitter_misc":{"Dur\u00e9e de lecture estim\u00e9e":"1 minute"},"schema":{"@context":"https:\/\/schema.org","@graph":[{"@type":"WebPage","@id":"https:\/\/www.monteescalier.net\/france\/monte-escalier-aulnoy-lez-valenciennes\/","url":"https:\/\/www.monteescalier.net\/france\/monte-escalier-aulnoy-lez-valenciennes\/","name":"Monte escalier Aulnoy-lez-Valenciennes - Monte escalier","isPartOf":{"@id":"https:\/\/www.monteescalier.net\/france\/#website"},"datePublished":"2013-09-26T10:47:28+00:00","dateModified":"2017-08-24T13:06:09+00:00","breadcrumb":{"@id":"https:\/\/www.monteescalier.net\/france\/monte-escalier-aulnoy-lez-valenciennes\/#breadcrumb"},"inLanguage":"fr-FR","potentialAction":[{"@type":"ReadAction","target":["https:\/\/www.monteescalier.net\/france\/monte-escalier-aulnoy-lez-valenciennes\/"]}]},{"@type":"BreadcrumbList","@id":"https:\/\/www.monteescalier.net\/france\/monte-escalier-aulnoy-lez-valenciennes\/#breadcrumb","itemListElement":[{"@type":"ListItem","position":1,"name":"Accueil","item":"https:\/\/www.monteescalier.net\/france\/"},{"@type":"ListItem","position":2,"name":"Monte escalier Aulnoy-lez-Valenciennes"}]},{"@type":"WebSite","@id":"https:\/\/www.monteescalier.net\/france\/#website","url":"https:\/\/www.monteescalier.net\/france\/","name":"Monte escalier","description":"","publisher":{"@id":"https:\/\/www.monteescalier.net\/france\/#organization"},"potentialAction":[{"@type":"SearchAction","target":{"@type":"EntryPoint","urlTemplate":"https:\/\/www.monteescalier.net\/france\/?s={search_term_string}"},"query-input":{"@type":"PropertyValueSpecification","valueRequired":true,"valueName":"search_term_string"}}],"inLanguage":"fr-FR"},{"@type":"Organization","@id":"https:\/\/www.monteescalier.net\/france\/#organization","name":"monte-escalier.net","url":"https:\/\/www.monteescalier.net\/france\/","logo":{"@type":"ImageObject","inLanguage":"fr-FR","@id":"https:\/\/www.monteescalier.net\/france\/#\/schema\/logo\/image\/","url":"https:\/\/www.monteescalier.net\/france\/wp-content\/uploads\/2016\/10\/4devis-mont-escalier-500-500.gif","contentUrl":"https:\/\/www.monteescalier.net\/france\/wp-content\/uploads\/2016\/10\/4devis-mont-escalier-500-500.gif","width":500,"height":500,"caption":"monte-escalier.net"},"image":{"@id":"https:\/\/www.monteescalier.net\/france\/#\/schema\/logo\/image\/"}}]}},"_links":{"self":[{"href":"https:\/\/www.monteescalier.net\/france\/wp-json\/wp\/v2\/pages\/2174","targetHints":{"allow":["GET"]}}],"collection":[{"href":"https:\/\/www.monteescalier.net\/france\/wp-json\/wp\/v2\/pages"}],"about":[{"href":"https:\/\/www.monteescalier.net\/france\/wp-json\/wp\/v2\/types\/page"}],"author":[{"embeddable":true,"href":"https:\/\/www.monteescalier.net\/france\/wp-json\/wp\/v2\/users\/1"}],"replies":[{"embeddable":true,"href":"https:\/\/www.monteescalier.net\/france\/wp-json\/wp\/v2\/comments?post=2174"}],"version-history":[{"count":3,"href":"https:\/\/www.monteescalier.net\/france\/wp-json\/wp\/v2\/pages\/2174\/revisions"}],"predecessor-version":[{"id":7965,"href":"https:\/\/www.monteescalier.net\/france\/wp-json\/wp\/v2\/pages\/2174\/revisions\/7965"}],"wp:attachment":[{"href":"https:\/\/www.monteescalier.net\/france\/wp-json\/wp\/v2\/media?parent=2174"}],"curies":[{"name":"wp","href":"https:\/\/api.w.org\/{rel}","templated":true}]}}

<h1>Les vendeurs de monte escalier à Aulnoy-lez-Valenciennes</h1>
<div class="boite_texte">
<div style="text-align: justify; margin-bottom: 10px;">Faire poser un monte escalier dans votre maison à Aulnoy-lez-Valenciennes, c&rsquo;est facile, de nombreux installateurs se bousculeront pour le faire. Mais comment trouver le meilleur rapport qualité prix, pour ça le site monteescalier.net a la solution : 4 devis avec une seule demande.</div>
<div style="text-align: justify; margin-bottom: 10px;">Nous sommes des intermédiaires entre vous et les revendeurs de monte escalier sur Aulnoy-lez-Valenciennes. Nous pouvons donc vous mettre en relation très rapidement et gratuitement avec les principaux vendeurs de monte escalier du département du Nord.</div>
<div style="text-align: justify; margin-bottom: 10px;">Le premier service que nous vous proposons gratuitement est la demande de devis gratuit. Et ce n&rsquo;est pas un devis que vous recevrez en remplissant un formulaire sur notre site mais 4 ou 5 propositions fermes émanant de professionnels du monte escalier d&rsquo;Aulnoy-lez-Valenciennes.</div>
<div style="text-align: justify; margin-bottom: 10px;">Avant de passer commande d&rsquo;un monte escalier, vous désirez en parler au téléphone avec plusieurs experts. Dans ce cas, utilisez notre demande de rappel, et nos partenaires experts du monte escalier vous rappelleront dans les plus brefs délais pour discuter de votre projet.</div>
<div style="text-align: justify; margin-bottom: 10px;">Vous voulez choisir son modèle de monte escalier directement de chez vous ? C&rsquo;est possible avec monteescalier.net. Remplissez directement un formulaire de demande de documentation sur notre site et vous recevrez toute la documentation nécessaire sur les modèles de monte escalier commercialisés par nos professionnels partenaires.</div>
<div style="text-align: justify; margin-bottom: 10px;">Il est important de préciser que tous nos services sont totalement gratuits pour les acquéreurs potentiels de monte escalier. N&rsquo;hésitez pas à remplir un formulaire, c&rsquo;est également sans engagement.</div>
</div>
<div class="titre_liens">Nous sommes également présent dans les communes suivantes :</div>
<div class="boite_liens"><a href="https://www.monteescalier.net/france/monte-escalier-teteghem">Monte escalier Téteghem</a><br />
<a href="https://www.monteescalier.net/france/monte-escalier-feignies">Monte escalier Feignies</a><br />
<a href="https://www.monteescalier.net/france/monte-escalier-le-cateau-cambresis">Monte escalier Cateau-Cambrésis</a><br />
<a href="https://www.monteescalier.net/france/monte-escalier-quesnoy-sur-deule">Monte escalier Quesnoy-sur-Deûle</a><br />
<a href="https://www.monteescalier.net/france/monte-escalier-beuvrages">Monte escalier Beuvrages</a></div>

<p>Les vendeurs de monte escalier à Aulnoy-lez-Valenciennes Faire poser un monte escalier dans votre maison à Aulnoy-lez-Valenciennes, c&rsquo;est facile, de nombreux installateurs se bousculeront pour le faire. Mais comment trouver le meilleur rapport qualité prix, pour ça le site monteescalier.net a la solution : 4 devis avec une seule demande. Nous sommes des intermédiaires entre [&hellip;]</p>

<!-- This site is optimized with the Yoast SEO plugin v26.3 - https://yoast.com/wordpress/plugins/seo/ -->
<title>Monte escalier Aulnoy-lez-Valenciennes - Monte escalier</title>
<meta name="robots" content="index, follow, max-snippet:-1, max-image-preview:large, max-video-preview:-1" />
<link rel="canonical" href="https://www.monteescalier.net/france/monte-escalier-aulnoy-lez-valenciennes/" />
<meta property="og:locale" content="fr_FR" />
<meta property="og:type" content="article" />
<meta property="og:title" content="Monte escalier Aulnoy-lez-Valenciennes - Monte escalier" />
<meta property="og:description" content="Les vendeurs de monte escalier à Aulnoy-lez-Valenciennes Faire poser un monte escalier dans votre maison à Aulnoy-lez-Valenciennes, c&rsquo;est facile, de nombreux installateurs se bousculeront pour le faire. Mais comment trouver le meilleur rapport qualité prix, pour ça le site monteescalier.net a la solution : 4 devis avec une seule demande. Nous sommes des intermédiaires entre [&hellip;]" />
<meta property="og:url" content="https://www.monteescalier.net/france/monte-escalier-aulnoy-lez-valenciennes/" />
<meta property="og:site_name" content="Monte escalier" />
<meta property="article:modified_time" content="2017-08-24T13:06:09+00:00" />
<meta name="twitter:card" content="summary_large_image" />
<meta name="twitter:label1" content="Durée de lecture estimée" />
	<meta name="twitter:data1" content="1 minute" />
<script type="application/ld+json" class="yoast-schema-graph">{"@context":"https://schema.org","@graph":[{"@type":"WebPage","@id":"https://www.monteescalier.net/france/monte-escalier-aulnoy-lez-valenciennes/","url":"https://www.monteescalier.net/france/monte-escalier-aulnoy-lez-valenciennes/","name":"Monte escalier Aulnoy-lez-Valenciennes - Monte escalier","isPartOf":{"@id":"https://www.monteescalier.net/france/#website"},"datePublished":"2013-09-26T10:47:28+00:00","dateModified":"2017-08-24T13:06:09+00:00","breadcrumb":{"@id":"https://www.monteescalier.net/france/monte-escalier-aulnoy-lez-valenciennes/#breadcrumb"},"inLanguage":"fr-FR","potentialAction":[{"@type":"ReadAction","target":["https://www.monteescalier.net/france/monte-escalier-aulnoy-lez-valenciennes/"]}]},{"@type":"BreadcrumbList","@id":"https://www.monteescalier.net/france/monte-escalier-aulnoy-lez-valenciennes/#breadcrumb","itemListElement":[{"@type":"ListItem","position":1,"name":"Accueil","item":"https://www.monteescalier.net/france/"},{"@type":"ListItem","position":2,"name":"Monte escalier Aulnoy-lez-Valenciennes"}]},{"@type":"WebSite","@id":"https://www.monteescalier.net/france/#website","url":"https://www.monteescalier.net/france/","name":"Monte escalier","description":"","publisher":{"@id":"https://www.monteescalier.net/france/#organization"},"potentialAction":[{"@type":"SearchAction","target":{"@type":"EntryPoint","urlTemplate":"https://www.monteescalier.net/france/?s={search_term_string}"},"query-input":{"@type":"PropertyValueSpecification","valueRequired":true,"valueName":"search_term_string"}}],"inLanguage":"fr-FR"},{"@type":"Organization","@id":"https://www.monteescalier.net/france/#organization","name":"monte-escalier.net","url":"https://www.monteescalier.net/france/","logo":{"@type":"ImageObject","inLanguage":"fr-FR","@id":"https://www.monteescalier.net/france/#/schema/logo/image/","url":"https://www.monteescalier.net/france/wp-content/uploads/2016/10/4devis-mont-escalier-500-500.gif","contentUrl":"https://www.monteescalier.net/france/wp-content/uploads/2016/10/4devis-mont-escalier-500-500.gif","width":500,"height":500,"caption":"monte-escalier.net"},"image":{"@id":"https://www.monteescalier.net/france/#/schema/logo/image/"}}]}</script>
<!-- / Yoast SEO plugin. -->

Les vendeurs de monte escalier à Aulnoy-lez-Valenciennes Faire poser un monte escalier dans votre maison à Aulnoy-lez-Valenciennes, c&rsquo;est facile, de nombreux installateurs se bousculeront pour le faire. Mais comment trouver le meilleur rapport qualité prix, pour ça le site monteescalier.net a la solution : 4 devis avec une seule demande. Nous sommes des intermédiaires entre [&hellip;]
