{"id":267,"date":"2023-07-23T11:49:29","date_gmt":"2023-07-23T10:49:29","guid":{"rendered":"https:\/\/www.monteescalier.net\/france\/?page_id=267"},"modified":"2024-05-15T16:18:28","modified_gmt":"2024-05-15T15:18:28","slug":"monte-escalier-cote-dor","status":"publish","type":"page","link":"https:\/\/www.monteescalier.net\/france\/monte-escalier-cote-dor\/","title":{"rendered":"Monte escalier C\u00f4te-d&rsquo;Or, Monte escalier Dijon"},"content":{"rendered":"<p>[wpcol_1half id=\u00a0\u00bb\u00a0\u00bb class=\u00a0\u00bb\u00a0\u00bb style=\u00a0\u00bb\u00a0\u00bb]<\/p>\n<h1>En C\u00f4te d&rsquo;Or faites le bon choix pour votre monte escalier<\/h1>\n<p><b>A proximit\u00e9 des principales villes :<\/b><br \/>\n<a href=\"https:\/\/www.monteescalier.net\/france\/monte-escalier-dijon\/\">Des monte escaliers \u00e0 Dijon<\/a><br \/>\n<a href=\"https:\/\/www.monteescalier.net\/france\/monte-escalier-montbard\/\">Des monte escaliers \u00e0 Montbard<\/a><br \/>\n<a href=\"https:\/\/www.monteescalier.net\/france\/monte-escalier-beaune\/\">Des monte escaliers \u00e0 Beaune<\/a><\/p>\n<p style=\"text-align: justify;\">Il est parfois important d&rsquo;installer un monte-escaliers chez soit, pour faire face \u00e0 un probl\u00e8me d&rsquo;autonomie, ou tout simplement pour ne pas risquer une chute dans les escaliers, avec les cons\u00e9quences que l&rsquo;on conna\u00eet.<\/p>\n<p style=\"text-align: justify;\">Monteescalier.net vous propose de r\u00e9unir gratuitement pour vous les meilleurs experts du monte escalier en C\u00f4te d&rsquo;or pour r\u00e9ussir votre projet monte escalier. A Dijon, Talant Chen\u00f4ve, Beaune, Quetigny, Fontaine les Dijon, Chevigny Saint Sauveur et Auxonne, les revendeurs de monte escalier que nous avons choisis pour vous sont \u00e0 m\u00eame de vous proposer leurs services, sur simple demande effectu\u00e9e sur ce site : c&rsquo;est simple et gratuit. Une seule demande vous am\u00e8nera automatiquement plusieurs devis de diff\u00e9rents prestataires avec diff\u00e9rents marques et mod\u00e8les.<\/p>\n<p style=\"text-align: justify;\">Les agglom\u00e9rations plus petites sont aussi concern\u00e9es par notre offre de service car si vous habitez \u00e0 Gevrey Chambertin, Marsannay la C\u00f4te, Montbard, Saint Apollinaire, Genlis, Nuits saint Georges Chatillon sur Seine ou Is sur Tille, vous pouvez \u00e9galement b\u00e9n\u00e9ficier de devis gratuits, de documentation gratuite ou \u00eatre rappel\u00e9 gratuitement pour \u00e9voquer avec plusieurs conseillers votre projet de monte escalier.<\/p>\n<p style=\"text-align: justify;\">En r\u00e9sum\u00e9, pour l&rsquo;installation de votre monte escalier en C\u00f4te d&rsquo;Or faites confiance \u00e0 monteescalier.net et ses prestataires pr\u00e9s\u00e9lectionn\u00e9s : vous aurez le choix et plus important encore, rappelez vous que c&rsquo;est sans engagement !<\/p>\n<p>&nbsp;<\/p>\n<div class=\"bouton\">Cliquez ici pour recevoir vos devis totalement gratuits<\/div>\n<p>[\/wpcol_1half] [wpcol_1half_end id=\u00a0\u00bb\u00a0\u00bb class=\u00a0\u00bb\u00a0\u00bb style=\u00a0\u00bb\u00a0\u00bb][\/wpcol_1half_end]<\/p>\n<p><img loading=\"lazy\" decoding=\"async\" class=\"alignnone size-full img_region_2\" src=\"https:\/\/www.monteescalier.net\/france\/wp-content\/uploads\/2013\/07\/cotedor.jpg\" alt=\"monte escalier cote d or\" width=\"507\" height=\"485\" \/><\/p>\n","protected":false},"excerpt":{"rendered":"<p>[wpcol_1half id=\u00a0\u00bb\u00a0\u00bb class=\u00a0\u00bb\u00a0\u00bb style=\u00a0\u00bb\u00a0\u00bb] En C\u00f4te d&rsquo;Or faites le bon choix pour votre monte escalier A proximit\u00e9 des principales villes : Des monte escaliers \u00e0 Dijon Des monte escaliers \u00e0 Montbard Des monte escaliers \u00e0 Beaune Il est parfois important d&rsquo;installer un monte-escaliers chez soit, pour faire face \u00e0 un probl\u00e8me d&rsquo;autonomie, ou tout simplement [&hellip;]<\/p>\n","protected":false},"author":1,"featured_media":0,"parent":0,"menu_order":0,"comment_status":"open","ping_status":"closed","template":"template_ville_4.php","meta":{"_monsterinsights_skip_tracking":false,"_monsterinsights_sitenote_active":false,"_monsterinsights_sitenote_note":"","_monsterinsights_sitenote_category":0,"footnotes":""},"class_list":["post-267","page","type-page","status-publish","hentry"],"yoast_head":"<!-- This site is optimized with the Yoast SEO plugin v26.3 - https:\/\/yoast.com\/wordpress\/plugins\/seo\/ -->\n<title>Monte escalier C\u00f4te-d&#039;Or, Monte escalier Dijon - Monte escalier<\/title>\n<meta name=\"description\" content=\"Trouvez votre monte-escaliers gr\u00e2ce a nos partenaires installeurs en Cote-D&#039;or, Dijon, Montbard, Beaune.\" \/>\n<meta name=\"robots\" content=\"index, follow, max-snippet:-1, max-image-preview:large, max-video-preview:-1\" \/>\n<link rel=\"canonical\" href=\"https:\/\/www.monteescalier.net\/france\/monte-escalier-cote-dor\/\" \/>\n<meta property=\"og:locale\" content=\"fr_FR\" \/>\n<meta property=\"og:type\" content=\"article\" \/>\n<meta property=\"og:title\" content=\"Monte escalier C\u00f4te-d&#039;Or, Monte escalier Dijon - Monte escalier\" \/>\n<meta property=\"og:description\" content=\"Trouvez votre monte-escaliers gr\u00e2ce a nos partenaires installeurs en Cote-D&#039;or, Dijon, Montbard, Beaune.\" \/>\n<meta property=\"og:url\" content=\"https:\/\/www.monteescalier.net\/france\/monte-escalier-cote-dor\/\" \/>\n<meta property=\"og:site_name\" content=\"Monte escalier\" \/>\n<meta property=\"article:modified_time\" content=\"2024-05-15T15:18:28+00:00\" \/>\n<meta property=\"og:image\" content=\"https:\/\/www.monteescalier.net\/france\/wp-content\/uploads\/2013\/07\/cotedor.jpg\" \/>\n<meta name=\"twitter:card\" content=\"summary_large_image\" \/>\n<meta name=\"twitter:label1\" content=\"Dur\u00e9e de lecture estim\u00e9e\" \/>\n\t<meta name=\"twitter:data1\" content=\"1 minute\" \/>\n<script type=\"application\/ld+json\" class=\"yoast-schema-graph\">{\"@context\":\"https:\/\/schema.org\",\"@graph\":[{\"@type\":\"WebPage\",\"@id\":\"https:\/\/www.monteescalier.net\/france\/monte-escalier-cote-dor\/\",\"url\":\"https:\/\/www.monteescalier.net\/france\/monte-escalier-cote-dor\/\",\"name\":\"Monte escalier C\u00f4te-d'Or, Monte escalier Dijon - Monte escalier\",\"isPartOf\":{\"@id\":\"https:\/\/www.monteescalier.net\/france\/#website\"},\"primaryImageOfPage\":{\"@id\":\"https:\/\/www.monteescalier.net\/france\/monte-escalier-cote-dor\/#primaryimage\"},\"image\":{\"@id\":\"https:\/\/www.monteescalier.net\/france\/monte-escalier-cote-dor\/#primaryimage\"},\"thumbnailUrl\":\"https:\/\/www.monteescalier.net\/france\/wp-content\/uploads\/2013\/07\/cotedor.jpg\",\"datePublished\":\"2023-07-23T10:49:29+00:00\",\"dateModified\":\"2024-05-15T15:18:28+00:00\",\"description\":\"Trouvez votre monte-escaliers gr\u00e2ce a nos partenaires installeurs en Cote-D'or, Dijon, Montbard, Beaune.\",\"breadcrumb\":{\"@id\":\"https:\/\/www.monteescalier.net\/france\/monte-escalier-cote-dor\/#breadcrumb\"},\"inLanguage\":\"fr-FR\",\"potentialAction\":[{\"@type\":\"ReadAction\",\"target\":[\"https:\/\/www.monteescalier.net\/france\/monte-escalier-cote-dor\/\"]}]},{\"@type\":\"ImageObject\",\"inLanguage\":\"fr-FR\",\"@id\":\"https:\/\/www.monteescalier.net\/france\/monte-escalier-cote-dor\/#primaryimage\",\"url\":\"https:\/\/www.monteescalier.net\/france\/wp-content\/uploads\/2013\/07\/cotedor.jpg\",\"contentUrl\":\"https:\/\/www.monteescalier.net\/france\/wp-content\/uploads\/2013\/07\/cotedor.jpg\",\"width\":507,\"height\":485},{\"@type\":\"BreadcrumbList\",\"@id\":\"https:\/\/www.monteescalier.net\/france\/monte-escalier-cote-dor\/#breadcrumb\",\"itemListElement\":[{\"@type\":\"ListItem\",\"position\":1,\"name\":\"Accueil\",\"item\":\"https:\/\/www.monteescalier.net\/france\/\"},{\"@type\":\"ListItem\",\"position\":2,\"name\":\"Monte escalier C\u00f4te-d&rsquo;Or, Monte escalier Dijon\"}]},{\"@type\":\"WebSite\",\"@id\":\"https:\/\/www.monteescalier.net\/france\/#website\",\"url\":\"https:\/\/www.monteescalier.net\/france\/\",\"name\":\"Monte escalier\",\"description\":\"\",\"publisher\":{\"@id\":\"https:\/\/www.monteescalier.net\/france\/#organization\"},\"potentialAction\":[{\"@type\":\"SearchAction\",\"target\":{\"@type\":\"EntryPoint\",\"urlTemplate\":\"https:\/\/www.monteescalier.net\/france\/?s={search_term_string}\"},\"query-input\":{\"@type\":\"PropertyValueSpecification\",\"valueRequired\":true,\"valueName\":\"search_term_string\"}}],\"inLanguage\":\"fr-FR\"},{\"@type\":\"Organization\",\"@id\":\"https:\/\/www.monteescalier.net\/france\/#organization\",\"name\":\"monte-escalier.net\",\"url\":\"https:\/\/www.monteescalier.net\/france\/\",\"logo\":{\"@type\":\"ImageObject\",\"inLanguage\":\"fr-FR\",\"@id\":\"https:\/\/www.monteescalier.net\/france\/#\/schema\/logo\/image\/\",\"url\":\"https:\/\/www.monteescalier.net\/france\/wp-content\/uploads\/2016\/10\/4devis-mont-escalier-500-500.gif\",\"contentUrl\":\"https:\/\/www.monteescalier.net\/france\/wp-content\/uploads\/2016\/10\/4devis-mont-escalier-500-500.gif\",\"width\":500,\"height\":500,\"caption\":\"monte-escalier.net\"},\"image\":{\"@id\":\"https:\/\/www.monteescalier.net\/france\/#\/schema\/logo\/image\/\"}}]}<\/script>\n<!-- \/ Yoast SEO plugin. -->","yoast_head_json":{"title":"Monte escalier C\u00f4te-d'Or, Monte escalier Dijon - Monte escalier","description":"Trouvez votre monte-escaliers gr\u00e2ce a nos partenaires installeurs en Cote-D'or, Dijon, Montbard, Beaune.","robots":{"index":"index","follow":"follow","max-snippet":"max-snippet:-1","max-image-preview":"max-image-preview:large","max-video-preview":"max-video-preview:-1"},"canonical":"https:\/\/www.monteescalier.net\/france\/monte-escalier-cote-dor\/","og_locale":"fr_FR","og_type":"article","og_title":"Monte escalier C\u00f4te-d'Or, Monte escalier Dijon - Monte escalier","og_description":"Trouvez votre monte-escaliers gr\u00e2ce a nos partenaires installeurs en Cote-D'or, Dijon, Montbard, Beaune.","og_url":"https:\/\/www.monteescalier.net\/france\/monte-escalier-cote-dor\/","og_site_name":"Monte escalier","article_modified_time":"2024-05-15T15:18:28+00:00","og_image":[{"url":"https:\/\/www.monteescalier.net\/france\/wp-content\/uploads\/2013\/07\/cotedor.jpg","type":"","width":"","height":""}],"twitter_card":"summary_large_image","twitter_misc":{"Dur\u00e9e de lecture estim\u00e9e":"1 minute"},"schema":{"@context":"https:\/\/schema.org","@graph":[{"@type":"WebPage","@id":"https:\/\/www.monteescalier.net\/france\/monte-escalier-cote-dor\/","url":"https:\/\/www.monteescalier.net\/france\/monte-escalier-cote-dor\/","name":"Monte escalier C\u00f4te-d'Or, Monte escalier Dijon - Monte escalier","isPartOf":{"@id":"https:\/\/www.monteescalier.net\/france\/#website"},"primaryImageOfPage":{"@id":"https:\/\/www.monteescalier.net\/france\/monte-escalier-cote-dor\/#primaryimage"},"image":{"@id":"https:\/\/www.monteescalier.net\/france\/monte-escalier-cote-dor\/#primaryimage"},"thumbnailUrl":"https:\/\/www.monteescalier.net\/france\/wp-content\/uploads\/2013\/07\/cotedor.jpg","datePublished":"2023-07-23T10:49:29+00:00","dateModified":"2024-05-15T15:18:28+00:00","description":"Trouvez votre monte-escaliers gr\u00e2ce a nos partenaires installeurs en Cote-D'or, Dijon, Montbard, Beaune.","breadcrumb":{"@id":"https:\/\/www.monteescalier.net\/france\/monte-escalier-cote-dor\/#breadcrumb"},"inLanguage":"fr-FR","potentialAction":[{"@type":"ReadAction","target":["https:\/\/www.monteescalier.net\/france\/monte-escalier-cote-dor\/"]}]},{"@type":"ImageObject","inLanguage":"fr-FR","@id":"https:\/\/www.monteescalier.net\/france\/monte-escalier-cote-dor\/#primaryimage","url":"https:\/\/www.monteescalier.net\/france\/wp-content\/uploads\/2013\/07\/cotedor.jpg","contentUrl":"https:\/\/www.monteescalier.net\/france\/wp-content\/uploads\/2013\/07\/cotedor.jpg","width":507,"height":485},{"@type":"BreadcrumbList","@id":"https:\/\/www.monteescalier.net\/france\/monte-escalier-cote-dor\/#breadcrumb","itemListElement":[{"@type":"ListItem","position":1,"name":"Accueil","item":"https:\/\/www.monteescalier.net\/france\/"},{"@type":"ListItem","position":2,"name":"Monte escalier C\u00f4te-d&rsquo;Or, Monte escalier Dijon"}]},{"@type":"WebSite","@id":"https:\/\/www.monteescalier.net\/france\/#website","url":"https:\/\/www.monteescalier.net\/france\/","name":"Monte escalier","description":"","publisher":{"@id":"https:\/\/www.monteescalier.net\/france\/#organization"},"potentialAction":[{"@type":"SearchAction","target":{"@type":"EntryPoint","urlTemplate":"https:\/\/www.monteescalier.net\/france\/?s={search_term_string}"},"query-input":{"@type":"PropertyValueSpecification","valueRequired":true,"valueName":"search_term_string"}}],"inLanguage":"fr-FR"},{"@type":"Organization","@id":"https:\/\/www.monteescalier.net\/france\/#organization","name":"monte-escalier.net","url":"https:\/\/www.monteescalier.net\/france\/","logo":{"@type":"ImageObject","inLanguage":"fr-FR","@id":"https:\/\/www.monteescalier.net\/france\/#\/schema\/logo\/image\/","url":"https:\/\/www.monteescalier.net\/france\/wp-content\/uploads\/2016\/10\/4devis-mont-escalier-500-500.gif","contentUrl":"https:\/\/www.monteescalier.net\/france\/wp-content\/uploads\/2016\/10\/4devis-mont-escalier-500-500.gif","width":500,"height":500,"caption":"monte-escalier.net"},"image":{"@id":"https:\/\/www.monteescalier.net\/france\/#\/schema\/logo\/image\/"}}]}},"_links":{"self":[{"href":"https:\/\/www.monteescalier.net\/france\/wp-json\/wp\/v2\/pages\/267","targetHints":{"allow":["GET"]}}],"collection":[{"href":"https:\/\/www.monteescalier.net\/france\/wp-json\/wp\/v2\/pages"}],"about":[{"href":"https:\/\/www.monteescalier.net\/france\/wp-json\/wp\/v2\/types\/page"}],"author":[{"embeddable":true,"href":"https:\/\/www.monteescalier.net\/france\/wp-json\/wp\/v2\/users\/1"}],"replies":[{"embeddable":true,"href":"https:\/\/www.monteescalier.net\/france\/wp-json\/wp\/v2\/comments?post=267"}],"version-history":[{"count":9,"href":"https:\/\/www.monteescalier.net\/france\/wp-json\/wp\/v2\/pages\/267\/revisions"}],"predecessor-version":[{"id":9074,"href":"https:\/\/www.monteescalier.net\/france\/wp-json\/wp\/v2\/pages\/267\/revisions\/9074"}],"wp:attachment":[{"href":"https:\/\/www.monteescalier.net\/france\/wp-json\/wp\/v2\/media?parent=267"}],"curies":[{"name":"wp","href":"https:\/\/api.w.org\/{rel}","templated":true}]}}