{"id":2741,"date":"2013-09-26T10:47:36","date_gmt":"2013-09-26T10:47:36","guid":{"rendered":"https:\/\/www.monteescalier.net\/france\/?page_id=2741"},"modified":"-0001-11-30T00:00:00","modified_gmt":"-0001-11-29T23:00:00","slug":"monte-escalier-castelnau-d-estretefonds","status":"publish","type":"page","link":"https:\/\/www.monteescalier.net\/france\/monte-escalier-castelnau-d-estretefonds\/","title":{"rendered":"Monte escalier Castelnau-d&rsquo;Estr\u00e9tefonds"},"content":{"rendered":"<h1>Qui contacter pour un monte escalier \u00e0 Castelnau-d&rsquo;Estr\u00e9tefonds<\/h1>\n<div class=\"boite_texte\">\n<div style=\"text-align:justify; margin-bottom:10px\">Il y a plusieurs vendeurs de monte escalier \u00e0 Castelnau-d&rsquo;Estr\u00e9tefonds, mais quel est celui qui vous donnera une totale satisfaction en terme de prix et de prestations : une seule mani\u00e8re de le savoir, utilisez les services de monteescalier.net.<\/div>\n<div style=\"text-align:justify; margin-bottom:10px\">Nous sommes des interm\u00e9diaires entre vous et les revendeurs de monte escalier sur Castelnau-d&rsquo;Estr\u00e9tefonds. Nous pouvons ainsi vous mettre en relation tr\u00e8s rapidement et gratuitement avec les principaux vendeurs de monte escalier \u00e0 Castelnau-d&rsquo;Estr\u00e9tefonds.<\/div>\n<div style=\"text-align:justify; margin-bottom:10px\">Vous savez tr\u00e8s exactement ce que voulez ? Vous avez besoin d&rsquo;un devis de monte escalier. Une seule demande de devis sur notre site vous permettra de recevoir entre 4 et 5 devis totalement gratuits.<\/div>\n<div style=\"text-align:justify; margin-bottom:10px\">Chaque installation de monte escalier \u00e9tant sp\u00e9cifique, vous pouvez \u00eatre amen\u00e9 \u00e0 vouloir traiter avec de v\u00e9ritables experts, professionnels de l&rsquo;installation de monte escalier \u00e0 Castelnau-d&rsquo;Estr\u00e9tefonds. Pour vous faciliter la t\u00e2che, utilisez notre service de demande de rappel, un formulaire avec vos coordonn\u00e9es \u00e0 remplir et vous serez tr\u00e8s vite rappel\u00e9s par nos partenaire dans votre d\u00e9partement.<\/div>\n<div style=\"text-align:justify; margin-bottom:10px\">Vous \u00eates perdus dans la multitude des marques et des mod\u00e8les de monte escalier, utilisez notre formulaire de documentation pour obtenir un maximum d&rsquo;informations sur les mod\u00e8les vendus par nos partenaires vendeurs de monte escalier. Pr\u00e9cisez dans votre demande si vous souhaitez les recevoir par email au format \u00e9lectronique ou sur papier par courrier postal.<\/div>\n<div style=\"text-align:justify; margin-bottom:10px\">Centralisez vos demandes sur les monte escalier gr\u00e2ce \u00e0 notre site enti\u00e8rement gratuit : un formulaire rempli = des contacts multiples avec les prestataires revendeurs de monte escalier \u00e0 Castelnau-d&rsquo;Estr\u00e9tefonds et dans tout le d\u00e9partement. Si toutefois, les prestataires que nous avons pr\u00e9sent\u00e9s ne vous font pas de proposition int\u00e9ressante, libre \u00e0 vous d&rsquo;aller voir ailleurs. Une demande sur monteescalier.net ne vous engage absolument pas.<\/div>\n<\/div>\n<div class=\"titre_liens\">Retrouvez les services monteescalier.net dans d&rsquo;autres villes du d\u00e9partement<\/div>\n<div class=\"boite_liens\"><a href=\"https:\/\/www.monteescalier.net\/france\/monte-escalier-beauzelle\">Monte escalier Beauzelle<\/a><br \/>\n<a href=\"https:\/\/www.monteescalier.net\/france\/monte-escalier-fenouillet\">Monte escalier Fenouillet<\/a><br \/>\n<a href=\"https:\/\/www.monteescalier.net\/france\/monte-escalier-carbonne\">Monte escalier Carbonne<\/a><br \/>\n<a href=\"https:\/\/www.monteescalier.net\/france\/monte-escalier-saint-jory\">Monte escalier Saint-Jory<\/a><br \/>\n<a href=\"https:\/\/www.monteescalier.net\/france\/monte-escalier-bruguieres\">Monte escalier Brugui\u00e8res<\/a>\n<\/div>\n","protected":false},"excerpt":{"rendered":"<p>Qui contacter pour un monte escalier \u00e0 Castelnau-d&rsquo;Estr\u00e9tefonds Il y a plusieurs vendeurs de monte escalier \u00e0 Castelnau-d&rsquo;Estr\u00e9tefonds, mais quel est celui qui vous donnera une totale satisfaction en terme de prix et de prestations : une seule mani\u00e8re de le savoir, utilisez les services de monteescalier.net. Nous sommes des interm\u00e9diaires entre vous et les [&hellip;]<\/p>\n","protected":false},"author":1,"featured_media":0,"parent":0,"menu_order":0,"comment_status":"closed","ping_status":"open","template":"template_ville_6.php","meta":{"_monsterinsights_skip_tracking":false,"_monsterinsights_sitenote_active":false,"_monsterinsights_sitenote_note":"","_monsterinsights_sitenote_category":0,"footnotes":""},"class_list":["post-2741","page","type-page","status-publish","hentry"],"yoast_head":"<!-- This site is optimized with the Yoast SEO plugin v26.3 - https:\/\/yoast.com\/wordpress\/plugins\/seo\/ -->\n<title>Monte escalier Castelnau-d&#039;Estr\u00e9tefonds - Monte escalier<\/title>\n<meta name=\"robots\" content=\"index, follow, max-snippet:-1, max-image-preview:large, max-video-preview:-1\" \/>\n<link rel=\"canonical\" href=\"https:\/\/www.monteescalier.net\/france\/monte-escalier-castelnau-d-estretefonds\/\" \/>\n<meta property=\"og:locale\" content=\"fr_FR\" \/>\n<meta property=\"og:type\" content=\"article\" \/>\n<meta property=\"og:title\" content=\"Monte escalier Castelnau-d&#039;Estr\u00e9tefonds - Monte escalier\" \/>\n<meta property=\"og:description\" content=\"Qui contacter pour un monte escalier \u00e0 Castelnau-d&rsquo;Estr\u00e9tefonds Il y a plusieurs vendeurs de monte escalier \u00e0 Castelnau-d&rsquo;Estr\u00e9tefonds, mais quel est celui qui vous donnera une totale satisfaction en terme de prix et de prestations : une seule mani\u00e8re de le savoir, utilisez les services de monteescalier.net. Nous sommes des interm\u00e9diaires entre vous et les [&hellip;]\" \/>\n<meta property=\"og:url\" content=\"https:\/\/www.monteescalier.net\/france\/monte-escalier-castelnau-d-estretefonds\/\" \/>\n<meta property=\"og:site_name\" content=\"Monte escalier\" \/>\n<meta name=\"twitter:card\" content=\"summary_large_image\" \/>\n<meta name=\"twitter:label1\" content=\"Dur\u00e9e de lecture estim\u00e9e\" \/>\n\t<meta name=\"twitter:data1\" content=\"2 minutes\" \/>\n<script type=\"application\/ld+json\" class=\"yoast-schema-graph\">{\"@context\":\"https:\/\/schema.org\",\"@graph\":[{\"@type\":\"WebPage\",\"@id\":\"https:\/\/www.monteescalier.net\/france\/monte-escalier-castelnau-d-estretefonds\/\",\"url\":\"https:\/\/www.monteescalier.net\/france\/monte-escalier-castelnau-d-estretefonds\/\",\"name\":\"Monte escalier Castelnau-d'Estr\u00e9tefonds - Monte escalier\",\"isPartOf\":{\"@id\":\"https:\/\/www.monteescalier.net\/france\/#website\"},\"datePublished\":\"2013-09-26T10:47:36+00:00\",\"breadcrumb\":{\"@id\":\"https:\/\/www.monteescalier.net\/france\/monte-escalier-castelnau-d-estretefonds\/#breadcrumb\"},\"inLanguage\":\"fr-FR\",\"potentialAction\":[{\"@type\":\"ReadAction\",\"target\":[\"https:\/\/www.monteescalier.net\/france\/monte-escalier-castelnau-d-estretefonds\/\"]}]},{\"@type\":\"BreadcrumbList\",\"@id\":\"https:\/\/www.monteescalier.net\/france\/monte-escalier-castelnau-d-estretefonds\/#breadcrumb\",\"itemListElement\":[{\"@type\":\"ListItem\",\"position\":1,\"name\":\"Accueil\",\"item\":\"https:\/\/www.monteescalier.net\/france\/\"},{\"@type\":\"ListItem\",\"position\":2,\"name\":\"Monte escalier Castelnau-d&rsquo;Estr\u00e9tefonds\"}]},{\"@type\":\"WebSite\",\"@id\":\"https:\/\/www.monteescalier.net\/france\/#website\",\"url\":\"https:\/\/www.monteescalier.net\/france\/\",\"name\":\"Monte escalier\",\"description\":\"\",\"publisher\":{\"@id\":\"https:\/\/www.monteescalier.net\/france\/#organization\"},\"potentialAction\":[{\"@type\":\"SearchAction\",\"target\":{\"@type\":\"EntryPoint\",\"urlTemplate\":\"https:\/\/www.monteescalier.net\/france\/?s={search_term_string}\"},\"query-input\":{\"@type\":\"PropertyValueSpecification\",\"valueRequired\":true,\"valueName\":\"search_term_string\"}}],\"inLanguage\":\"fr-FR\"},{\"@type\":\"Organization\",\"@id\":\"https:\/\/www.monteescalier.net\/france\/#organization\",\"name\":\"monte-escalier.net\",\"url\":\"https:\/\/www.monteescalier.net\/france\/\",\"logo\":{\"@type\":\"ImageObject\",\"inLanguage\":\"fr-FR\",\"@id\":\"https:\/\/www.monteescalier.net\/france\/#\/schema\/logo\/image\/\",\"url\":\"https:\/\/www.monteescalier.net\/france\/wp-content\/uploads\/2016\/10\/4devis-mont-escalier-500-500.gif\",\"contentUrl\":\"https:\/\/www.monteescalier.net\/france\/wp-content\/uploads\/2016\/10\/4devis-mont-escalier-500-500.gif\",\"width\":500,\"height\":500,\"caption\":\"monte-escalier.net\"},\"image\":{\"@id\":\"https:\/\/www.monteescalier.net\/france\/#\/schema\/logo\/image\/\"}}]}<\/script>\n<!-- \/ Yoast SEO plugin. -->","yoast_head_json":{"title":"Monte escalier Castelnau-d'Estr\u00e9tefonds - Monte escalier","robots":{"index":"index","follow":"follow","max-snippet":"max-snippet:-1","max-image-preview":"max-image-preview:large","max-video-preview":"max-video-preview:-1"},"canonical":"https:\/\/www.monteescalier.net\/france\/monte-escalier-castelnau-d-estretefonds\/","og_locale":"fr_FR","og_type":"article","og_title":"Monte escalier Castelnau-d'Estr\u00e9tefonds - Monte escalier","og_description":"Qui contacter pour un monte escalier \u00e0 Castelnau-d&rsquo;Estr\u00e9tefonds Il y a plusieurs vendeurs de monte escalier \u00e0 Castelnau-d&rsquo;Estr\u00e9tefonds, mais quel est celui qui vous donnera une totale satisfaction en terme de prix et de prestations : une seule mani\u00e8re de le savoir, utilisez les services de monteescalier.net. Nous sommes des interm\u00e9diaires entre vous et les [&hellip;]","og_url":"https:\/\/www.monteescalier.net\/france\/monte-escalier-castelnau-d-estretefonds\/","og_site_name":"Monte escalier","twitter_card":"summary_large_image","twitter_misc":{"Dur\u00e9e de lecture estim\u00e9e":"2 minutes"},"schema":{"@context":"https:\/\/schema.org","@graph":[{"@type":"WebPage","@id":"https:\/\/www.monteescalier.net\/france\/monte-escalier-castelnau-d-estretefonds\/","url":"https:\/\/www.monteescalier.net\/france\/monte-escalier-castelnau-d-estretefonds\/","name":"Monte escalier Castelnau-d'Estr\u00e9tefonds - Monte escalier","isPartOf":{"@id":"https:\/\/www.monteescalier.net\/france\/#website"},"datePublished":"2013-09-26T10:47:36+00:00","breadcrumb":{"@id":"https:\/\/www.monteescalier.net\/france\/monte-escalier-castelnau-d-estretefonds\/#breadcrumb"},"inLanguage":"fr-FR","potentialAction":[{"@type":"ReadAction","target":["https:\/\/www.monteescalier.net\/france\/monte-escalier-castelnau-d-estretefonds\/"]}]},{"@type":"BreadcrumbList","@id":"https:\/\/www.monteescalier.net\/france\/monte-escalier-castelnau-d-estretefonds\/#breadcrumb","itemListElement":[{"@type":"ListItem","position":1,"name":"Accueil","item":"https:\/\/www.monteescalier.net\/france\/"},{"@type":"ListItem","position":2,"name":"Monte escalier Castelnau-d&rsquo;Estr\u00e9tefonds"}]},{"@type":"WebSite","@id":"https:\/\/www.monteescalier.net\/france\/#website","url":"https:\/\/www.monteescalier.net\/france\/","name":"Monte escalier","description":"","publisher":{"@id":"https:\/\/www.monteescalier.net\/france\/#organization"},"potentialAction":[{"@type":"SearchAction","target":{"@type":"EntryPoint","urlTemplate":"https:\/\/www.monteescalier.net\/france\/?s={search_term_string}"},"query-input":{"@type":"PropertyValueSpecification","valueRequired":true,"valueName":"search_term_string"}}],"inLanguage":"fr-FR"},{"@type":"Organization","@id":"https:\/\/www.monteescalier.net\/france\/#organization","name":"monte-escalier.net","url":"https:\/\/www.monteescalier.net\/france\/","logo":{"@type":"ImageObject","inLanguage":"fr-FR","@id":"https:\/\/www.monteescalier.net\/france\/#\/schema\/logo\/image\/","url":"https:\/\/www.monteescalier.net\/france\/wp-content\/uploads\/2016\/10\/4devis-mont-escalier-500-500.gif","contentUrl":"https:\/\/www.monteescalier.net\/france\/wp-content\/uploads\/2016\/10\/4devis-mont-escalier-500-500.gif","width":500,"height":500,"caption":"monte-escalier.net"},"image":{"@id":"https:\/\/www.monteescalier.net\/france\/#\/schema\/logo\/image\/"}}]}},"_links":{"self":[{"href":"https:\/\/www.monteescalier.net\/france\/wp-json\/wp\/v2\/pages\/2741","targetHints":{"allow":["GET"]}}],"collection":[{"href":"https:\/\/www.monteescalier.net\/france\/wp-json\/wp\/v2\/pages"}],"about":[{"href":"https:\/\/www.monteescalier.net\/france\/wp-json\/wp\/v2\/types\/page"}],"author":[{"embeddable":true,"href":"https:\/\/www.monteescalier.net\/france\/wp-json\/wp\/v2\/users\/1"}],"replies":[{"embeddable":true,"href":"https:\/\/www.monteescalier.net\/france\/wp-json\/wp\/v2\/comments?post=2741"}],"version-history":[{"count":0,"href":"https:\/\/www.monteescalier.net\/france\/wp-json\/wp\/v2\/pages\/2741\/revisions"}],"wp:attachment":[{"href":"https:\/\/www.monteescalier.net\/france\/wp-json\/wp\/v2\/media?parent=2741"}],"curies":[{"name":"wp","href":"https:\/\/api.w.org\/{rel}","templated":true}]}}

Monte escalier Castelnau-d&rsquo;Estrétefonds

<h1>Qui contacter pour un monte escalier à Castelnau-d&rsquo;Estrétefonds</h1>
<div class="boite_texte">
<div style="text-align:justify; margin-bottom:10px">Il y a plusieurs vendeurs de monte escalier à Castelnau-d&rsquo;Estrétefonds, mais quel est celui qui vous donnera une totale satisfaction en terme de prix et de prestations : une seule manière de le savoir, utilisez les services de monteescalier.net.</div>
<div style="text-align:justify; margin-bottom:10px">Nous sommes des intermédiaires entre vous et les revendeurs de monte escalier sur Castelnau-d&rsquo;Estrétefonds. Nous pouvons ainsi vous mettre en relation très rapidement et gratuitement avec les principaux vendeurs de monte escalier à Castelnau-d&rsquo;Estrétefonds.</div>
<div style="text-align:justify; margin-bottom:10px">Vous savez très exactement ce que voulez ? Vous avez besoin d&rsquo;un devis de monte escalier. Une seule demande de devis sur notre site vous permettra de recevoir entre 4 et 5 devis totalement gratuits.</div>
<div style="text-align:justify; margin-bottom:10px">Chaque installation de monte escalier étant spécifique, vous pouvez être amené à vouloir traiter avec de véritables experts, professionnels de l&rsquo;installation de monte escalier à Castelnau-d&rsquo;Estrétefonds. Pour vous faciliter la tâche, utilisez notre service de demande de rappel, un formulaire avec vos coordonnées à remplir et vous serez très vite rappelés par nos partenaire dans votre département.</div>
<div style="text-align:justify; margin-bottom:10px">Vous êtes perdus dans la multitude des marques et des modèles de monte escalier, utilisez notre formulaire de documentation pour obtenir un maximum d&rsquo;informations sur les modèles vendus par nos partenaires vendeurs de monte escalier. Précisez dans votre demande si vous souhaitez les recevoir par email au format électronique ou sur papier par courrier postal.</div>
<div style="text-align:justify; margin-bottom:10px">Centralisez vos demandes sur les monte escalier grâce à notre site entièrement gratuit : un formulaire rempli = des contacts multiples avec les prestataires revendeurs de monte escalier à Castelnau-d&rsquo;Estrétefonds et dans tout le département. Si toutefois, les prestataires que nous avons présentés ne vous font pas de proposition intéressante, libre à vous d&rsquo;aller voir ailleurs. Une demande sur monteescalier.net ne vous engage absolument pas.</div>
</div>
<div class="titre_liens">Retrouvez les services monteescalier.net dans d&rsquo;autres villes du département</div>
<div class="boite_liens"><a href="https://www.monteescalier.net/france/monte-escalier-beauzelle">Monte escalier Beauzelle</a><br />
<a href="https://www.monteescalier.net/france/monte-escalier-fenouillet">Monte escalier Fenouillet</a><br />
<a href="https://www.monteescalier.net/france/monte-escalier-carbonne">Monte escalier Carbonne</a><br />
<a href="https://www.monteescalier.net/france/monte-escalier-saint-jory">Monte escalier Saint-Jory</a><br />
<a href="https://www.monteescalier.net/france/monte-escalier-bruguieres">Monte escalier Bruguières</a>
</div>

<p>Qui contacter pour un monte escalier à Castelnau-d&rsquo;Estrétefonds Il y a plusieurs vendeurs de monte escalier à Castelnau-d&rsquo;Estrétefonds, mais quel est celui qui vous donnera une totale satisfaction en terme de prix et de prestations : une seule manière de le savoir, utilisez les services de monteescalier.net. Nous sommes des intermédiaires entre vous et les [&hellip;]</p>

<!-- This site is optimized with the Yoast SEO plugin v26.3 - https://yoast.com/wordpress/plugins/seo/ -->
<title>Monte escalier Castelnau-d&#039;Estrétefonds - Monte escalier</title>
<meta name="robots" content="index, follow, max-snippet:-1, max-image-preview:large, max-video-preview:-1" />
<link rel="canonical" href="https://www.monteescalier.net/france/monte-escalier-castelnau-d-estretefonds/" />
<meta property="og:locale" content="fr_FR" />
<meta property="og:type" content="article" />
<meta property="og:title" content="Monte escalier Castelnau-d&#039;Estrétefonds - Monte escalier" />
<meta property="og:description" content="Qui contacter pour un monte escalier à Castelnau-d&rsquo;Estrétefonds Il y a plusieurs vendeurs de monte escalier à Castelnau-d&rsquo;Estrétefonds, mais quel est celui qui vous donnera une totale satisfaction en terme de prix et de prestations : une seule manière de le savoir, utilisez les services de monteescalier.net. Nous sommes des intermédiaires entre vous et les [&hellip;]" />
<meta property="og:url" content="https://www.monteescalier.net/france/monte-escalier-castelnau-d-estretefonds/" />
<meta property="og:site_name" content="Monte escalier" />
<meta name="twitter:card" content="summary_large_image" />
<meta name="twitter:label1" content="Durée de lecture estimée" />
	<meta name="twitter:data1" content="2 minutes" />
<script type="application/ld+json" class="yoast-schema-graph">{"@context":"https://schema.org","@graph":[{"@type":"WebPage","@id":"https://www.monteescalier.net/france/monte-escalier-castelnau-d-estretefonds/","url":"https://www.monteescalier.net/france/monte-escalier-castelnau-d-estretefonds/","name":"Monte escalier Castelnau-d'Estrétefonds - Monte escalier","isPartOf":{"@id":"https://www.monteescalier.net/france/#website"},"datePublished":"2013-09-26T10:47:36+00:00","breadcrumb":{"@id":"https://www.monteescalier.net/france/monte-escalier-castelnau-d-estretefonds/#breadcrumb"},"inLanguage":"fr-FR","potentialAction":[{"@type":"ReadAction","target":["https://www.monteescalier.net/france/monte-escalier-castelnau-d-estretefonds/"]}]},{"@type":"BreadcrumbList","@id":"https://www.monteescalier.net/france/monte-escalier-castelnau-d-estretefonds/#breadcrumb","itemListElement":[{"@type":"ListItem","position":1,"name":"Accueil","item":"https://www.monteescalier.net/france/"},{"@type":"ListItem","position":2,"name":"Monte escalier Castelnau-d&rsquo;Estrétefonds"}]},{"@type":"WebSite","@id":"https://www.monteescalier.net/france/#website","url":"https://www.monteescalier.net/france/","name":"Monte escalier","description":"","publisher":{"@id":"https://www.monteescalier.net/france/#organization"},"potentialAction":[{"@type":"SearchAction","target":{"@type":"EntryPoint","urlTemplate":"https://www.monteescalier.net/france/?s={search_term_string}"},"query-input":{"@type":"PropertyValueSpecification","valueRequired":true,"valueName":"search_term_string"}}],"inLanguage":"fr-FR"},{"@type":"Organization","@id":"https://www.monteescalier.net/france/#organization","name":"monte-escalier.net","url":"https://www.monteescalier.net/france/","logo":{"@type":"ImageObject","inLanguage":"fr-FR","@id":"https://www.monteescalier.net/france/#/schema/logo/image/","url":"https://www.monteescalier.net/france/wp-content/uploads/2016/10/4devis-mont-escalier-500-500.gif","contentUrl":"https://www.monteescalier.net/france/wp-content/uploads/2016/10/4devis-mont-escalier-500-500.gif","width":500,"height":500,"caption":"monte-escalier.net"},"image":{"@id":"https://www.monteescalier.net/france/#/schema/logo/image/"}}]}</script>
<!-- / Yoast SEO plugin. -->

Monte escalier Castelnau-d'Estrétefonds - Monte escalier

Qui contacter pour un monte escalier à Castelnau-d&rsquo;Estrétefonds Il y a plusieurs vendeurs de monte escalier à Castelnau-d&rsquo;Estrétefonds, mais quel est celui qui vous donnera une totale satisfaction en terme de prix et de prestations : une seule manière de le savoir, utilisez les services de monteescalier.net. Nous sommes des intermédiaires entre vous et les [&hellip;]
