{"id":2864,"date":"2013-09-26T10:47:37","date_gmt":"2013-09-26T10:47:37","guid":{"rendered":"https:\/\/www.monteescalier.net\/france\/?page_id=2864"},"modified":"-0001-11-30T00:00:00","modified_gmt":"-0001-11-29T23:00:00","slug":"monte-escalier-brebieres","status":"publish","type":"page","link":"https:\/\/www.monteescalier.net\/france\/monte-escalier-brebieres\/","title":{"rendered":"Monte escalier Brebi\u00e8res"},"content":{"rendered":"<h1>Qui contacter pour un monte escalier \u00e0 Brebi\u00e8res<\/h1>\n<div class=\"boite_texte\">\n<div style=\"text-align:justify; margin-bottom:10px\">Il y a plusieurs vendeurs de monte escalier \u00e0 Brebi\u00e8res, mais quel est celui qui vous donnera enti\u00e8re satisfaction en terme de prix et de prestations : une seule mani\u00e8re de le savoir, utilisez les services de monteescalier.net.<\/div>\n<div style=\"text-align:justify; margin-bottom:10px\">L&rsquo;\u00e9quipe de monteescalier.net vous propose de s\u00e9lectionner pour vous les installateurs de monte escalier les plus comp\u00e9titifs dans la r\u00e9gion de Brebi\u00e8res. Notre s\u00e9lection est compos\u00e9e de professionnels reconnus du monte escalier parmi lesquels vous trouverez certainement votre prestataire.<\/div>\n<div style=\"text-align:justify; margin-bottom:10px\">Vous n&rsquo;avez pas le temps de chercher tous les revendeurs de monte escalier de Brebi\u00e8res pour choisir le meilleur, sachez que nous sommes en mesure de le faire pour vous. Remplissez simplement un formulaire de devis en ligne et nos professionnels partenaires seront tr\u00e8s heureux de pouvoir vous en proposer chacun un : car pour faire un choix, il faut avoir le choix !<\/div>\n<div style=\"text-align:justify; margin-bottom:10px\">Vous avez des questions sur l&rsquo;installation d&rsquo;un monte escalier, sur les prix des monte escalier, sur les diff\u00e9rents mod\u00e8les, utilisez notre formulaire de demande de rappel et les professionnels du monte escalier vous rappelleront tr\u00e8s rapidement.<\/div>\n<div style=\"text-align:justify; margin-bottom:10px\">Vous voulez choisir son mod\u00e8le de monte escalier directement de chez vous ? C&rsquo;est possible avec monteescalier.net. Remplissez directement un formulaire de demande de documentation sur notre site et vous recevrez toute la documentation n\u00e9cessaire sur les mod\u00e8les de monte escalier commercialis\u00e9s par nos professionnels partenaires.<\/div>\n<div style=\"text-align:justify; margin-bottom:10px\">Combien vont vous co\u00fbter nos services de mise en relation ? R\u00e9ponse, z\u00e9ro euro,&#8230; alors o\u00f9 est le pi\u00e8ge ? Il n&rsquo;y en a aucun, notre offre est totalement sans engagement. Si les propositions de nos partenaires ne vous conviennent pas, vous restez totalement libre d&rsquo;aller voir ailleurs !<\/div>\n<\/div>\n<div class=\"titre_liens\">Liens utiles vers nos offres monte escalier dans les communes alentour<\/div>\n<div class=\"boite_liens\"><a href=\"https:\/\/www.monteescalier.net\/france\/monte-escalier-laventie\">Monte escalier Laventie<\/a><br \/>\n<a href=\"https:\/\/www.monteescalier.net\/france\/monte-escalier-audruicq\">Monte escalier Audruicq<\/a><br \/>\n<a href=\"https:\/\/www.monteescalier.net\/france\/monte-escalier-sangatte\">Monte escalier Sangatte<\/a><br \/>\n<a href=\"https:\/\/www.monteescalier.net\/france\/monte-escalier-auchy-les-mines\">Monte escalier Auchy-les-Mines<\/a><br \/>\n<a href=\"https:\/\/www.monteescalier.net\/france\/monte-escalier-evin-malmaison\">Monte escalier \u00c9vin-Malmaison<\/a>\n<\/div>\n","protected":false},"excerpt":{"rendered":"<p>Qui contacter pour un monte escalier \u00e0 Brebi\u00e8res Il y a plusieurs vendeurs de monte escalier \u00e0 Brebi\u00e8res, mais quel est celui qui vous donnera enti\u00e8re satisfaction en terme de prix et de prestations : une seule mani\u00e8re de le savoir, utilisez les services de monteescalier.net. L&rsquo;\u00e9quipe de monteescalier.net vous propose de s\u00e9lectionner pour vous [&hellip;]<\/p>\n","protected":false},"author":1,"featured_media":0,"parent":0,"menu_order":0,"comment_status":"closed","ping_status":"open","template":"template_ville_2.php","meta":{"_monsterinsights_skip_tracking":false,"_monsterinsights_sitenote_active":false,"_monsterinsights_sitenote_note":"","_monsterinsights_sitenote_category":0,"footnotes":""},"class_list":["post-2864","page","type-page","status-publish","hentry"],"yoast_head":"<!-- This site is optimized with the Yoast SEO plugin v26.3 - https:\/\/yoast.com\/wordpress\/plugins\/seo\/ -->\n<title>Monte escalier Brebi\u00e8res - Monte escalier<\/title>\n<meta name=\"robots\" content=\"index, follow, max-snippet:-1, max-image-preview:large, max-video-preview:-1\" \/>\n<link rel=\"canonical\" href=\"https:\/\/www.monteescalier.net\/france\/monte-escalier-brebieres\/\" \/>\n<meta property=\"og:locale\" content=\"fr_FR\" \/>\n<meta property=\"og:type\" content=\"article\" \/>\n<meta property=\"og:title\" content=\"Monte escalier Brebi\u00e8res - Monte escalier\" \/>\n<meta property=\"og:description\" content=\"Qui contacter pour un monte escalier \u00e0 Brebi\u00e8res Il y a plusieurs vendeurs de monte escalier \u00e0 Brebi\u00e8res, mais quel est celui qui vous donnera enti\u00e8re satisfaction en terme de prix et de prestations : une seule mani\u00e8re de le savoir, utilisez les services de monteescalier.net. L&rsquo;\u00e9quipe de monteescalier.net vous propose de s\u00e9lectionner pour vous [&hellip;]\" \/>\n<meta property=\"og:url\" content=\"https:\/\/www.monteescalier.net\/france\/monte-escalier-brebieres\/\" \/>\n<meta property=\"og:site_name\" content=\"Monte escalier\" \/>\n<meta name=\"twitter:card\" content=\"summary_large_image\" \/>\n<meta name=\"twitter:label1\" content=\"Dur\u00e9e de lecture estim\u00e9e\" \/>\n\t<meta name=\"twitter:data1\" content=\"2 minutes\" \/>\n<script type=\"application\/ld+json\" class=\"yoast-schema-graph\">{\"@context\":\"https:\/\/schema.org\",\"@graph\":[{\"@type\":\"WebPage\",\"@id\":\"https:\/\/www.monteescalier.net\/france\/monte-escalier-brebieres\/\",\"url\":\"https:\/\/www.monteescalier.net\/france\/monte-escalier-brebieres\/\",\"name\":\"Monte escalier Brebi\u00e8res - Monte escalier\",\"isPartOf\":{\"@id\":\"https:\/\/www.monteescalier.net\/france\/#website\"},\"datePublished\":\"2013-09-26T10:47:37+00:00\",\"breadcrumb\":{\"@id\":\"https:\/\/www.monteescalier.net\/france\/monte-escalier-brebieres\/#breadcrumb\"},\"inLanguage\":\"fr-FR\",\"potentialAction\":[{\"@type\":\"ReadAction\",\"target\":[\"https:\/\/www.monteescalier.net\/france\/monte-escalier-brebieres\/\"]}]},{\"@type\":\"BreadcrumbList\",\"@id\":\"https:\/\/www.monteescalier.net\/france\/monte-escalier-brebieres\/#breadcrumb\",\"itemListElement\":[{\"@type\":\"ListItem\",\"position\":1,\"name\":\"Accueil\",\"item\":\"https:\/\/www.monteescalier.net\/france\/\"},{\"@type\":\"ListItem\",\"position\":2,\"name\":\"Monte escalier Brebi\u00e8res\"}]},{\"@type\":\"WebSite\",\"@id\":\"https:\/\/www.monteescalier.net\/france\/#website\",\"url\":\"https:\/\/www.monteescalier.net\/france\/\",\"name\":\"Monte escalier\",\"description\":\"\",\"publisher\":{\"@id\":\"https:\/\/www.monteescalier.net\/france\/#organization\"},\"potentialAction\":[{\"@type\":\"SearchAction\",\"target\":{\"@type\":\"EntryPoint\",\"urlTemplate\":\"https:\/\/www.monteescalier.net\/france\/?s={search_term_string}\"},\"query-input\":{\"@type\":\"PropertyValueSpecification\",\"valueRequired\":true,\"valueName\":\"search_term_string\"}}],\"inLanguage\":\"fr-FR\"},{\"@type\":\"Organization\",\"@id\":\"https:\/\/www.monteescalier.net\/france\/#organization\",\"name\":\"monte-escalier.net\",\"url\":\"https:\/\/www.monteescalier.net\/france\/\",\"logo\":{\"@type\":\"ImageObject\",\"inLanguage\":\"fr-FR\",\"@id\":\"https:\/\/www.monteescalier.net\/france\/#\/schema\/logo\/image\/\",\"url\":\"https:\/\/www.monteescalier.net\/france\/wp-content\/uploads\/2016\/10\/4devis-mont-escalier-500-500.gif\",\"contentUrl\":\"https:\/\/www.monteescalier.net\/france\/wp-content\/uploads\/2016\/10\/4devis-mont-escalier-500-500.gif\",\"width\":500,\"height\":500,\"caption\":\"monte-escalier.net\"},\"image\":{\"@id\":\"https:\/\/www.monteescalier.net\/france\/#\/schema\/logo\/image\/\"}}]}<\/script>\n<!-- \/ Yoast SEO plugin. -->","yoast_head_json":{"title":"Monte escalier Brebi\u00e8res - Monte escalier","robots":{"index":"index","follow":"follow","max-snippet":"max-snippet:-1","max-image-preview":"max-image-preview:large","max-video-preview":"max-video-preview:-1"},"canonical":"https:\/\/www.monteescalier.net\/france\/monte-escalier-brebieres\/","og_locale":"fr_FR","og_type":"article","og_title":"Monte escalier Brebi\u00e8res - Monte escalier","og_description":"Qui contacter pour un monte escalier \u00e0 Brebi\u00e8res Il y a plusieurs vendeurs de monte escalier \u00e0 Brebi\u00e8res, mais quel est celui qui vous donnera enti\u00e8re satisfaction en terme de prix et de prestations : une seule mani\u00e8re de le savoir, utilisez les services de monteescalier.net. L&rsquo;\u00e9quipe de monteescalier.net vous propose de s\u00e9lectionner pour vous [&hellip;]","og_url":"https:\/\/www.monteescalier.net\/france\/monte-escalier-brebieres\/","og_site_name":"Monte escalier","twitter_card":"summary_large_image","twitter_misc":{"Dur\u00e9e de lecture estim\u00e9e":"2 minutes"},"schema":{"@context":"https:\/\/schema.org","@graph":[{"@type":"WebPage","@id":"https:\/\/www.monteescalier.net\/france\/monte-escalier-brebieres\/","url":"https:\/\/www.monteescalier.net\/france\/monte-escalier-brebieres\/","name":"Monte escalier Brebi\u00e8res - Monte escalier","isPartOf":{"@id":"https:\/\/www.monteescalier.net\/france\/#website"},"datePublished":"2013-09-26T10:47:37+00:00","breadcrumb":{"@id":"https:\/\/www.monteescalier.net\/france\/monte-escalier-brebieres\/#breadcrumb"},"inLanguage":"fr-FR","potentialAction":[{"@type":"ReadAction","target":["https:\/\/www.monteescalier.net\/france\/monte-escalier-brebieres\/"]}]},{"@type":"BreadcrumbList","@id":"https:\/\/www.monteescalier.net\/france\/monte-escalier-brebieres\/#breadcrumb","itemListElement":[{"@type":"ListItem","position":1,"name":"Accueil","item":"https:\/\/www.monteescalier.net\/france\/"},{"@type":"ListItem","position":2,"name":"Monte escalier Brebi\u00e8res"}]},{"@type":"WebSite","@id":"https:\/\/www.monteescalier.net\/france\/#website","url":"https:\/\/www.monteescalier.net\/france\/","name":"Monte escalier","description":"","publisher":{"@id":"https:\/\/www.monteescalier.net\/france\/#organization"},"potentialAction":[{"@type":"SearchAction","target":{"@type":"EntryPoint","urlTemplate":"https:\/\/www.monteescalier.net\/france\/?s={search_term_string}"},"query-input":{"@type":"PropertyValueSpecification","valueRequired":true,"valueName":"search_term_string"}}],"inLanguage":"fr-FR"},{"@type":"Organization","@id":"https:\/\/www.monteescalier.net\/france\/#organization","name":"monte-escalier.net","url":"https:\/\/www.monteescalier.net\/france\/","logo":{"@type":"ImageObject","inLanguage":"fr-FR","@id":"https:\/\/www.monteescalier.net\/france\/#\/schema\/logo\/image\/","url":"https:\/\/www.monteescalier.net\/france\/wp-content\/uploads\/2016\/10\/4devis-mont-escalier-500-500.gif","contentUrl":"https:\/\/www.monteescalier.net\/france\/wp-content\/uploads\/2016\/10\/4devis-mont-escalier-500-500.gif","width":500,"height":500,"caption":"monte-escalier.net"},"image":{"@id":"https:\/\/www.monteescalier.net\/france\/#\/schema\/logo\/image\/"}}]}},"_links":{"self":[{"href":"https:\/\/www.monteescalier.net\/france\/wp-json\/wp\/v2\/pages\/2864","targetHints":{"allow":["GET"]}}],"collection":[{"href":"https:\/\/www.monteescalier.net\/france\/wp-json\/wp\/v2\/pages"}],"about":[{"href":"https:\/\/www.monteescalier.net\/france\/wp-json\/wp\/v2\/types\/page"}],"author":[{"embeddable":true,"href":"https:\/\/www.monteescalier.net\/france\/wp-json\/wp\/v2\/users\/1"}],"replies":[{"embeddable":true,"href":"https:\/\/www.monteescalier.net\/france\/wp-json\/wp\/v2\/comments?post=2864"}],"version-history":[{"count":0,"href":"https:\/\/www.monteescalier.net\/france\/wp-json\/wp\/v2\/pages\/2864\/revisions"}],"wp:attachment":[{"href":"https:\/\/www.monteescalier.net\/france\/wp-json\/wp\/v2\/media?parent=2864"}],"curies":[{"name":"wp","href":"https:\/\/api.w.org\/{rel}","templated":true}]}}

Monte escalier Brebières

<h1>Qui contacter pour un monte escalier à Brebières</h1>
<div class="boite_texte">
<div style="text-align:justify; margin-bottom:10px">Il y a plusieurs vendeurs de monte escalier à Brebières, mais quel est celui qui vous donnera entière satisfaction en terme de prix et de prestations : une seule manière de le savoir, utilisez les services de monteescalier.net.</div>
<div style="text-align:justify; margin-bottom:10px">L&rsquo;équipe de monteescalier.net vous propose de sélectionner pour vous les installateurs de monte escalier les plus compétitifs dans la région de Brebières. Notre sélection est composée de professionnels reconnus du monte escalier parmi lesquels vous trouverez certainement votre prestataire.</div>
<div style="text-align:justify; margin-bottom:10px">Vous n&rsquo;avez pas le temps de chercher tous les revendeurs de monte escalier de Brebières pour choisir le meilleur, sachez que nous sommes en mesure de le faire pour vous. Remplissez simplement un formulaire de devis en ligne et nos professionnels partenaires seront très heureux de pouvoir vous en proposer chacun un : car pour faire un choix, il faut avoir le choix !</div>
<div style="text-align:justify; margin-bottom:10px">Vous avez des questions sur l&rsquo;installation d&rsquo;un monte escalier, sur les prix des monte escalier, sur les différents modèles, utilisez notre formulaire de demande de rappel et les professionnels du monte escalier vous rappelleront très rapidement.</div>
<div style="text-align:justify; margin-bottom:10px">Vous voulez choisir son modèle de monte escalier directement de chez vous ? C&rsquo;est possible avec monteescalier.net. Remplissez directement un formulaire de demande de documentation sur notre site et vous recevrez toute la documentation nécessaire sur les modèles de monte escalier commercialisés par nos professionnels partenaires.</div>
<div style="text-align:justify; margin-bottom:10px">Combien vont vous coûter nos services de mise en relation ? Réponse, zéro euro,&#8230; alors où est le piège ? Il n&rsquo;y en a aucun, notre offre est totalement sans engagement. Si les propositions de nos partenaires ne vous conviennent pas, vous restez totalement libre d&rsquo;aller voir ailleurs !</div>
</div>
<div class="titre_liens">Liens utiles vers nos offres monte escalier dans les communes alentour</div>
<div class="boite_liens"><a href="https://www.monteescalier.net/france/monte-escalier-laventie">Monte escalier Laventie</a><br />
<a href="https://www.monteescalier.net/france/monte-escalier-audruicq">Monte escalier Audruicq</a><br />
<a href="https://www.monteescalier.net/france/monte-escalier-sangatte">Monte escalier Sangatte</a><br />
<a href="https://www.monteescalier.net/france/monte-escalier-auchy-les-mines">Monte escalier Auchy-les-Mines</a><br />
<a href="https://www.monteescalier.net/france/monte-escalier-evin-malmaison">Monte escalier Évin-Malmaison</a>
</div>

<p>Qui contacter pour un monte escalier à Brebières Il y a plusieurs vendeurs de monte escalier à Brebières, mais quel est celui qui vous donnera entière satisfaction en terme de prix et de prestations : une seule manière de le savoir, utilisez les services de monteescalier.net. L&rsquo;équipe de monteescalier.net vous propose de sélectionner pour vous [&hellip;]</p>

<!-- This site is optimized with the Yoast SEO plugin v26.3 - https://yoast.com/wordpress/plugins/seo/ -->
<title>Monte escalier Brebières - Monte escalier</title>
<meta name="robots" content="index, follow, max-snippet:-1, max-image-preview:large, max-video-preview:-1" />
<link rel="canonical" href="https://www.monteescalier.net/france/monte-escalier-brebieres/" />
<meta property="og:locale" content="fr_FR" />
<meta property="og:type" content="article" />
<meta property="og:title" content="Monte escalier Brebières - Monte escalier" />
<meta property="og:description" content="Qui contacter pour un monte escalier à Brebières Il y a plusieurs vendeurs de monte escalier à Brebières, mais quel est celui qui vous donnera entière satisfaction en terme de prix et de prestations : une seule manière de le savoir, utilisez les services de monteescalier.net. L&rsquo;équipe de monteescalier.net vous propose de sélectionner pour vous [&hellip;]" />
<meta property="og:url" content="https://www.monteescalier.net/france/monte-escalier-brebieres/" />
<meta property="og:site_name" content="Monte escalier" />
<meta name="twitter:card" content="summary_large_image" />
<meta name="twitter:label1" content="Durée de lecture estimée" />
	<meta name="twitter:data1" content="2 minutes" />
<script type="application/ld+json" class="yoast-schema-graph">{"@context":"https://schema.org","@graph":[{"@type":"WebPage","@id":"https://www.monteescalier.net/france/monte-escalier-brebieres/","url":"https://www.monteescalier.net/france/monte-escalier-brebieres/","name":"Monte escalier Brebières - Monte escalier","isPartOf":{"@id":"https://www.monteescalier.net/france/#website"},"datePublished":"2013-09-26T10:47:37+00:00","breadcrumb":{"@id":"https://www.monteescalier.net/france/monte-escalier-brebieres/#breadcrumb"},"inLanguage":"fr-FR","potentialAction":[{"@type":"ReadAction","target":["https://www.monteescalier.net/france/monte-escalier-brebieres/"]}]},{"@type":"BreadcrumbList","@id":"https://www.monteescalier.net/france/monte-escalier-brebieres/#breadcrumb","itemListElement":[{"@type":"ListItem","position":1,"name":"Accueil","item":"https://www.monteescalier.net/france/"},{"@type":"ListItem","position":2,"name":"Monte escalier Brebières"}]},{"@type":"WebSite","@id":"https://www.monteescalier.net/france/#website","url":"https://www.monteescalier.net/france/","name":"Monte escalier","description":"","publisher":{"@id":"https://www.monteescalier.net/france/#organization"},"potentialAction":[{"@type":"SearchAction","target":{"@type":"EntryPoint","urlTemplate":"https://www.monteescalier.net/france/?s={search_term_string}"},"query-input":{"@type":"PropertyValueSpecification","valueRequired":true,"valueName":"search_term_string"}}],"inLanguage":"fr-FR"},{"@type":"Organization","@id":"https://www.monteescalier.net/france/#organization","name":"monte-escalier.net","url":"https://www.monteescalier.net/france/","logo":{"@type":"ImageObject","inLanguage":"fr-FR","@id":"https://www.monteescalier.net/france/#/schema/logo/image/","url":"https://www.monteescalier.net/france/wp-content/uploads/2016/10/4devis-mont-escalier-500-500.gif","contentUrl":"https://www.monteescalier.net/france/wp-content/uploads/2016/10/4devis-mont-escalier-500-500.gif","width":500,"height":500,"caption":"monte-escalier.net"},"image":{"@id":"https://www.monteescalier.net/france/#/schema/logo/image/"}}]}</script>
<!-- / Yoast SEO plugin. -->

Monte escalier Brebières - Monte escalier

Qui contacter pour un monte escalier à Brebières Il y a plusieurs vendeurs de monte escalier à Brebières, mais quel est celui qui vous donnera entière satisfaction en terme de prix et de prestations : une seule manière de le savoir, utilisez les services de monteescalier.net. L&rsquo;équipe de monteescalier.net vous propose de sélectionner pour vous [&hellip;]
