{"id":297,"date":"2023-10-23T15:42:58","date_gmt":"2023-10-23T14:42:58","guid":{"rendered":"https:\/\/www.monteescalier.net\/france\/?page_id=297"},"modified":"2024-05-15T17:00:03","modified_gmt":"2024-05-15T16:00:03","slug":"monte-escalier-pyrenees-orientales","status":"publish","type":"page","link":"https:\/\/www.monteescalier.net\/france\/monte-escalier-pyrenees-orientales\/","title":{"rendered":"Monte escalier Pyr\u00e9n\u00e9es-Orientales, Perpignan"},"content":{"rendered":"<div class='content-column one_half'><div style=\"padding-right:19px;\"><h1>L&rsquo;achat d&rsquo;un monte escalier dans les Pyr\u00e9n\u00e9es Orientales<\/h1>\n<p><b>Installateurs, vendeurs et fabricants proche de chez vous :<\/b><br \/>\n<a href=\"https:\/\/www.monteescalier.net\/france\/monte-escalier-perpignan\/\">Monte escalier \u00e0 Perpignan<\/a><br \/>\n<a href=\"https:\/\/www.monteescalier.net\/france\/monte-escalier-ceret\/\">Monte escalier \u00e0 C\u00e9ret<\/a><br \/>\n<a href=\"https:\/\/www.monteescalier.net\/france\/monte-escalier-prades\/\">Monte escalier \u00e0 Prades<\/a><\/p>\n<p style=\"text-align: justify;\">Se procurer un monte-escaliers doit \u00eatre fait correctement : co\u00fbt important du mat\u00e9riel, il faut y ajouter les frais d&rsquo;installation par un professionnel afin que votre monte escalier s&rsquo;adapte parfaitement \u00e0 votre escalier.<\/p>\n<p style=\"text-align: justify;\">Dans le d\u00e9partement des Pyr\u00e9n\u00e9es Orientales, le site monteescalier.net peut vous aider \u00e0 faire le bon choix. Comment ? Tout simplement en vous mettant en rapport direct avec sa s\u00e9lection d&rsquo;installateurs, vendeurs et fabricants de monte escalier pr\u00e9sents dans le d\u00e9partement.<\/p>\n<p style=\"text-align: justify;\">Il vous suffit pour cela de remplir un simple formulaire de contact, et ce, que vous soyez \u00e0 Perpignan, Saint Est\u00e8ve, Argel\u00e8s sur Mer, Saint Laurent de la Salanque, C\u00e9ret, Thuir, Pia, Prades ou encore Canet en Roussillon, Saint Cyprien, Rivesaltes, Cabestany, Elne, Bompas et Le Boulou et vous serez contact\u00e9s tr\u00e8s rapidement par les professionnels du monte escalier sur votre d\u00e9partement ainsi que par prestataires nationaux capables d&rsquo;intervenir dans votre d\u00e9partement.<\/p>\n<p style=\"text-align: justify;\">Besoin de plus d&rsquo;informations avant de vous d\u00e9cider : utilisez notre formulaire de demande de documentation, il vous permettra de recevoir par courriel ou par voie postale des informations sur les mod\u00e8les propos\u00e9s par les diff\u00e9rents fabricants et installateurs de monte escalier dans les Pyr\u00e9n\u00e9es Orientales.<\/p>\n<p style=\"text-align: justify;\">Et si vous voulez en discuter avec des pros du monte escalier par t\u00e9l\u00e9phone, utilisez notre demande de rappel : les experts du monte escalier du Languedoc Roussillon vous rappelleront rapidement et vous pourrez leur exposer votre probl\u00e9matique d&rsquo;installation pour qu&rsquo;ils y apportent leur meilleure solution de monte escalier pour votre maison.<\/p>\n<div class=\"bouton\">Cliquez ici pour obtenir des devis gratuitement<\/div>\n<p>&nbsp;<\/p><\/div><\/div><div class='content-column one_half last_column'><a href=\"https:\/\/www.monteescalier.net\/devis-gratuit.php\" target=\"_blank\" rel=\"noopener noreferrer\"><img loading=\"lazy\" decoding=\"async\" class=\"alignnone size-full img_region\" src=\"https:\/\/www.monteescalier.net\/france\/wp-content\/uploads\/2014\/10\/4devis-monte-escalier-photo-490.png\" alt=\"pyrennees orientales\" width=\"507\" height=\"485\" \/><\/a><br \/>\n<img loading=\"lazy\" decoding=\"async\" class=\"alignnone size-full img_region_2\" src=\"https:\/\/www.monteescalier.net\/france\/wp-content\/uploads\/2013\/07\/pyrenneesorientales.jpg\" alt=\"monte escalier pyrennees orientales\" width=\"507\" height=\"485\" \/><\/div><div class='clear_column'><\/div><\/p>\n","protected":false},"excerpt":{"rendered":"","protected":false},"author":1,"featured_media":0,"parent":0,"menu_order":0,"comment_status":"open","ping_status":"closed","template":"template3.php","meta":{"_monsterinsights_skip_tracking":false,"_monsterinsights_sitenote_active":false,"_monsterinsights_sitenote_note":"","_monsterinsights_sitenote_category":0,"footnotes":""},"class_list":["post-297","page","type-page","status-publish","hentry"],"yoast_head":"<!-- This site is optimized with the Yoast SEO plugin v26.3 - https:\/\/yoast.com\/wordpress\/plugins\/seo\/ -->\n<title>Monte escalier Pyr\u00e9n\u00e9es-Orientales, Perpignan - Monte escalier<\/title>\n<meta name=\"description\" content=\"Trouvez votre monte-escaliers avec nos partenaires installeurs sur les Pyr\u00e9n\u00e9es-Orientales, Perpignan, C\u00e9ret, Prades .\" \/>\n<meta name=\"robots\" content=\"index, follow, max-snippet:-1, max-image-preview:large, max-video-preview:-1\" \/>\n<link rel=\"canonical\" href=\"https:\/\/www.monteescalier.net\/france\/monte-escalier-pyrenees-orientales\/\" \/>\n<meta property=\"og:locale\" content=\"fr_FR\" \/>\n<meta property=\"og:type\" content=\"article\" \/>\n<meta property=\"og:title\" content=\"Monte escalier Pyr\u00e9n\u00e9es-Orientales, Perpignan - Monte escalier\" \/>\n<meta property=\"og:description\" content=\"Trouvez votre monte-escaliers avec nos partenaires installeurs sur les Pyr\u00e9n\u00e9es-Orientales, Perpignan, C\u00e9ret, Prades .\" \/>\n<meta property=\"og:url\" content=\"https:\/\/www.monteescalier.net\/france\/monte-escalier-pyrenees-orientales\/\" \/>\n<meta property=\"og:site_name\" content=\"Monte escalier\" \/>\n<meta property=\"article:modified_time\" content=\"2024-05-15T16:00:03+00:00\" \/>\n<meta property=\"og:image\" content=\"https:\/\/www.monteescalier.net\/france\/wp-content\/uploads\/2014\/10\/4devis-monte-escalier-photo-490.png\" \/>\n<meta name=\"twitter:card\" content=\"summary_large_image\" \/>\n<meta name=\"twitter:label1\" content=\"Dur\u00e9e de lecture estim\u00e9e\" \/>\n\t<meta name=\"twitter:data1\" content=\"2 minutes\" \/>\n<script type=\"application\/ld+json\" class=\"yoast-schema-graph\">{\"@context\":\"https:\/\/schema.org\",\"@graph\":[{\"@type\":\"WebPage\",\"@id\":\"https:\/\/www.monteescalier.net\/france\/monte-escalier-pyrenees-orientales\/\",\"url\":\"https:\/\/www.monteescalier.net\/france\/monte-escalier-pyrenees-orientales\/\",\"name\":\"Monte escalier Pyr\u00e9n\u00e9es-Orientales, Perpignan - Monte escalier\",\"isPartOf\":{\"@id\":\"https:\/\/www.monteescalier.net\/france\/#website\"},\"primaryImageOfPage\":{\"@id\":\"https:\/\/www.monteescalier.net\/france\/monte-escalier-pyrenees-orientales\/#primaryimage\"},\"image\":{\"@id\":\"https:\/\/www.monteescalier.net\/france\/monte-escalier-pyrenees-orientales\/#primaryimage\"},\"thumbnailUrl\":\"https:\/\/www.monteescalier.net\/france\/wp-content\/uploads\/2014\/10\/4devis-monte-escalier-photo-490.png\",\"datePublished\":\"2023-10-23T14:42:58+00:00\",\"dateModified\":\"2024-05-15T16:00:03+00:00\",\"description\":\"Trouvez votre monte-escaliers avec nos partenaires installeurs sur les Pyr\u00e9n\u00e9es-Orientales, Perpignan, C\u00e9ret, Prades .\",\"breadcrumb\":{\"@id\":\"https:\/\/www.monteescalier.net\/france\/monte-escalier-pyrenees-orientales\/#breadcrumb\"},\"inLanguage\":\"fr-FR\",\"potentialAction\":[{\"@type\":\"ReadAction\",\"target\":[\"https:\/\/www.monteescalier.net\/france\/monte-escalier-pyrenees-orientales\/\"]}]},{\"@type\":\"ImageObject\",\"inLanguage\":\"fr-FR\",\"@id\":\"https:\/\/www.monteescalier.net\/france\/monte-escalier-pyrenees-orientales\/#primaryimage\",\"url\":\"https:\/\/www.monteescalier.net\/france\/wp-content\/uploads\/2014\/10\/4devis-monte-escalier-photo-490.png\",\"contentUrl\":\"https:\/\/www.monteescalier.net\/france\/wp-content\/uploads\/2014\/10\/4devis-monte-escalier-photo-490.png\",\"width\":490,\"height\":267},{\"@type\":\"BreadcrumbList\",\"@id\":\"https:\/\/www.monteescalier.net\/france\/monte-escalier-pyrenees-orientales\/#breadcrumb\",\"itemListElement\":[{\"@type\":\"ListItem\",\"position\":1,\"name\":\"Accueil\",\"item\":\"https:\/\/www.monteescalier.net\/france\/\"},{\"@type\":\"ListItem\",\"position\":2,\"name\":\"Monte escalier Pyr\u00e9n\u00e9es-Orientales, Perpignan\"}]},{\"@type\":\"WebSite\",\"@id\":\"https:\/\/www.monteescalier.net\/france\/#website\",\"url\":\"https:\/\/www.monteescalier.net\/france\/\",\"name\":\"Monte escalier\",\"description\":\"\",\"publisher\":{\"@id\":\"https:\/\/www.monteescalier.net\/france\/#organization\"},\"potentialAction\":[{\"@type\":\"SearchAction\",\"target\":{\"@type\":\"EntryPoint\",\"urlTemplate\":\"https:\/\/www.monteescalier.net\/france\/?s={search_term_string}\"},\"query-input\":{\"@type\":\"PropertyValueSpecification\",\"valueRequired\":true,\"valueName\":\"search_term_string\"}}],\"inLanguage\":\"fr-FR\"},{\"@type\":\"Organization\",\"@id\":\"https:\/\/www.monteescalier.net\/france\/#organization\",\"name\":\"monte-escalier.net\",\"url\":\"https:\/\/www.monteescalier.net\/france\/\",\"logo\":{\"@type\":\"ImageObject\",\"inLanguage\":\"fr-FR\",\"@id\":\"https:\/\/www.monteescalier.net\/france\/#\/schema\/logo\/image\/\",\"url\":\"https:\/\/www.monteescalier.net\/france\/wp-content\/uploads\/2016\/10\/4devis-mont-escalier-500-500.gif\",\"contentUrl\":\"https:\/\/www.monteescalier.net\/france\/wp-content\/uploads\/2016\/10\/4devis-mont-escalier-500-500.gif\",\"width\":500,\"height\":500,\"caption\":\"monte-escalier.net\"},\"image\":{\"@id\":\"https:\/\/www.monteescalier.net\/france\/#\/schema\/logo\/image\/\"}}]}<\/script>\n<!-- \/ Yoast SEO plugin. -->","yoast_head_json":{"title":"Monte escalier Pyr\u00e9n\u00e9es-Orientales, Perpignan - Monte escalier","description":"Trouvez votre monte-escaliers avec nos partenaires installeurs sur les Pyr\u00e9n\u00e9es-Orientales, Perpignan, C\u00e9ret, Prades .","robots":{"index":"index","follow":"follow","max-snippet":"max-snippet:-1","max-image-preview":"max-image-preview:large","max-video-preview":"max-video-preview:-1"},"canonical":"https:\/\/www.monteescalier.net\/france\/monte-escalier-pyrenees-orientales\/","og_locale":"fr_FR","og_type":"article","og_title":"Monte escalier Pyr\u00e9n\u00e9es-Orientales, Perpignan - Monte escalier","og_description":"Trouvez votre monte-escaliers avec nos partenaires installeurs sur les Pyr\u00e9n\u00e9es-Orientales, Perpignan, C\u00e9ret, Prades .","og_url":"https:\/\/www.monteescalier.net\/france\/monte-escalier-pyrenees-orientales\/","og_site_name":"Monte escalier","article_modified_time":"2024-05-15T16:00:03+00:00","og_image":[{"url":"https:\/\/www.monteescalier.net\/france\/wp-content\/uploads\/2014\/10\/4devis-monte-escalier-photo-490.png","type":"","width":"","height":""}],"twitter_card":"summary_large_image","twitter_misc":{"Dur\u00e9e de lecture estim\u00e9e":"2 minutes"},"schema":{"@context":"https:\/\/schema.org","@graph":[{"@type":"WebPage","@id":"https:\/\/www.monteescalier.net\/france\/monte-escalier-pyrenees-orientales\/","url":"https:\/\/www.monteescalier.net\/france\/monte-escalier-pyrenees-orientales\/","name":"Monte escalier Pyr\u00e9n\u00e9es-Orientales, Perpignan - Monte escalier","isPartOf":{"@id":"https:\/\/www.monteescalier.net\/france\/#website"},"primaryImageOfPage":{"@id":"https:\/\/www.monteescalier.net\/france\/monte-escalier-pyrenees-orientales\/#primaryimage"},"image":{"@id":"https:\/\/www.monteescalier.net\/france\/monte-escalier-pyrenees-orientales\/#primaryimage"},"thumbnailUrl":"https:\/\/www.monteescalier.net\/france\/wp-content\/uploads\/2014\/10\/4devis-monte-escalier-photo-490.png","datePublished":"2023-10-23T14:42:58+00:00","dateModified":"2024-05-15T16:00:03+00:00","description":"Trouvez votre monte-escaliers avec nos partenaires installeurs sur les Pyr\u00e9n\u00e9es-Orientales, Perpignan, C\u00e9ret, Prades .","breadcrumb":{"@id":"https:\/\/www.monteescalier.net\/france\/monte-escalier-pyrenees-orientales\/#breadcrumb"},"inLanguage":"fr-FR","potentialAction":[{"@type":"ReadAction","target":["https:\/\/www.monteescalier.net\/france\/monte-escalier-pyrenees-orientales\/"]}]},{"@type":"ImageObject","inLanguage":"fr-FR","@id":"https:\/\/www.monteescalier.net\/france\/monte-escalier-pyrenees-orientales\/#primaryimage","url":"https:\/\/www.monteescalier.net\/france\/wp-content\/uploads\/2014\/10\/4devis-monte-escalier-photo-490.png","contentUrl":"https:\/\/www.monteescalier.net\/france\/wp-content\/uploads\/2014\/10\/4devis-monte-escalier-photo-490.png","width":490,"height":267},{"@type":"BreadcrumbList","@id":"https:\/\/www.monteescalier.net\/france\/monte-escalier-pyrenees-orientales\/#breadcrumb","itemListElement":[{"@type":"ListItem","position":1,"name":"Accueil","item":"https:\/\/www.monteescalier.net\/france\/"},{"@type":"ListItem","position":2,"name":"Monte escalier Pyr\u00e9n\u00e9es-Orientales, Perpignan"}]},{"@type":"WebSite","@id":"https:\/\/www.monteescalier.net\/france\/#website","url":"https:\/\/www.monteescalier.net\/france\/","name":"Monte escalier","description":"","publisher":{"@id":"https:\/\/www.monteescalier.net\/france\/#organization"},"potentialAction":[{"@type":"SearchAction","target":{"@type":"EntryPoint","urlTemplate":"https:\/\/www.monteescalier.net\/france\/?s={search_term_string}"},"query-input":{"@type":"PropertyValueSpecification","valueRequired":true,"valueName":"search_term_string"}}],"inLanguage":"fr-FR"},{"@type":"Organization","@id":"https:\/\/www.monteescalier.net\/france\/#organization","name":"monte-escalier.net","url":"https:\/\/www.monteescalier.net\/france\/","logo":{"@type":"ImageObject","inLanguage":"fr-FR","@id":"https:\/\/www.monteescalier.net\/france\/#\/schema\/logo\/image\/","url":"https:\/\/www.monteescalier.net\/france\/wp-content\/uploads\/2016\/10\/4devis-mont-escalier-500-500.gif","contentUrl":"https:\/\/www.monteescalier.net\/france\/wp-content\/uploads\/2016\/10\/4devis-mont-escalier-500-500.gif","width":500,"height":500,"caption":"monte-escalier.net"},"image":{"@id":"https:\/\/www.monteescalier.net\/france\/#\/schema\/logo\/image\/"}}]}},"_links":{"self":[{"href":"https:\/\/www.monteescalier.net\/france\/wp-json\/wp\/v2\/pages\/297","targetHints":{"allow":["GET"]}}],"collection":[{"href":"https:\/\/www.monteescalier.net\/france\/wp-json\/wp\/v2\/pages"}],"about":[{"href":"https:\/\/www.monteescalier.net\/france\/wp-json\/wp\/v2\/types\/page"}],"author":[{"embeddable":true,"href":"https:\/\/www.monteescalier.net\/france\/wp-json\/wp\/v2\/users\/1"}],"replies":[{"embeddable":true,"href":"https:\/\/www.monteescalier.net\/france\/wp-json\/wp\/v2\/comments?post=297"}],"version-history":[{"count":6,"href":"https:\/\/www.monteescalier.net\/france\/wp-json\/wp\/v2\/pages\/297\/revisions"}],"predecessor-version":[{"id":9124,"href":"https:\/\/www.monteescalier.net\/france\/wp-json\/wp\/v2\/pages\/297\/revisions\/9124"}],"wp:attachment":[{"href":"https:\/\/www.monteescalier.net\/france\/wp-json\/wp\/v2\/media?parent=297"}],"curies":[{"name":"wp","href":"https:\/\/api.w.org\/{rel}","templated":true}]}}

Monte escalier Pyrénées-Orientales, Perpignan

<div class='content-column one_half'><div style="padding-right:19px;"><h1>L&rsquo;achat d&rsquo;un monte escalier dans les Pyrénées Orientales</h1>
<p><b>Installateurs, vendeurs et fabricants proche de chez vous :</b><br />
<a href="https://www.monteescalier.net/france/monte-escalier-perpignan/">Monte escalier à Perpignan</a><br />
<a href="https://www.monteescalier.net/france/monte-escalier-ceret/">Monte escalier à Céret</a><br />
<a href="https://www.monteescalier.net/france/monte-escalier-prades/">Monte escalier à Prades</a></p>
<p style="text-align: justify;">Se procurer un monte-escaliers doit être fait correctement : coût important du matériel, il faut y ajouter les frais d&rsquo;installation par un professionnel afin que votre monte escalier s&rsquo;adapte parfaitement à votre escalier.</p>
<p style="text-align: justify;">Dans le département des Pyrénées Orientales, le site monteescalier.net peut vous aider à faire le bon choix. Comment ? Tout simplement en vous mettant en rapport direct avec sa sélection d&rsquo;installateurs, vendeurs et fabricants de monte escalier présents dans le département.</p>
<p style="text-align: justify;">Il vous suffit pour cela de remplir un simple formulaire de contact, et ce, que vous soyez à Perpignan, Saint Estève, Argelès sur Mer, Saint Laurent de la Salanque, Céret, Thuir, Pia, Prades ou encore Canet en Roussillon, Saint Cyprien, Rivesaltes, Cabestany, Elne, Bompas et Le Boulou et vous serez contactés très rapidement par les professionnels du monte escalier sur votre département ainsi que par prestataires nationaux capables d&rsquo;intervenir dans votre département.</p>
<p style="text-align: justify;">Besoin de plus d&rsquo;informations avant de vous décider : utilisez notre formulaire de demande de documentation, il vous permettra de recevoir par courriel ou par voie postale des informations sur les modèles proposés par les différents fabricants et installateurs de monte escalier dans les Pyrénées Orientales.</p>
<p style="text-align: justify;">Et si vous voulez en discuter avec des pros du monte escalier par téléphone, utilisez notre demande de rappel : les experts du monte escalier du Languedoc Roussillon vous rappelleront rapidement et vous pourrez leur exposer votre problématique d&rsquo;installation pour qu&rsquo;ils y apportent leur meilleure solution de monte escalier pour votre maison.</p>
<div class="bouton">Cliquez ici pour obtenir des devis gratuitement</div>
<p>&nbsp;</p></div></div><div class='content-column one_half last_column'><a href="https://www.monteescalier.net/devis-gratuit.php" target="_blank" rel="noopener noreferrer"><img loading="lazy" decoding="async" class="alignnone size-full img_region" src="https://www.monteescalier.net/france/wp-content/uploads/2014/10/4devis-monte-escalier-photo-490.png" alt="pyrennees orientales" width="507" height="485" /></a><br />
<img loading="lazy" decoding="async" class="alignnone size-full img_region_2" src="https://www.monteescalier.net/france/wp-content/uploads/2013/07/pyrenneesorientales.jpg" alt="monte escalier pyrennees orientales" width="507" height="485" /></div><div class='clear_column'></div></p>

<!-- This site is optimized with the Yoast SEO plugin v26.3 - https://yoast.com/wordpress/plugins/seo/ -->
<title>Monte escalier Pyrénées-Orientales, Perpignan - Monte escalier</title>
<meta name="description" content="Trouvez votre monte-escaliers avec nos partenaires installeurs sur les Pyrénées-Orientales, Perpignan, Céret, Prades ." />
<meta name="robots" content="index, follow, max-snippet:-1, max-image-preview:large, max-video-preview:-1" />
<link rel="canonical" href="https://www.monteescalier.net/france/monte-escalier-pyrenees-orientales/" />
<meta property="og:locale" content="fr_FR" />
<meta property="og:type" content="article" />
<meta property="og:title" content="Monte escalier Pyrénées-Orientales, Perpignan - Monte escalier" />
<meta property="og:description" content="Trouvez votre monte-escaliers avec nos partenaires installeurs sur les Pyrénées-Orientales, Perpignan, Céret, Prades ." />
<meta property="og:url" content="https://www.monteescalier.net/france/monte-escalier-pyrenees-orientales/" />
<meta property="og:site_name" content="Monte escalier" />
<meta property="article:modified_time" content="2024-05-15T16:00:03+00:00" />
<meta property="og:image" content="https://www.monteescalier.net/france/wp-content/uploads/2014/10/4devis-monte-escalier-photo-490.png" />
<meta name="twitter:card" content="summary_large_image" />
<meta name="twitter:label1" content="Durée de lecture estimée" />
	<meta name="twitter:data1" content="2 minutes" />
<script type="application/ld+json" class="yoast-schema-graph">{"@context":"https://schema.org","@graph":[{"@type":"WebPage","@id":"https://www.monteescalier.net/france/monte-escalier-pyrenees-orientales/","url":"https://www.monteescalier.net/france/monte-escalier-pyrenees-orientales/","name":"Monte escalier Pyrénées-Orientales, Perpignan - Monte escalier","isPartOf":{"@id":"https://www.monteescalier.net/france/#website"},"primaryImageOfPage":{"@id":"https://www.monteescalier.net/france/monte-escalier-pyrenees-orientales/#primaryimage"},"image":{"@id":"https://www.monteescalier.net/france/monte-escalier-pyrenees-orientales/#primaryimage"},"thumbnailUrl":"https://www.monteescalier.net/france/wp-content/uploads/2014/10/4devis-monte-escalier-photo-490.png","datePublished":"2023-10-23T14:42:58+00:00","dateModified":"2024-05-15T16:00:03+00:00","description":"Trouvez votre monte-escaliers avec nos partenaires installeurs sur les Pyrénées-Orientales, Perpignan, Céret, Prades .","breadcrumb":{"@id":"https://www.monteescalier.net/france/monte-escalier-pyrenees-orientales/#breadcrumb"},"inLanguage":"fr-FR","potentialAction":[{"@type":"ReadAction","target":["https://www.monteescalier.net/france/monte-escalier-pyrenees-orientales/"]}]},{"@type":"ImageObject","inLanguage":"fr-FR","@id":"https://www.monteescalier.net/france/monte-escalier-pyrenees-orientales/#primaryimage","url":"https://www.monteescalier.net/france/wp-content/uploads/2014/10/4devis-monte-escalier-photo-490.png","contentUrl":"https://www.monteescalier.net/france/wp-content/uploads/2014/10/4devis-monte-escalier-photo-490.png","width":490,"height":267},{"@type":"BreadcrumbList","@id":"https://www.monteescalier.net/france/monte-escalier-pyrenees-orientales/#breadcrumb","itemListElement":[{"@type":"ListItem","position":1,"name":"Accueil","item":"https://www.monteescalier.net/france/"},{"@type":"ListItem","position":2,"name":"Monte escalier Pyrénées-Orientales, Perpignan"}]},{"@type":"WebSite","@id":"https://www.monteescalier.net/france/#website","url":"https://www.monteescalier.net/france/","name":"Monte escalier","description":"","publisher":{"@id":"https://www.monteescalier.net/france/#organization"},"potentialAction":[{"@type":"SearchAction","target":{"@type":"EntryPoint","urlTemplate":"https://www.monteescalier.net/france/?s={search_term_string}"},"query-input":{"@type":"PropertyValueSpecification","valueRequired":true,"valueName":"search_term_string"}}],"inLanguage":"fr-FR"},{"@type":"Organization","@id":"https://www.monteescalier.net/france/#organization","name":"monte-escalier.net","url":"https://www.monteescalier.net/france/","logo":{"@type":"ImageObject","inLanguage":"fr-FR","@id":"https://www.monteescalier.net/france/#/schema/logo/image/","url":"https://www.monteescalier.net/france/wp-content/uploads/2016/10/4devis-mont-escalier-500-500.gif","contentUrl":"https://www.monteescalier.net/france/wp-content/uploads/2016/10/4devis-mont-escalier-500-500.gif","width":500,"height":500,"caption":"monte-escalier.net"},"image":{"@id":"https://www.monteescalier.net/france/#/schema/logo/image/"}}]}</script>
<!-- / Yoast SEO plugin. -->

Monte escalier Pyrénées-Orientales, Perpignan - Monte escalier

Trouvez votre monte-escaliers avec nos partenaires installeurs sur les Pyrénées-Orientales, Perpignan, Céret, Prades .
