{"id":304,"date":"2023-07-24T12:06:25","date_gmt":"2023-07-24T11:06:25","guid":{"rendered":"https:\/\/www.monteescalier.net\/france\/?page_id=304"},"modified":"2024-05-15T16:43:13","modified_gmt":"2024-05-15T15:43:13","slug":"monte-escalier-gironde","status":"publish","type":"page","link":"https:\/\/www.monteescalier.net\/france\/monte-escalier-gironde\/","title":{"rendered":"Monte escalier Gironde, Monte escalier Bordeaux"},"content":{"rendered":"<div class='content-column one_half'><div style=\"padding-right:19px;\"><h1>Installer un monte escalier pr\u00e8s de Bordeaux en Gironde<\/h1>\n<p><b>Grandes villes dans la Gironde :<\/b><br \/>\n<a href=\"https:\/\/www.monteescalier.net\/france\/monte-escalier-bordeaux\/\">Les monte escaliers vers Bordeaux<\/a><br \/>\n<a href=\"https:\/\/www.monteescalier.net\/france\/monte-escalier-langon\/\">Les monte escaliers vers Langon<\/a><br \/>\n<a href=\"https:\/\/www.monteescalier.net\/france\/monte-escalier-blaye\/\">Les monte escaliers vers Blaye<\/a><\/p>\n<p style=\"text-align: justify;\">Vous pensez s\u00e9rieusement proc\u00e9der \u00e0 l&rsquo;installation d&rsquo;un monte escalier dans votre maison en Gironde? Vous ne connaissez pas les marques et les installateurs r\u00e9put\u00e9s, les prix des monte escalier et les grandes questions \u00e0 vous poser? Nous avons la solution. Compl\u00e9tez sur cette page un formulaire de contact en entrant toutes vos coordonn\u00e9es et vous serez mis en contact imm\u00e9diatement avec les op\u00e9rateurs qui comptent en Gironde sur le march\u00e9 des monte escaliers. Notre service est gratuit, sans interm\u00e9diaires et sans aucune obligation d&rsquo;achat. Testez notre s\u00e9lection d&rsquo;installateurs de monte escalier en Gironde, vous obtiendrez sans aucun doute les conditions les plus avantageuses pour l&rsquo;installation de votre monte escalier \u00e0 Bordeaux, Pessac, Villenave d&rsquo;Ornon, B\u00e8gles, Libourne, M\u00e9rignac, Talence, Saint M\u00e9dard en Jalles, La Teste de Buch et Le Bouscat.<\/p>\n<p style=\"text-align: justify;\">3 \u00e0 6 devis totalement gratuits c&rsquo;est ce \u00e0 quoi vous pouvez vous attendre avec notre service monteescalier.net en Gironde, et rappelons le c&rsquo;est absolument sans engagement. Vous avez un projet monte escalier \u00e0 Blanquefort, Cestas, Gradignan, Lormont, Floirac, Cenon, Eysines ou Gujan Mestras, tous nos revendeurs de monte escalier s\u00e9lectionn\u00e9s par nos soins sont sur le pont pour r\u00e9pondre \u00e0 vos questions et les probl\u00e9matiques sp\u00e9cifiques \u00e0 votre logement.<\/p>\n<p style=\"text-align: justify;\">Vous n&rsquo;\u00eates pas encore s\u00fbrs de vous alors servez vous des conseils de nos partenaires expert monteescalier.net, interrogez les (avec la demande de rappel), comparez leurs offres et choisissez en toute s\u00e9r\u00e9nit\u00e9.<\/p>\n<p><a class=\"bt_lien\" href=\"https:\/\/www.monteescalier.net\/france\/demande-de-devis\/\"><\/p>\n<div class=\"bouton\">Cliquez ici pour avoir acc\u00e8s \u00e0 4 devis gratuitement<\/div>\n<p><\/a><br \/>\n&nbsp;<br \/><\/div><\/div><div class='content-column one_half last_column'><a href=\"https:\/\/www.monteescalier.net\/devis-gratuit.php\" target=\"_blank\" rel=\"noopener\"><img loading=\"lazy\" decoding=\"async\" class=\"alignnone size-full img_region\" src=\"https:\/\/www.monteescalier.net\/france\/wp-content\/uploads\/2014\/10\/4devis-monte-escalier-photo-490.png\" alt=\"monte escalier gironde\" width=\"507\" height=\"485\" \/><\/a><br \/>\n<img loading=\"lazy\" decoding=\"async\" class=\"alignnone size-full img_region_2\" src=\"https:\/\/www.monteescalier.net\/france\/wp-content\/uploads\/2013\/07\/gironde.jpg\" alt=\"gironde monte escalier bordeaux\" width=\"507\" height=\"485\" \/><\/div><div class='clear_column'><\/div><\/p>\n","protected":false},"excerpt":{"rendered":"","protected":false},"author":1,"featured_media":0,"parent":0,"menu_order":0,"comment_status":"open","ping_status":"closed","template":"template1.php","meta":{"_monsterinsights_skip_tracking":false,"_monsterinsights_sitenote_active":false,"_monsterinsights_sitenote_note":"","_monsterinsights_sitenote_category":0,"footnotes":""},"class_list":["post-304","page","type-page","status-publish","hentry"],"yoast_head":"<!-- This site is optimized with the Yoast SEO plugin v26.3 - https:\/\/yoast.com\/wordpress\/plugins\/seo\/ -->\n<title>Monte escalier Gironde, Monte escalier Bordeaux - Monte escalier<\/title>\n<meta name=\"description\" content=\"Monter l&#039;escalier n&#039;a jamais \u00e9t\u00e9 aussi simple ! Monte-escalier : Gironde, Bordeaux, Langon, Blaye.\" \/>\n<meta name=\"robots\" content=\"index, follow, max-snippet:-1, max-image-preview:large, max-video-preview:-1\" \/>\n<link rel=\"canonical\" href=\"https:\/\/www.monteescalier.net\/france\/monte-escalier-gironde\/\" \/>\n<meta property=\"og:locale\" content=\"fr_FR\" \/>\n<meta property=\"og:type\" content=\"article\" \/>\n<meta property=\"og:title\" content=\"Monte escalier Gironde, Monte escalier Bordeaux - Monte escalier\" \/>\n<meta property=\"og:description\" content=\"Monter l&#039;escalier n&#039;a jamais \u00e9t\u00e9 aussi simple ! Monte-escalier : Gironde, Bordeaux, Langon, Blaye.\" \/>\n<meta property=\"og:url\" content=\"https:\/\/www.monteescalier.net\/france\/monte-escalier-gironde\/\" \/>\n<meta property=\"og:site_name\" content=\"Monte escalier\" \/>\n<meta property=\"article:modified_time\" content=\"2024-05-15T15:43:13+00:00\" \/>\n<meta property=\"og:image\" content=\"https:\/\/www.monteescalier.net\/france\/wp-content\/uploads\/2014\/10\/4devis-monte-escalier-photo-490.png\" \/>\n<meta name=\"twitter:card\" content=\"summary_large_image\" \/>\n<meta name=\"twitter:label1\" content=\"Dur\u00e9e de lecture estim\u00e9e\" \/>\n\t<meta name=\"twitter:data1\" content=\"1 minute\" \/>\n<script type=\"application\/ld+json\" class=\"yoast-schema-graph\">{\"@context\":\"https:\/\/schema.org\",\"@graph\":[{\"@type\":\"WebPage\",\"@id\":\"https:\/\/www.monteescalier.net\/france\/monte-escalier-gironde\/\",\"url\":\"https:\/\/www.monteescalier.net\/france\/monte-escalier-gironde\/\",\"name\":\"Monte escalier Gironde, Monte escalier Bordeaux - Monte escalier\",\"isPartOf\":{\"@id\":\"https:\/\/www.monteescalier.net\/france\/#website\"},\"primaryImageOfPage\":{\"@id\":\"https:\/\/www.monteescalier.net\/france\/monte-escalier-gironde\/#primaryimage\"},\"image\":{\"@id\":\"https:\/\/www.monteescalier.net\/france\/monte-escalier-gironde\/#primaryimage\"},\"thumbnailUrl\":\"https:\/\/www.monteescalier.net\/france\/wp-content\/uploads\/2014\/10\/4devis-monte-escalier-photo-490.png\",\"datePublished\":\"2023-07-24T11:06:25+00:00\",\"dateModified\":\"2024-05-15T15:43:13+00:00\",\"description\":\"Monter l'escalier n'a jamais \u00e9t\u00e9 aussi simple ! Monte-escalier : Gironde, Bordeaux, Langon, Blaye.\",\"breadcrumb\":{\"@id\":\"https:\/\/www.monteescalier.net\/france\/monte-escalier-gironde\/#breadcrumb\"},\"inLanguage\":\"fr-FR\",\"potentialAction\":[{\"@type\":\"ReadAction\",\"target\":[\"https:\/\/www.monteescalier.net\/france\/monte-escalier-gironde\/\"]}]},{\"@type\":\"ImageObject\",\"inLanguage\":\"fr-FR\",\"@id\":\"https:\/\/www.monteescalier.net\/france\/monte-escalier-gironde\/#primaryimage\",\"url\":\"https:\/\/www.monteescalier.net\/france\/wp-content\/uploads\/2014\/10\/4devis-monte-escalier-photo-490.png\",\"contentUrl\":\"https:\/\/www.monteescalier.net\/france\/wp-content\/uploads\/2014\/10\/4devis-monte-escalier-photo-490.png\",\"width\":490,\"height\":267},{\"@type\":\"BreadcrumbList\",\"@id\":\"https:\/\/www.monteescalier.net\/france\/monte-escalier-gironde\/#breadcrumb\",\"itemListElement\":[{\"@type\":\"ListItem\",\"position\":1,\"name\":\"Accueil\",\"item\":\"https:\/\/www.monteescalier.net\/france\/\"},{\"@type\":\"ListItem\",\"position\":2,\"name\":\"Monte escalier Gironde, Monte escalier Bordeaux\"}]},{\"@type\":\"WebSite\",\"@id\":\"https:\/\/www.monteescalier.net\/france\/#website\",\"url\":\"https:\/\/www.monteescalier.net\/france\/\",\"name\":\"Monte escalier\",\"description\":\"\",\"publisher\":{\"@id\":\"https:\/\/www.monteescalier.net\/france\/#organization\"},\"potentialAction\":[{\"@type\":\"SearchAction\",\"target\":{\"@type\":\"EntryPoint\",\"urlTemplate\":\"https:\/\/www.monteescalier.net\/france\/?s={search_term_string}\"},\"query-input\":{\"@type\":\"PropertyValueSpecification\",\"valueRequired\":true,\"valueName\":\"search_term_string\"}}],\"inLanguage\":\"fr-FR\"},{\"@type\":\"Organization\",\"@id\":\"https:\/\/www.monteescalier.net\/france\/#organization\",\"name\":\"monte-escalier.net\",\"url\":\"https:\/\/www.monteescalier.net\/france\/\",\"logo\":{\"@type\":\"ImageObject\",\"inLanguage\":\"fr-FR\",\"@id\":\"https:\/\/www.monteescalier.net\/france\/#\/schema\/logo\/image\/\",\"url\":\"https:\/\/www.monteescalier.net\/france\/wp-content\/uploads\/2016\/10\/4devis-mont-escalier-500-500.gif\",\"contentUrl\":\"https:\/\/www.monteescalier.net\/france\/wp-content\/uploads\/2016\/10\/4devis-mont-escalier-500-500.gif\",\"width\":500,\"height\":500,\"caption\":\"monte-escalier.net\"},\"image\":{\"@id\":\"https:\/\/www.monteescalier.net\/france\/#\/schema\/logo\/image\/\"}}]}<\/script>\n<!-- \/ Yoast SEO plugin. -->","yoast_head_json":{"title":"Monte escalier Gironde, Monte escalier Bordeaux - Monte escalier","description":"Monter l'escalier n'a jamais \u00e9t\u00e9 aussi simple ! Monte-escalier : Gironde, Bordeaux, Langon, Blaye.","robots":{"index":"index","follow":"follow","max-snippet":"max-snippet:-1","max-image-preview":"max-image-preview:large","max-video-preview":"max-video-preview:-1"},"canonical":"https:\/\/www.monteescalier.net\/france\/monte-escalier-gironde\/","og_locale":"fr_FR","og_type":"article","og_title":"Monte escalier Gironde, Monte escalier Bordeaux - Monte escalier","og_description":"Monter l'escalier n'a jamais \u00e9t\u00e9 aussi simple ! Monte-escalier : Gironde, Bordeaux, Langon, Blaye.","og_url":"https:\/\/www.monteescalier.net\/france\/monte-escalier-gironde\/","og_site_name":"Monte escalier","article_modified_time":"2024-05-15T15:43:13+00:00","og_image":[{"url":"https:\/\/www.monteescalier.net\/france\/wp-content\/uploads\/2014\/10\/4devis-monte-escalier-photo-490.png","type":"","width":"","height":""}],"twitter_card":"summary_large_image","twitter_misc":{"Dur\u00e9e de lecture estim\u00e9e":"1 minute"},"schema":{"@context":"https:\/\/schema.org","@graph":[{"@type":"WebPage","@id":"https:\/\/www.monteescalier.net\/france\/monte-escalier-gironde\/","url":"https:\/\/www.monteescalier.net\/france\/monte-escalier-gironde\/","name":"Monte escalier Gironde, Monte escalier Bordeaux - Monte escalier","isPartOf":{"@id":"https:\/\/www.monteescalier.net\/france\/#website"},"primaryImageOfPage":{"@id":"https:\/\/www.monteescalier.net\/france\/monte-escalier-gironde\/#primaryimage"},"image":{"@id":"https:\/\/www.monteescalier.net\/france\/monte-escalier-gironde\/#primaryimage"},"thumbnailUrl":"https:\/\/www.monteescalier.net\/france\/wp-content\/uploads\/2014\/10\/4devis-monte-escalier-photo-490.png","datePublished":"2023-07-24T11:06:25+00:00","dateModified":"2024-05-15T15:43:13+00:00","description":"Monter l'escalier n'a jamais \u00e9t\u00e9 aussi simple ! Monte-escalier : Gironde, Bordeaux, Langon, Blaye.","breadcrumb":{"@id":"https:\/\/www.monteescalier.net\/france\/monte-escalier-gironde\/#breadcrumb"},"inLanguage":"fr-FR","potentialAction":[{"@type":"ReadAction","target":["https:\/\/www.monteescalier.net\/france\/monte-escalier-gironde\/"]}]},{"@type":"ImageObject","inLanguage":"fr-FR","@id":"https:\/\/www.monteescalier.net\/france\/monte-escalier-gironde\/#primaryimage","url":"https:\/\/www.monteescalier.net\/france\/wp-content\/uploads\/2014\/10\/4devis-monte-escalier-photo-490.png","contentUrl":"https:\/\/www.monteescalier.net\/france\/wp-content\/uploads\/2014\/10\/4devis-monte-escalier-photo-490.png","width":490,"height":267},{"@type":"BreadcrumbList","@id":"https:\/\/www.monteescalier.net\/france\/monte-escalier-gironde\/#breadcrumb","itemListElement":[{"@type":"ListItem","position":1,"name":"Accueil","item":"https:\/\/www.monteescalier.net\/france\/"},{"@type":"ListItem","position":2,"name":"Monte escalier Gironde, Monte escalier Bordeaux"}]},{"@type":"WebSite","@id":"https:\/\/www.monteescalier.net\/france\/#website","url":"https:\/\/www.monteescalier.net\/france\/","name":"Monte escalier","description":"","publisher":{"@id":"https:\/\/www.monteescalier.net\/france\/#organization"},"potentialAction":[{"@type":"SearchAction","target":{"@type":"EntryPoint","urlTemplate":"https:\/\/www.monteescalier.net\/france\/?s={search_term_string}"},"query-input":{"@type":"PropertyValueSpecification","valueRequired":true,"valueName":"search_term_string"}}],"inLanguage":"fr-FR"},{"@type":"Organization","@id":"https:\/\/www.monteescalier.net\/france\/#organization","name":"monte-escalier.net","url":"https:\/\/www.monteescalier.net\/france\/","logo":{"@type":"ImageObject","inLanguage":"fr-FR","@id":"https:\/\/www.monteescalier.net\/france\/#\/schema\/logo\/image\/","url":"https:\/\/www.monteescalier.net\/france\/wp-content\/uploads\/2016\/10\/4devis-mont-escalier-500-500.gif","contentUrl":"https:\/\/www.monteescalier.net\/france\/wp-content\/uploads\/2016\/10\/4devis-mont-escalier-500-500.gif","width":500,"height":500,"caption":"monte-escalier.net"},"image":{"@id":"https:\/\/www.monteescalier.net\/france\/#\/schema\/logo\/image\/"}}]}},"_links":{"self":[{"href":"https:\/\/www.monteescalier.net\/france\/wp-json\/wp\/v2\/pages\/304","targetHints":{"allow":["GET"]}}],"collection":[{"href":"https:\/\/www.monteescalier.net\/france\/wp-json\/wp\/v2\/pages"}],"about":[{"href":"https:\/\/www.monteescalier.net\/france\/wp-json\/wp\/v2\/types\/page"}],"author":[{"embeddable":true,"href":"https:\/\/www.monteescalier.net\/france\/wp-json\/wp\/v2\/users\/1"}],"replies":[{"embeddable":true,"href":"https:\/\/www.monteescalier.net\/france\/wp-json\/wp\/v2\/comments?post=304"}],"version-history":[{"count":5,"href":"https:\/\/www.monteescalier.net\/france\/wp-json\/wp\/v2\/pages\/304\/revisions"}],"predecessor-version":[{"id":9087,"href":"https:\/\/www.monteescalier.net\/france\/wp-json\/wp\/v2\/pages\/304\/revisions\/9087"}],"wp:attachment":[{"href":"https:\/\/www.monteescalier.net\/france\/wp-json\/wp\/v2\/media?parent=304"}],"curies":[{"name":"wp","href":"https:\/\/api.w.org\/{rel}","templated":true}]}}

<div class='content-column one_half'><div style="padding-right:19px;"><h1>Installer un monte escalier près de Bordeaux en Gironde</h1>
<p><b>Grandes villes dans la Gironde :</b><br />
<a href="https://www.monteescalier.net/france/monte-escalier-bordeaux/">Les monte escaliers vers Bordeaux</a><br />
<a href="https://www.monteescalier.net/france/monte-escalier-langon/">Les monte escaliers vers Langon</a><br />
<a href="https://www.monteescalier.net/france/monte-escalier-blaye/">Les monte escaliers vers Blaye</a></p>
<p style="text-align: justify;">Vous pensez sérieusement procéder à l&rsquo;installation d&rsquo;un monte escalier dans votre maison en Gironde? Vous ne connaissez pas les marques et les installateurs réputés, les prix des monte escalier et les grandes questions à vous poser? Nous avons la solution. Complétez sur cette page un formulaire de contact en entrant toutes vos coordonnées et vous serez mis en contact immédiatement avec les opérateurs qui comptent en Gironde sur le marché des monte escaliers. Notre service est gratuit, sans intermédiaires et sans aucune obligation d&rsquo;achat. Testez notre sélection d&rsquo;installateurs de monte escalier en Gironde, vous obtiendrez sans aucun doute les conditions les plus avantageuses pour l&rsquo;installation de votre monte escalier à Bordeaux, Pessac, Villenave d&rsquo;Ornon, Bègles, Libourne, Mérignac, Talence, Saint Médard en Jalles, La Teste de Buch et Le Bouscat.</p>
<p style="text-align: justify;">3 à 6 devis totalement gratuits c&rsquo;est ce à quoi vous pouvez vous attendre avec notre service monteescalier.net en Gironde, et rappelons le c&rsquo;est absolument sans engagement. Vous avez un projet monte escalier à Blanquefort, Cestas, Gradignan, Lormont, Floirac, Cenon, Eysines ou Gujan Mestras, tous nos revendeurs de monte escalier sélectionnés par nos soins sont sur le pont pour répondre à vos questions et les problématiques spécifiques à votre logement.</p>
<p style="text-align: justify;">Vous n&rsquo;êtes pas encore sûrs de vous alors servez vous des conseils de nos partenaires expert monteescalier.net, interrogez les (avec la demande de rappel), comparez leurs offres et choisissez en toute sérénité.</p>
<p><a class="bt_lien" href="https://www.monteescalier.net/france/demande-de-devis/"></p>
<div class="bouton">Cliquez ici pour avoir accès à 4 devis gratuitement</div>
<p></a><br />
&nbsp;<br /></div></div><div class='content-column one_half last_column'><a href="https://www.monteescalier.net/devis-gratuit.php" target="_blank" rel="noopener"><img loading="lazy" decoding="async" class="alignnone size-full img_region" src="https://www.monteescalier.net/france/wp-content/uploads/2014/10/4devis-monte-escalier-photo-490.png" alt="monte escalier gironde" width="507" height="485" /></a><br />
<img loading="lazy" decoding="async" class="alignnone size-full img_region_2" src="https://www.monteescalier.net/france/wp-content/uploads/2013/07/gironde.jpg" alt="gironde monte escalier bordeaux" width="507" height="485" /></div><div class='clear_column'></div></p>

<!-- This site is optimized with the Yoast SEO plugin v26.3 - https://yoast.com/wordpress/plugins/seo/ -->
<title>Monte escalier Gironde, Monte escalier Bordeaux - Monte escalier</title>
<meta name="description" content="Monter l&#039;escalier n&#039;a jamais été aussi simple ! Monte-escalier : Gironde, Bordeaux, Langon, Blaye." />
<meta name="robots" content="index, follow, max-snippet:-1, max-image-preview:large, max-video-preview:-1" />
<link rel="canonical" href="https://www.monteescalier.net/france/monte-escalier-gironde/" />
<meta property="og:locale" content="fr_FR" />
<meta property="og:type" content="article" />
<meta property="og:title" content="Monte escalier Gironde, Monte escalier Bordeaux - Monte escalier" />
<meta property="og:description" content="Monter l&#039;escalier n&#039;a jamais été aussi simple ! Monte-escalier : Gironde, Bordeaux, Langon, Blaye." />
<meta property="og:url" content="https://www.monteescalier.net/france/monte-escalier-gironde/" />
<meta property="og:site_name" content="Monte escalier" />
<meta property="article:modified_time" content="2024-05-15T15:43:13+00:00" />
<meta property="og:image" content="https://www.monteescalier.net/france/wp-content/uploads/2014/10/4devis-monte-escalier-photo-490.png" />
<meta name="twitter:card" content="summary_large_image" />
<meta name="twitter:label1" content="Durée de lecture estimée" />
	<meta name="twitter:data1" content="1 minute" />
<script type="application/ld+json" class="yoast-schema-graph">{"@context":"https://schema.org","@graph":[{"@type":"WebPage","@id":"https://www.monteescalier.net/france/monte-escalier-gironde/","url":"https://www.monteescalier.net/france/monte-escalier-gironde/","name":"Monte escalier Gironde, Monte escalier Bordeaux - Monte escalier","isPartOf":{"@id":"https://www.monteescalier.net/france/#website"},"primaryImageOfPage":{"@id":"https://www.monteescalier.net/france/monte-escalier-gironde/#primaryimage"},"image":{"@id":"https://www.monteescalier.net/france/monte-escalier-gironde/#primaryimage"},"thumbnailUrl":"https://www.monteescalier.net/france/wp-content/uploads/2014/10/4devis-monte-escalier-photo-490.png","datePublished":"2023-07-24T11:06:25+00:00","dateModified":"2024-05-15T15:43:13+00:00","description":"Monter l'escalier n'a jamais été aussi simple ! Monte-escalier : Gironde, Bordeaux, Langon, Blaye.","breadcrumb":{"@id":"https://www.monteescalier.net/france/monte-escalier-gironde/#breadcrumb"},"inLanguage":"fr-FR","potentialAction":[{"@type":"ReadAction","target":["https://www.monteescalier.net/france/monte-escalier-gironde/"]}]},{"@type":"ImageObject","inLanguage":"fr-FR","@id":"https://www.monteescalier.net/france/monte-escalier-gironde/#primaryimage","url":"https://www.monteescalier.net/france/wp-content/uploads/2014/10/4devis-monte-escalier-photo-490.png","contentUrl":"https://www.monteescalier.net/france/wp-content/uploads/2014/10/4devis-monte-escalier-photo-490.png","width":490,"height":267},{"@type":"BreadcrumbList","@id":"https://www.monteescalier.net/france/monte-escalier-gironde/#breadcrumb","itemListElement":[{"@type":"ListItem","position":1,"name":"Accueil","item":"https://www.monteescalier.net/france/"},{"@type":"ListItem","position":2,"name":"Monte escalier Gironde, Monte escalier Bordeaux"}]},{"@type":"WebSite","@id":"https://www.monteescalier.net/france/#website","url":"https://www.monteescalier.net/france/","name":"Monte escalier","description":"","publisher":{"@id":"https://www.monteescalier.net/france/#organization"},"potentialAction":[{"@type":"SearchAction","target":{"@type":"EntryPoint","urlTemplate":"https://www.monteescalier.net/france/?s={search_term_string}"},"query-input":{"@type":"PropertyValueSpecification","valueRequired":true,"valueName":"search_term_string"}}],"inLanguage":"fr-FR"},{"@type":"Organization","@id":"https://www.monteescalier.net/france/#organization","name":"monte-escalier.net","url":"https://www.monteescalier.net/france/","logo":{"@type":"ImageObject","inLanguage":"fr-FR","@id":"https://www.monteescalier.net/france/#/schema/logo/image/","url":"https://www.monteescalier.net/france/wp-content/uploads/2016/10/4devis-mont-escalier-500-500.gif","contentUrl":"https://www.monteescalier.net/france/wp-content/uploads/2016/10/4devis-mont-escalier-500-500.gif","width":500,"height":500,"caption":"monte-escalier.net"},"image":{"@id":"https://www.monteescalier.net/france/#/schema/logo/image/"}}]}</script>
<!-- / Yoast SEO plugin. -->

Monter l'escalier n'a jamais été aussi simple ! Monte-escalier : Gironde, Bordeaux, Langon, Blaye.
