{"id":307,"date":"2023-07-24T12:19:15","date_gmt":"2023-07-24T11:19:15","guid":{"rendered":"https:\/\/www.monteescalier.net\/france\/?page_id=307"},"modified":"2024-05-15T16:50:54","modified_gmt":"2024-05-15T15:50:54","slug":"monte-escalier-lot-et-garonne","status":"publish","type":"page","link":"https:\/\/www.monteescalier.net\/france\/monte-escalier-lot-et-garonne\/","title":{"rendered":"Monte escalier Lot-et-Garonne, Agen"},"content":{"rendered":"<div class='content-column one_half'><div style=\"padding-right:19px;\"><h1>Acheter un monte escalier dans le Lot et Garonne<\/h1>\n<p><b>Les professionnels sur le d\u00e9partement :<\/b><br \/>\n<a href=\"https:\/\/www.monteescalier.net\/france\/monte-escalier-agen\/\">Monte escalier vers Agen<\/a><br \/>\n<a href=\"https:\/\/www.monteescalier.net\/france\/monte-escalier-villeneuve-sur-lot\/\">Monte escalier vers Villeneuve-sur-Lot<\/a><br \/>\n<a href=\"https:\/\/www.monteescalier.net\/france\/monte-escalier-marmande\/\">Monte escalier vers Marmande<\/a><\/p>\n<p style=\"text-align: justify;\">Pour faire installer votre monte escalier dans le Lot et Garonne \u00e0 Agen, Marmande, Tonneins, Sainte Livrade sur Lot, Villeneuve sur Lot, Le Passage, N\u00e9rac et Bon-Encontre le site monteescalier.net va vous aider. Nous avons s\u00e9lectionn\u00e9 pour vous plusieurs vendeurs, installateurs et fabricants de monte escalier couvrant le d\u00e9partement du Lot et Garonne et nous allons vous mettre en contact direct avec eux. Vous avez simplement \u00e0 compl\u00e9ter un formulaire en omettant pas vos coordonn\u00e9es et vous allez \u00eatre contact\u00e9s par nos professionnels du monte escalier sur le d\u00e9partement. Ils s&rsquo;engagent tous \u00e0 vous proposer sans obligation d&rsquo;achat un devis enti\u00e8rement gratuit pour la pose de votre monte escalier.<\/p>\n<p style=\"text-align: justify;\">Bien entendu, notre offre ne se limite pas aux seules grandes agglom\u00e9rations du d\u00e9partement du Lot et Garonne, \u00e0 Bias, Layrac, Fumel, Casteljaloux, Fumel, Aiguillon, Miramont de Guyenne et Foulayronnes, vous \u00eates tout autant concern\u00e9s par nos offres de services gratuits et en particulier la demande de devis: c&rsquo;est l&rsquo;assurance de recevoir plusieurs devis gratuits de prestataires diff\u00e9rents et sans s&rsquo;engager.<\/p>\n<p style=\"text-align: justify;\">Vous avez besoin de plus d&rsquo;informations pour votre projet de monte escalier, faites une demande de rappel. Chaque projet a ses sp\u00e9cificit\u00e9s, cela vous donnera l&rsquo;occasion de comparer les solutions techniques propos\u00e9es par les uns et les autres et donc, in fine, de faire de bons choix pour l&rsquo;installation de votre monte escalier dans le Lot et Garonne.<\/p>\n<p><a class=\"bt_lien\" href=\"https:\/\/www.monteescalier.net\/france\/demande-de-devis\/\"><\/p>\n<div class=\"bouton\">Cliquez ici pour recevoir 4 devis tr\u00e8s rapidement<\/div>\n<p><\/a><br \/>\n&nbsp;<\/p><\/div><\/div><div class='content-column one_half last_column'><a href=\"https:\/\/www.monteescalier.net\/devis-gratuit.php\" target=\"_blank\" rel=\"noopener\"><img loading=\"lazy\" decoding=\"async\" class=\"alignnone size-full img_region\" src=\"https:\/\/www.monteescalier.net\/france\/wp-content\/uploads\/2014\/10\/4devis-monte-escalier-photo-490.png\" alt=\"lot et garonne\" width=\"507\" height=\"485\" \/><\/a><br \/>\n<img loading=\"lazy\" decoding=\"async\" class=\"alignnone size-full img_region_2\" src=\"https:\/\/www.monteescalier.net\/france\/wp-content\/uploads\/2013\/07\/lotetgaronne.jpg\" alt=\"lot et garonne\" width=\"507\" height=\"485\" \/><\/div><div class='clear_column'><\/div><\/p>\n","protected":false},"excerpt":{"rendered":"","protected":false},"author":1,"featured_media":0,"parent":0,"menu_order":0,"comment_status":"open","ping_status":"closed","template":"template2.php","meta":{"_monsterinsights_skip_tracking":false,"_monsterinsights_sitenote_active":false,"_monsterinsights_sitenote_note":"","_monsterinsights_sitenote_category":0,"footnotes":""},"class_list":["post-307","page","type-page","status-publish","hentry"],"yoast_head":"<!-- This site is optimized with the Yoast SEO plugin v26.3 - https:\/\/yoast.com\/wordpress\/plugins\/seo\/ -->\n<title>Monte escalier Lot-et-Garonne, Agen - Monte escalier<\/title>\n<meta name=\"description\" content=\"Nos meilleurs monte escalier pr\u00e9sent en Lot-et-Garonne : Agen, Villneuve-sur-lot, Marmande.\" \/>\n<meta name=\"robots\" content=\"index, follow, max-snippet:-1, max-image-preview:large, max-video-preview:-1\" \/>\n<link rel=\"canonical\" href=\"https:\/\/www.monteescalier.net\/france\/monte-escalier-lot-et-garonne\/\" \/>\n<meta property=\"og:locale\" content=\"fr_FR\" \/>\n<meta property=\"og:type\" content=\"article\" \/>\n<meta property=\"og:title\" content=\"Monte escalier Lot-et-Garonne, Agen - Monte escalier\" \/>\n<meta property=\"og:description\" content=\"Nos meilleurs monte escalier pr\u00e9sent en Lot-et-Garonne : Agen, Villneuve-sur-lot, Marmande.\" \/>\n<meta property=\"og:url\" content=\"https:\/\/www.monteescalier.net\/france\/monte-escalier-lot-et-garonne\/\" \/>\n<meta property=\"og:site_name\" content=\"Monte escalier\" \/>\n<meta property=\"article:modified_time\" content=\"2024-05-15T15:50:54+00:00\" \/>\n<meta property=\"og:image\" content=\"https:\/\/www.monteescalier.net\/france\/wp-content\/uploads\/2014\/10\/4devis-monte-escalier-photo-490.png\" \/>\n<meta name=\"twitter:card\" content=\"summary_large_image\" \/>\n<meta name=\"twitter:label1\" content=\"Dur\u00e9e de lecture estim\u00e9e\" \/>\n\t<meta name=\"twitter:data1\" content=\"1 minute\" \/>\n<script type=\"application\/ld+json\" class=\"yoast-schema-graph\">{\"@context\":\"https:\/\/schema.org\",\"@graph\":[{\"@type\":\"WebPage\",\"@id\":\"https:\/\/www.monteescalier.net\/france\/monte-escalier-lot-et-garonne\/\",\"url\":\"https:\/\/www.monteescalier.net\/france\/monte-escalier-lot-et-garonne\/\",\"name\":\"Monte escalier Lot-et-Garonne, Agen - Monte escalier\",\"isPartOf\":{\"@id\":\"https:\/\/www.monteescalier.net\/france\/#website\"},\"primaryImageOfPage\":{\"@id\":\"https:\/\/www.monteescalier.net\/france\/monte-escalier-lot-et-garonne\/#primaryimage\"},\"image\":{\"@id\":\"https:\/\/www.monteescalier.net\/france\/monte-escalier-lot-et-garonne\/#primaryimage\"},\"thumbnailUrl\":\"https:\/\/www.monteescalier.net\/france\/wp-content\/uploads\/2014\/10\/4devis-monte-escalier-photo-490.png\",\"datePublished\":\"2023-07-24T11:19:15+00:00\",\"dateModified\":\"2024-05-15T15:50:54+00:00\",\"description\":\"Nos meilleurs monte escalier pr\u00e9sent en Lot-et-Garonne : Agen, Villneuve-sur-lot, Marmande.\",\"breadcrumb\":{\"@id\":\"https:\/\/www.monteescalier.net\/france\/monte-escalier-lot-et-garonne\/#breadcrumb\"},\"inLanguage\":\"fr-FR\",\"potentialAction\":[{\"@type\":\"ReadAction\",\"target\":[\"https:\/\/www.monteescalier.net\/france\/monte-escalier-lot-et-garonne\/\"]}]},{\"@type\":\"ImageObject\",\"inLanguage\":\"fr-FR\",\"@id\":\"https:\/\/www.monteescalier.net\/france\/monte-escalier-lot-et-garonne\/#primaryimage\",\"url\":\"https:\/\/www.monteescalier.net\/france\/wp-content\/uploads\/2014\/10\/4devis-monte-escalier-photo-490.png\",\"contentUrl\":\"https:\/\/www.monteescalier.net\/france\/wp-content\/uploads\/2014\/10\/4devis-monte-escalier-photo-490.png\",\"width\":490,\"height\":267},{\"@type\":\"BreadcrumbList\",\"@id\":\"https:\/\/www.monteescalier.net\/france\/monte-escalier-lot-et-garonne\/#breadcrumb\",\"itemListElement\":[{\"@type\":\"ListItem\",\"position\":1,\"name\":\"Accueil\",\"item\":\"https:\/\/www.monteescalier.net\/france\/\"},{\"@type\":\"ListItem\",\"position\":2,\"name\":\"Monte escalier Lot-et-Garonne, Agen\"}]},{\"@type\":\"WebSite\",\"@id\":\"https:\/\/www.monteescalier.net\/france\/#website\",\"url\":\"https:\/\/www.monteescalier.net\/france\/\",\"name\":\"Monte escalier\",\"description\":\"\",\"publisher\":{\"@id\":\"https:\/\/www.monteescalier.net\/france\/#organization\"},\"potentialAction\":[{\"@type\":\"SearchAction\",\"target\":{\"@type\":\"EntryPoint\",\"urlTemplate\":\"https:\/\/www.monteescalier.net\/france\/?s={search_term_string}\"},\"query-input\":{\"@type\":\"PropertyValueSpecification\",\"valueRequired\":true,\"valueName\":\"search_term_string\"}}],\"inLanguage\":\"fr-FR\"},{\"@type\":\"Organization\",\"@id\":\"https:\/\/www.monteescalier.net\/france\/#organization\",\"name\":\"monte-escalier.net\",\"url\":\"https:\/\/www.monteescalier.net\/france\/\",\"logo\":{\"@type\":\"ImageObject\",\"inLanguage\":\"fr-FR\",\"@id\":\"https:\/\/www.monteescalier.net\/france\/#\/schema\/logo\/image\/\",\"url\":\"https:\/\/www.monteescalier.net\/france\/wp-content\/uploads\/2016\/10\/4devis-mont-escalier-500-500.gif\",\"contentUrl\":\"https:\/\/www.monteescalier.net\/france\/wp-content\/uploads\/2016\/10\/4devis-mont-escalier-500-500.gif\",\"width\":500,\"height\":500,\"caption\":\"monte-escalier.net\"},\"image\":{\"@id\":\"https:\/\/www.monteescalier.net\/france\/#\/schema\/logo\/image\/\"}}]}<\/script>\n<!-- \/ Yoast SEO plugin. -->","yoast_head_json":{"title":"Monte escalier Lot-et-Garonne, Agen - Monte escalier","description":"Nos meilleurs monte escalier pr\u00e9sent en Lot-et-Garonne : Agen, Villneuve-sur-lot, Marmande.","robots":{"index":"index","follow":"follow","max-snippet":"max-snippet:-1","max-image-preview":"max-image-preview:large","max-video-preview":"max-video-preview:-1"},"canonical":"https:\/\/www.monteescalier.net\/france\/monte-escalier-lot-et-garonne\/","og_locale":"fr_FR","og_type":"article","og_title":"Monte escalier Lot-et-Garonne, Agen - Monte escalier","og_description":"Nos meilleurs monte escalier pr\u00e9sent en Lot-et-Garonne : Agen, Villneuve-sur-lot, Marmande.","og_url":"https:\/\/www.monteescalier.net\/france\/monte-escalier-lot-et-garonne\/","og_site_name":"Monte escalier","article_modified_time":"2024-05-15T15:50:54+00:00","og_image":[{"url":"https:\/\/www.monteescalier.net\/france\/wp-content\/uploads\/2014\/10\/4devis-monte-escalier-photo-490.png","type":"","width":"","height":""}],"twitter_card":"summary_large_image","twitter_misc":{"Dur\u00e9e de lecture estim\u00e9e":"1 minute"},"schema":{"@context":"https:\/\/schema.org","@graph":[{"@type":"WebPage","@id":"https:\/\/www.monteescalier.net\/france\/monte-escalier-lot-et-garonne\/","url":"https:\/\/www.monteescalier.net\/france\/monte-escalier-lot-et-garonne\/","name":"Monte escalier Lot-et-Garonne, Agen - Monte escalier","isPartOf":{"@id":"https:\/\/www.monteescalier.net\/france\/#website"},"primaryImageOfPage":{"@id":"https:\/\/www.monteescalier.net\/france\/monte-escalier-lot-et-garonne\/#primaryimage"},"image":{"@id":"https:\/\/www.monteescalier.net\/france\/monte-escalier-lot-et-garonne\/#primaryimage"},"thumbnailUrl":"https:\/\/www.monteescalier.net\/france\/wp-content\/uploads\/2014\/10\/4devis-monte-escalier-photo-490.png","datePublished":"2023-07-24T11:19:15+00:00","dateModified":"2024-05-15T15:50:54+00:00","description":"Nos meilleurs monte escalier pr\u00e9sent en Lot-et-Garonne : Agen, Villneuve-sur-lot, Marmande.","breadcrumb":{"@id":"https:\/\/www.monteescalier.net\/france\/monte-escalier-lot-et-garonne\/#breadcrumb"},"inLanguage":"fr-FR","potentialAction":[{"@type":"ReadAction","target":["https:\/\/www.monteescalier.net\/france\/monte-escalier-lot-et-garonne\/"]}]},{"@type":"ImageObject","inLanguage":"fr-FR","@id":"https:\/\/www.monteescalier.net\/france\/monte-escalier-lot-et-garonne\/#primaryimage","url":"https:\/\/www.monteescalier.net\/france\/wp-content\/uploads\/2014\/10\/4devis-monte-escalier-photo-490.png","contentUrl":"https:\/\/www.monteescalier.net\/france\/wp-content\/uploads\/2014\/10\/4devis-monte-escalier-photo-490.png","width":490,"height":267},{"@type":"BreadcrumbList","@id":"https:\/\/www.monteescalier.net\/france\/monte-escalier-lot-et-garonne\/#breadcrumb","itemListElement":[{"@type":"ListItem","position":1,"name":"Accueil","item":"https:\/\/www.monteescalier.net\/france\/"},{"@type":"ListItem","position":2,"name":"Monte escalier Lot-et-Garonne, Agen"}]},{"@type":"WebSite","@id":"https:\/\/www.monteescalier.net\/france\/#website","url":"https:\/\/www.monteescalier.net\/france\/","name":"Monte escalier","description":"","publisher":{"@id":"https:\/\/www.monteescalier.net\/france\/#organization"},"potentialAction":[{"@type":"SearchAction","target":{"@type":"EntryPoint","urlTemplate":"https:\/\/www.monteescalier.net\/france\/?s={search_term_string}"},"query-input":{"@type":"PropertyValueSpecification","valueRequired":true,"valueName":"search_term_string"}}],"inLanguage":"fr-FR"},{"@type":"Organization","@id":"https:\/\/www.monteescalier.net\/france\/#organization","name":"monte-escalier.net","url":"https:\/\/www.monteescalier.net\/france\/","logo":{"@type":"ImageObject","inLanguage":"fr-FR","@id":"https:\/\/www.monteescalier.net\/france\/#\/schema\/logo\/image\/","url":"https:\/\/www.monteescalier.net\/france\/wp-content\/uploads\/2016\/10\/4devis-mont-escalier-500-500.gif","contentUrl":"https:\/\/www.monteescalier.net\/france\/wp-content\/uploads\/2016\/10\/4devis-mont-escalier-500-500.gif","width":500,"height":500,"caption":"monte-escalier.net"},"image":{"@id":"https:\/\/www.monteescalier.net\/france\/#\/schema\/logo\/image\/"}}]}},"_links":{"self":[{"href":"https:\/\/www.monteescalier.net\/france\/wp-json\/wp\/v2\/pages\/307","targetHints":{"allow":["GET"]}}],"collection":[{"href":"https:\/\/www.monteescalier.net\/france\/wp-json\/wp\/v2\/pages"}],"about":[{"href":"https:\/\/www.monteescalier.net\/france\/wp-json\/wp\/v2\/types\/page"}],"author":[{"embeddable":true,"href":"https:\/\/www.monteescalier.net\/france\/wp-json\/wp\/v2\/users\/1"}],"replies":[{"embeddable":true,"href":"https:\/\/www.monteescalier.net\/france\/wp-json\/wp\/v2\/comments?post=307"}],"version-history":[{"count":5,"href":"https:\/\/www.monteescalier.net\/france\/wp-json\/wp\/v2\/pages\/307\/revisions"}],"predecessor-version":[{"id":9107,"href":"https:\/\/www.monteescalier.net\/france\/wp-json\/wp\/v2\/pages\/307\/revisions\/9107"}],"wp:attachment":[{"href":"https:\/\/www.monteescalier.net\/france\/wp-json\/wp\/v2\/media?parent=307"}],"curies":[{"name":"wp","href":"https:\/\/api.w.org\/{rel}","templated":true}]}}