{"id":3103,"date":"2013-09-26T10:47:41","date_gmt":"2013-09-26T10:47:41","guid":{"rendered":"https:\/\/www.monteescalier.net\/france\/?page_id=3103"},"modified":"-0001-11-30T00:00:00","modified_gmt":"-0001-11-29T23:00:00","slug":"monte-escalier-blenod-les-pont-a-mousson","status":"publish","type":"page","link":"https:\/\/www.monteescalier.net\/france\/monte-escalier-blenod-les-pont-a-mousson\/","title":{"rendered":"Monte escalier Bl\u00e9nod-l\u00e8s-Pont-\u00e0-Mousson"},"content":{"rendered":"<h1>Quel installateur pour un monte escalier \u00e0 Bl\u00e9nod-l\u00e8s-Pont-\u00e0-Mousson<\/h1>\n<div class=\"boite_texte\">\n<div style=\"text-align:justify; margin-bottom:10px\">Il y a plusieurs vendeurs de monte escalier \u00e0 Bl\u00e9nod-l\u00e8s-Pont-\u00e0-Mousson, mais quel est celui qui vous donnera satisfaction en terme de prix et de prestations : une seule mani\u00e8re de le savoir, utilisez les services de monteescalier.net.<\/div>\n<div style=\"text-align:justify; margin-bottom:10px\">Qui sommes nous ? Nous sommes des interm\u00e9diaires entre vous et les soci\u00e9t\u00e9s vendeuses de monte escalier, mais attention ! Contrairement \u00e0 beaucoup d&rsquo;autres interm\u00e9diaires, nous ne vous facturerons jamais pour nos services de mise en contact. Remplissez un formulaire sur notre site et laissez nous faire, vous allez \u00eatre mis tr\u00e8s vite en contact avec les revendeurs de monte escalier de Bl\u00e9nod-l\u00e8s-Pont-\u00e0-Mousson.<\/div>\n<div style=\"text-align:justify; margin-bottom:10px\">Le premier service que nous vous proposons gratuitement est la demande de devis gratuit. Et ce n&rsquo;est pas un devis que vous recevrez en remplissant un formulaire sur notre site mais 4 ou 5 propositions fermes \u00e9manant de professionnels du monte escalier de Bl\u00e9nod-l\u00e8s-Pont-\u00e0-Mousson.<\/div>\n<div style=\"text-align:justify; margin-bottom:10px\">L&rsquo;installation d&rsquo;un monte escalier est une op\u00e9ration tr\u00e8s technique qui n\u00e9cessite une pr\u00e9paration minutieuse et ainsi garantir votre s\u00e9curit\u00e9 sur le fauteuil monte escalier. Il est ainsi normal que vous vous posiez des questions sur cette installation. Pour lever vos inqui\u00e9tudes, nous vous proposons de remplir une demande de rappel afin que nos partenaires experts puissent vous rappeler et vous donner par t\u00e9l\u00e9phone leurs avis respectifs sur la mise en place de votre monte escalier.<\/div>\n<div style=\"text-align:justify; margin-bottom:10px\">Quel mod\u00e8le de monte escalier choisir ? Pour vous aider \u00e0 r\u00e9pondre \u00e0 cette question, aidez vous avec de la documentation gratuite sur les monte escaliers. Nos partenaires revendeurs peuvent, en effet, vous faire parvenir de la documentation sur les mod\u00e8les qu&rsquo;ils proposent \u00e0 la vente et qui vous permettront sans doute d&rsquo;\u00e9tablir une pr\u00e9selection entre les diff\u00e9rents mod\u00e8les que vous pourriez faire installer chez vous.<\/div>\n<div style=\"text-align:justify; margin-bottom:10px\">Avec notre site, pas de co\u00fbt et pas d&rsquo;engagements ! que vous signiez ou non avec un de nos partenaires, nous ne vous facturerons rien pour notre service de mise en relation. Si vous trouvez votre prestataire gr\u00e2ce \u00e0 nous tant mieux pour vous, alors testez nous !<\/div>\n<\/div>\n<div class=\"titre_liens\">Nos autres services de monte escalier dans le d\u00e9partement<\/div>\n<div class=\"boite_liens\"><a href=\"https:\/\/www.monteescalier.net\/france\/monte-escalier-ecrouves\">Monte escalier \u00c9crouves<\/a><br \/>\n<a href=\"https:\/\/www.monteescalier.net\/france\/monte-escalier-varangeville\">Monte escalier Varang\u00e9ville<\/a><br \/>\n<a href=\"https:\/\/www.monteescalier.net\/france\/monte-escalier-blainville-sur-l-eau\">Monte escalier Blainville-sur-l&rsquo;Eau<\/a><br \/>\n<a href=\"https:\/\/www.monteescalier.net\/france\/monte-escalier-pagny-sur-moselle\">Monte escalier Pagny-sur-Moselle<\/a><br \/>\n<a href=\"https:\/\/www.monteescalier.net\/france\/monte-escalier-bouxieres-aux-dames\">Monte escalier Bouxi\u00e8res-aux-Dames<\/a>\n<\/div>\n","protected":false},"excerpt":{"rendered":"<p>Quel installateur pour un monte escalier \u00e0 Bl\u00e9nod-l\u00e8s-Pont-\u00e0-Mousson Il y a plusieurs vendeurs de monte escalier \u00e0 Bl\u00e9nod-l\u00e8s-Pont-\u00e0-Mousson, mais quel est celui qui vous donnera satisfaction en terme de prix et de prestations : une seule mani\u00e8re de le savoir, utilisez les services de monteescalier.net. Qui sommes nous ? Nous sommes des interm\u00e9diaires entre vous [&hellip;]<\/p>\n","protected":false},"author":1,"featured_media":0,"parent":0,"menu_order":0,"comment_status":"closed","ping_status":"open","template":"template_ville_9.php","meta":{"_monsterinsights_skip_tracking":false,"_monsterinsights_sitenote_active":false,"_monsterinsights_sitenote_note":"","_monsterinsights_sitenote_category":0,"footnotes":""},"class_list":["post-3103","page","type-page","status-publish","hentry"],"yoast_head":"<!-- This site is optimized with the Yoast SEO plugin v26.3 - https:\/\/yoast.com\/wordpress\/plugins\/seo\/ -->\n<title>Monte escalier Bl\u00e9nod-l\u00e8s-Pont-\u00e0-Mousson - Monte escalier<\/title>\n<meta name=\"robots\" content=\"index, follow, max-snippet:-1, max-image-preview:large, max-video-preview:-1\" \/>\n<link rel=\"canonical\" href=\"https:\/\/www.monteescalier.net\/france\/monte-escalier-blenod-les-pont-a-mousson\/\" \/>\n<meta property=\"og:locale\" content=\"fr_FR\" \/>\n<meta property=\"og:type\" content=\"article\" \/>\n<meta property=\"og:title\" content=\"Monte escalier Bl\u00e9nod-l\u00e8s-Pont-\u00e0-Mousson - Monte escalier\" \/>\n<meta property=\"og:description\" content=\"Quel installateur pour un monte escalier \u00e0 Bl\u00e9nod-l\u00e8s-Pont-\u00e0-Mousson Il y a plusieurs vendeurs de monte escalier \u00e0 Bl\u00e9nod-l\u00e8s-Pont-\u00e0-Mousson, mais quel est celui qui vous donnera satisfaction en terme de prix et de prestations : une seule mani\u00e8re de le savoir, utilisez les services de monteescalier.net. Qui sommes nous ? Nous sommes des interm\u00e9diaires entre vous [&hellip;]\" \/>\n<meta property=\"og:url\" content=\"https:\/\/www.monteescalier.net\/france\/monte-escalier-blenod-les-pont-a-mousson\/\" \/>\n<meta property=\"og:site_name\" content=\"Monte escalier\" \/>\n<meta name=\"twitter:card\" content=\"summary_large_image\" \/>\n<meta name=\"twitter:label1\" content=\"Dur\u00e9e de lecture estim\u00e9e\" \/>\n\t<meta name=\"twitter:data1\" content=\"2 minutes\" \/>\n<script type=\"application\/ld+json\" class=\"yoast-schema-graph\">{\"@context\":\"https:\/\/schema.org\",\"@graph\":[{\"@type\":\"WebPage\",\"@id\":\"https:\/\/www.monteescalier.net\/france\/monte-escalier-blenod-les-pont-a-mousson\/\",\"url\":\"https:\/\/www.monteescalier.net\/france\/monte-escalier-blenod-les-pont-a-mousson\/\",\"name\":\"Monte escalier Bl\u00e9nod-l\u00e8s-Pont-\u00e0-Mousson - Monte escalier\",\"isPartOf\":{\"@id\":\"https:\/\/www.monteescalier.net\/france\/#website\"},\"datePublished\":\"2013-09-26T10:47:41+00:00\",\"breadcrumb\":{\"@id\":\"https:\/\/www.monteescalier.net\/france\/monte-escalier-blenod-les-pont-a-mousson\/#breadcrumb\"},\"inLanguage\":\"fr-FR\",\"potentialAction\":[{\"@type\":\"ReadAction\",\"target\":[\"https:\/\/www.monteescalier.net\/france\/monte-escalier-blenod-les-pont-a-mousson\/\"]}]},{\"@type\":\"BreadcrumbList\",\"@id\":\"https:\/\/www.monteescalier.net\/france\/monte-escalier-blenod-les-pont-a-mousson\/#breadcrumb\",\"itemListElement\":[{\"@type\":\"ListItem\",\"position\":1,\"name\":\"Accueil\",\"item\":\"https:\/\/www.monteescalier.net\/france\/\"},{\"@type\":\"ListItem\",\"position\":2,\"name\":\"Monte escalier Bl\u00e9nod-l\u00e8s-Pont-\u00e0-Mousson\"}]},{\"@type\":\"WebSite\",\"@id\":\"https:\/\/www.monteescalier.net\/france\/#website\",\"url\":\"https:\/\/www.monteescalier.net\/france\/\",\"name\":\"Monte escalier\",\"description\":\"\",\"publisher\":{\"@id\":\"https:\/\/www.monteescalier.net\/france\/#organization\"},\"potentialAction\":[{\"@type\":\"SearchAction\",\"target\":{\"@type\":\"EntryPoint\",\"urlTemplate\":\"https:\/\/www.monteescalier.net\/france\/?s={search_term_string}\"},\"query-input\":{\"@type\":\"PropertyValueSpecification\",\"valueRequired\":true,\"valueName\":\"search_term_string\"}}],\"inLanguage\":\"fr-FR\"},{\"@type\":\"Organization\",\"@id\":\"https:\/\/www.monteescalier.net\/france\/#organization\",\"name\":\"monte-escalier.net\",\"url\":\"https:\/\/www.monteescalier.net\/france\/\",\"logo\":{\"@type\":\"ImageObject\",\"inLanguage\":\"fr-FR\",\"@id\":\"https:\/\/www.monteescalier.net\/france\/#\/schema\/logo\/image\/\",\"url\":\"https:\/\/www.monteescalier.net\/france\/wp-content\/uploads\/2016\/10\/4devis-mont-escalier-500-500.gif\",\"contentUrl\":\"https:\/\/www.monteescalier.net\/france\/wp-content\/uploads\/2016\/10\/4devis-mont-escalier-500-500.gif\",\"width\":500,\"height\":500,\"caption\":\"monte-escalier.net\"},\"image\":{\"@id\":\"https:\/\/www.monteescalier.net\/france\/#\/schema\/logo\/image\/\"}}]}<\/script>\n<!-- \/ Yoast SEO plugin. -->","yoast_head_json":{"title":"Monte escalier Bl\u00e9nod-l\u00e8s-Pont-\u00e0-Mousson - Monte escalier","robots":{"index":"index","follow":"follow","max-snippet":"max-snippet:-1","max-image-preview":"max-image-preview:large","max-video-preview":"max-video-preview:-1"},"canonical":"https:\/\/www.monteescalier.net\/france\/monte-escalier-blenod-les-pont-a-mousson\/","og_locale":"fr_FR","og_type":"article","og_title":"Monte escalier Bl\u00e9nod-l\u00e8s-Pont-\u00e0-Mousson - Monte escalier","og_description":"Quel installateur pour un monte escalier \u00e0 Bl\u00e9nod-l\u00e8s-Pont-\u00e0-Mousson Il y a plusieurs vendeurs de monte escalier \u00e0 Bl\u00e9nod-l\u00e8s-Pont-\u00e0-Mousson, mais quel est celui qui vous donnera satisfaction en terme de prix et de prestations : une seule mani\u00e8re de le savoir, utilisez les services de monteescalier.net. Qui sommes nous ? Nous sommes des interm\u00e9diaires entre vous [&hellip;]","og_url":"https:\/\/www.monteescalier.net\/france\/monte-escalier-blenod-les-pont-a-mousson\/","og_site_name":"Monte escalier","twitter_card":"summary_large_image","twitter_misc":{"Dur\u00e9e de lecture estim\u00e9e":"2 minutes"},"schema":{"@context":"https:\/\/schema.org","@graph":[{"@type":"WebPage","@id":"https:\/\/www.monteescalier.net\/france\/monte-escalier-blenod-les-pont-a-mousson\/","url":"https:\/\/www.monteescalier.net\/france\/monte-escalier-blenod-les-pont-a-mousson\/","name":"Monte escalier Bl\u00e9nod-l\u00e8s-Pont-\u00e0-Mousson - Monte escalier","isPartOf":{"@id":"https:\/\/www.monteescalier.net\/france\/#website"},"datePublished":"2013-09-26T10:47:41+00:00","breadcrumb":{"@id":"https:\/\/www.monteescalier.net\/france\/monte-escalier-blenod-les-pont-a-mousson\/#breadcrumb"},"inLanguage":"fr-FR","potentialAction":[{"@type":"ReadAction","target":["https:\/\/www.monteescalier.net\/france\/monte-escalier-blenod-les-pont-a-mousson\/"]}]},{"@type":"BreadcrumbList","@id":"https:\/\/www.monteescalier.net\/france\/monte-escalier-blenod-les-pont-a-mousson\/#breadcrumb","itemListElement":[{"@type":"ListItem","position":1,"name":"Accueil","item":"https:\/\/www.monteescalier.net\/france\/"},{"@type":"ListItem","position":2,"name":"Monte escalier Bl\u00e9nod-l\u00e8s-Pont-\u00e0-Mousson"}]},{"@type":"WebSite","@id":"https:\/\/www.monteescalier.net\/france\/#website","url":"https:\/\/www.monteescalier.net\/france\/","name":"Monte escalier","description":"","publisher":{"@id":"https:\/\/www.monteescalier.net\/france\/#organization"},"potentialAction":[{"@type":"SearchAction","target":{"@type":"EntryPoint","urlTemplate":"https:\/\/www.monteescalier.net\/france\/?s={search_term_string}"},"query-input":{"@type":"PropertyValueSpecification","valueRequired":true,"valueName":"search_term_string"}}],"inLanguage":"fr-FR"},{"@type":"Organization","@id":"https:\/\/www.monteescalier.net\/france\/#organization","name":"monte-escalier.net","url":"https:\/\/www.monteescalier.net\/france\/","logo":{"@type":"ImageObject","inLanguage":"fr-FR","@id":"https:\/\/www.monteescalier.net\/france\/#\/schema\/logo\/image\/","url":"https:\/\/www.monteescalier.net\/france\/wp-content\/uploads\/2016\/10\/4devis-mont-escalier-500-500.gif","contentUrl":"https:\/\/www.monteescalier.net\/france\/wp-content\/uploads\/2016\/10\/4devis-mont-escalier-500-500.gif","width":500,"height":500,"caption":"monte-escalier.net"},"image":{"@id":"https:\/\/www.monteescalier.net\/france\/#\/schema\/logo\/image\/"}}]}},"_links":{"self":[{"href":"https:\/\/www.monteescalier.net\/france\/wp-json\/wp\/v2\/pages\/3103","targetHints":{"allow":["GET"]}}],"collection":[{"href":"https:\/\/www.monteescalier.net\/france\/wp-json\/wp\/v2\/pages"}],"about":[{"href":"https:\/\/www.monteescalier.net\/france\/wp-json\/wp\/v2\/types\/page"}],"author":[{"embeddable":true,"href":"https:\/\/www.monteescalier.net\/france\/wp-json\/wp\/v2\/users\/1"}],"replies":[{"embeddable":true,"href":"https:\/\/www.monteescalier.net\/france\/wp-json\/wp\/v2\/comments?post=3103"}],"version-history":[{"count":0,"href":"https:\/\/www.monteescalier.net\/france\/wp-json\/wp\/v2\/pages\/3103\/revisions"}],"wp:attachment":[{"href":"https:\/\/www.monteescalier.net\/france\/wp-json\/wp\/v2\/media?parent=3103"}],"curies":[{"name":"wp","href":"https:\/\/api.w.org\/{rel}","templated":true}]}}

Monte escalier Blénod-lès-Pont-à-Mousson

<h1>Quel installateur pour un monte escalier à Blénod-lès-Pont-à-Mousson</h1>
<div class="boite_texte">
<div style="text-align:justify; margin-bottom:10px">Il y a plusieurs vendeurs de monte escalier à Blénod-lès-Pont-à-Mousson, mais quel est celui qui vous donnera satisfaction en terme de prix et de prestations : une seule manière de le savoir, utilisez les services de monteescalier.net.</div>
<div style="text-align:justify; margin-bottom:10px">Qui sommes nous ? Nous sommes des intermédiaires entre vous et les sociétés vendeuses de monte escalier, mais attention ! Contrairement à beaucoup d&rsquo;autres intermédiaires, nous ne vous facturerons jamais pour nos services de mise en contact. Remplissez un formulaire sur notre site et laissez nous faire, vous allez être mis très vite en contact avec les revendeurs de monte escalier de Blénod-lès-Pont-à-Mousson.</div>
<div style="text-align:justify; margin-bottom:10px">Le premier service que nous vous proposons gratuitement est la demande de devis gratuit. Et ce n&rsquo;est pas un devis que vous recevrez en remplissant un formulaire sur notre site mais 4 ou 5 propositions fermes émanant de professionnels du monte escalier de Blénod-lès-Pont-à-Mousson.</div>
<div style="text-align:justify; margin-bottom:10px">L&rsquo;installation d&rsquo;un monte escalier est une opération très technique qui nécessite une préparation minutieuse et ainsi garantir votre sécurité sur le fauteuil monte escalier. Il est ainsi normal que vous vous posiez des questions sur cette installation. Pour lever vos inquiétudes, nous vous proposons de remplir une demande de rappel afin que nos partenaires experts puissent vous rappeler et vous donner par téléphone leurs avis respectifs sur la mise en place de votre monte escalier.</div>
<div style="text-align:justify; margin-bottom:10px">Quel modèle de monte escalier choisir ? Pour vous aider à répondre à cette question, aidez vous avec de la documentation gratuite sur les monte escaliers. Nos partenaires revendeurs peuvent, en effet, vous faire parvenir de la documentation sur les modèles qu&rsquo;ils proposent à la vente et qui vous permettront sans doute d&rsquo;établir une préselection entre les différents modèles que vous pourriez faire installer chez vous.</div>
<div style="text-align:justify; margin-bottom:10px">Avec notre site, pas de coût et pas d&rsquo;engagements ! que vous signiez ou non avec un de nos partenaires, nous ne vous facturerons rien pour notre service de mise en relation. Si vous trouvez votre prestataire grâce à nous tant mieux pour vous, alors testez nous !</div>
</div>
<div class="titre_liens">Nos autres services de monte escalier dans le département</div>
<div class="boite_liens"><a href="https://www.monteescalier.net/france/monte-escalier-ecrouves">Monte escalier Écrouves</a><br />
<a href="https://www.monteescalier.net/france/monte-escalier-varangeville">Monte escalier Varangéville</a><br />
<a href="https://www.monteescalier.net/france/monte-escalier-blainville-sur-l-eau">Monte escalier Blainville-sur-l&rsquo;Eau</a><br />
<a href="https://www.monteescalier.net/france/monte-escalier-pagny-sur-moselle">Monte escalier Pagny-sur-Moselle</a><br />
<a href="https://www.monteescalier.net/france/monte-escalier-bouxieres-aux-dames">Monte escalier Bouxières-aux-Dames</a>
</div>

<p>Quel installateur pour un monte escalier à Blénod-lès-Pont-à-Mousson Il y a plusieurs vendeurs de monte escalier à Blénod-lès-Pont-à-Mousson, mais quel est celui qui vous donnera satisfaction en terme de prix et de prestations : une seule manière de le savoir, utilisez les services de monteescalier.net. Qui sommes nous ? Nous sommes des intermédiaires entre vous [&hellip;]</p>

<!-- This site is optimized with the Yoast SEO plugin v26.3 - https://yoast.com/wordpress/plugins/seo/ -->
<title>Monte escalier Blénod-lès-Pont-à-Mousson - Monte escalier</title>
<meta name="robots" content="index, follow, max-snippet:-1, max-image-preview:large, max-video-preview:-1" />
<link rel="canonical" href="https://www.monteescalier.net/france/monte-escalier-blenod-les-pont-a-mousson/" />
<meta property="og:locale" content="fr_FR" />
<meta property="og:type" content="article" />
<meta property="og:title" content="Monte escalier Blénod-lès-Pont-à-Mousson - Monte escalier" />
<meta property="og:description" content="Quel installateur pour un monte escalier à Blénod-lès-Pont-à-Mousson Il y a plusieurs vendeurs de monte escalier à Blénod-lès-Pont-à-Mousson, mais quel est celui qui vous donnera satisfaction en terme de prix et de prestations : une seule manière de le savoir, utilisez les services de monteescalier.net. Qui sommes nous ? Nous sommes des intermédiaires entre vous [&hellip;]" />
<meta property="og:url" content="https://www.monteescalier.net/france/monte-escalier-blenod-les-pont-a-mousson/" />
<meta property="og:site_name" content="Monte escalier" />
<meta name="twitter:card" content="summary_large_image" />
<meta name="twitter:label1" content="Durée de lecture estimée" />
	<meta name="twitter:data1" content="2 minutes" />
<script type="application/ld+json" class="yoast-schema-graph">{"@context":"https://schema.org","@graph":[{"@type":"WebPage","@id":"https://www.monteescalier.net/france/monte-escalier-blenod-les-pont-a-mousson/","url":"https://www.monteescalier.net/france/monte-escalier-blenod-les-pont-a-mousson/","name":"Monte escalier Blénod-lès-Pont-à-Mousson - Monte escalier","isPartOf":{"@id":"https://www.monteescalier.net/france/#website"},"datePublished":"2013-09-26T10:47:41+00:00","breadcrumb":{"@id":"https://www.monteescalier.net/france/monte-escalier-blenod-les-pont-a-mousson/#breadcrumb"},"inLanguage":"fr-FR","potentialAction":[{"@type":"ReadAction","target":["https://www.monteescalier.net/france/monte-escalier-blenod-les-pont-a-mousson/"]}]},{"@type":"BreadcrumbList","@id":"https://www.monteescalier.net/france/monte-escalier-blenod-les-pont-a-mousson/#breadcrumb","itemListElement":[{"@type":"ListItem","position":1,"name":"Accueil","item":"https://www.monteescalier.net/france/"},{"@type":"ListItem","position":2,"name":"Monte escalier Blénod-lès-Pont-à-Mousson"}]},{"@type":"WebSite","@id":"https://www.monteescalier.net/france/#website","url":"https://www.monteescalier.net/france/","name":"Monte escalier","description":"","publisher":{"@id":"https://www.monteescalier.net/france/#organization"},"potentialAction":[{"@type":"SearchAction","target":{"@type":"EntryPoint","urlTemplate":"https://www.monteescalier.net/france/?s={search_term_string}"},"query-input":{"@type":"PropertyValueSpecification","valueRequired":true,"valueName":"search_term_string"}}],"inLanguage":"fr-FR"},{"@type":"Organization","@id":"https://www.monteescalier.net/france/#organization","name":"monte-escalier.net","url":"https://www.monteescalier.net/france/","logo":{"@type":"ImageObject","inLanguage":"fr-FR","@id":"https://www.monteescalier.net/france/#/schema/logo/image/","url":"https://www.monteescalier.net/france/wp-content/uploads/2016/10/4devis-mont-escalier-500-500.gif","contentUrl":"https://www.monteescalier.net/france/wp-content/uploads/2016/10/4devis-mont-escalier-500-500.gif","width":500,"height":500,"caption":"monte-escalier.net"},"image":{"@id":"https://www.monteescalier.net/france/#/schema/logo/image/"}}]}</script>
<!-- / Yoast SEO plugin. -->

Monte escalier Blénod-lès-Pont-à-Mousson - Monte escalier

Quel installateur pour un monte escalier à Blénod-lès-Pont-à-Mousson Il y a plusieurs vendeurs de monte escalier à Blénod-lès-Pont-à-Mousson, mais quel est celui qui vous donnera satisfaction en terme de prix et de prestations : une seule manière de le savoir, utilisez les services de monteescalier.net. Qui sommes nous ? Nous sommes des intermédiaires entre vous [&hellip;]
