{"id":3196,"date":"2013-09-26T10:47:42","date_gmt":"2013-09-26T10:47:42","guid":{"rendered":"https:\/\/www.monteescalier.net\/france\/?page_id=3196"},"modified":"2016-12-16T16:22:23","modified_gmt":"2016-12-16T15:22:23","slug":"monte-escalier-cregy-les-meaux","status":"publish","type":"page","link":"https:\/\/www.monteescalier.net\/france\/monte-escalier-cregy-les-meaux\/","title":{"rendered":"Monte escalier Cr\u00e9gy-l\u00e8s-Meaux"},"content":{"rendered":"<h1>Vous recherchez \u00e0 faire installer un monte escalier \u00e0 Cr\u00e9gy-l\u00e8s-Meaux<\/h1>\n<div class=\"boite_texte\">\n<div style=\"text-align: justify; margin-bottom: 10px;\">Il y a plusieurs vendeurs de monte escalier \u00e0 Cr\u00e9gy-l\u00e8s-Meaux, plus exactement, il y a plusieurs installateurs qui couvrent la zone de Cr\u00e9gy, \u00a0mais quel est celui qui, en Seine et Marne, vous donnera enti\u00e8re satisfaction en terme de prix et de prestations : une seule mani\u00e8re de le savoir, utilisez les services de monteescalier.net.<\/div>\n<div style=\"text-align: justify; margin-bottom: 10px;\">Monteescalier.net vous aide \u00e0 trouver le meilleur rapport qualit\u00e9 prix pour votre monte escalier dans votre maison ou votre duplex \u00e0 Cr\u00e9gy-l\u00e8s-Meaux. Comment ? Tout simplement en vous mettant en contact direct avec notre pr\u00e9selection d&rsquo;installateurs de monte escalier sur Cr\u00e9gy-l\u00e8s-Meaux et dans tout le d\u00e9partement. Vous n&rsquo;avez qu&rsquo;une chose \u00e0 faire pour cela : remplir un formulaire sur notre site.<\/div>\n<div style=\"text-align: justify; margin-bottom: 10px;\">Vous n&rsquo;avez pas le temps de chercher tous les revendeurs de monte escalier de Cr\u00e9gy-l\u00e8s-Meaux pour choisir le meilleur, sachez que nous pouvons le faire pour vous. Remplissez simplement un formulaire de devis en ligne et nos professionnels partenaires seront tr\u00e8s heureux de pouvoir vous en proposer chacun un : car pour faire un choix, il faut avoir le choix !<\/div>\n<div style=\"text-align: justify; margin-bottom: 10px;\">Avant de passer commande d&rsquo;un monte escalier, vous voulez en parler au t\u00e9l\u00e9phone avec plusieurs experts. Dans ce cas, utilisez notre demande de rappel, et nos partenaires experts du monte escalier vous rappelleront dans les plus brefs d\u00e9lais pour discuter de votre projet.<\/div>\n<div style=\"text-align: justify; margin-bottom: 10px;\">Compulser de la documentation sur les monte escalier directement depuis chez vous sans vous d\u00e9placer c&rsquo;est possible et m\u00eame gratuit. Remplissez simplement un formulaire de demande de documentation et vous recevrez par la poste ou par email, toutes les documentations sur les types de produits vendus par nos partenaires vendeurs de monte escalier.<\/div>\n<div style=\"text-align: justify; margin-bottom: 10px;\">Avec monteescalier.net, pas de mauvaise surprise en vue : nous ne facturons absolument rien et vous ne prenez aucun engagement en faisant une demande sur notre site: les devis, documentation et rappel sont gratuits ! Tous nos partenaires vendeurs de monte escalier en r\u00e9gion parisienne\u00a0s&rsquo;y engagent. Testez-nous, vous ne le regretterez pas.<\/div>\n<\/div>\n<div class=\"titre_liens\">Vous pourriez \u00e9galement \u00eatre int\u00e9ress\u00e9s par nos services dans les villes voisines<\/div>\n<div class=\"boite_liens\"><a href=\"https:\/\/www.monteescalier.net\/france\/monte-escalier-la-ferte-gaucher\">Monte escalier Fert\u00e9-Gaucher<\/a><br \/>\n<a href=\"https:\/\/www.monteescalier.net\/france\/monte-escalier-crecy-la-chapelle\">Monte escalier Cr\u00e9cy-la-Chapelle<\/a><br \/>\n<a href=\"https:\/\/www.monteescalier.net\/france\/monte-escalier-villenoy\">Monte escalier Villenoy<\/a><br \/>\n<a href=\"https:\/\/www.monteescalier.net\/france\/monte-escalier-chessy\">Monte escalier Chessy<\/a><br \/>\n<a href=\"https:\/\/www.monteescalier.net\/france\/monte-escalier-chevry-cossigny\">Monte escalier Chevry-Cossigny<\/a><\/div>\n","protected":false},"excerpt":{"rendered":"<p>Vous recherchez \u00e0 faire installer un monte escalier \u00e0 Cr\u00e9gy-l\u00e8s-Meaux Il y a plusieurs vendeurs de monte escalier \u00e0 Cr\u00e9gy-l\u00e8s-Meaux, plus exactement, il y a plusieurs installateurs qui couvrent la zone de Cr\u00e9gy, \u00a0mais quel est celui qui, en Seine et Marne, vous donnera enti\u00e8re satisfaction en terme de prix et de prestations : une [&hellip;]<\/p>\n","protected":false},"author":1,"featured_media":0,"parent":0,"menu_order":0,"comment_status":"closed","ping_status":"open","template":"template_ville_3.php","meta":{"_monsterinsights_skip_tracking":false,"_monsterinsights_sitenote_active":false,"_monsterinsights_sitenote_note":"","_monsterinsights_sitenote_category":0,"footnotes":""},"class_list":["post-3196","page","type-page","status-publish","hentry"],"yoast_head":"<!-- This site is optimized with the Yoast SEO plugin v26.3 - https:\/\/yoast.com\/wordpress\/plugins\/seo\/ -->\n<title>Monte escalier Cr\u00e9gy-l\u00e8s-Meaux - Monte escalier<\/title>\n<meta name=\"robots\" content=\"index, follow, max-snippet:-1, max-image-preview:large, max-video-preview:-1\" \/>\n<link rel=\"canonical\" href=\"https:\/\/www.monteescalier.net\/france\/monte-escalier-cregy-les-meaux\/\" \/>\n<meta property=\"og:locale\" content=\"fr_FR\" \/>\n<meta property=\"og:type\" content=\"article\" \/>\n<meta property=\"og:title\" content=\"Monte escalier Cr\u00e9gy-l\u00e8s-Meaux - Monte escalier\" \/>\n<meta property=\"og:description\" content=\"Vous recherchez \u00e0 faire installer un monte escalier \u00e0 Cr\u00e9gy-l\u00e8s-Meaux Il y a plusieurs vendeurs de monte escalier \u00e0 Cr\u00e9gy-l\u00e8s-Meaux, plus exactement, il y a plusieurs installateurs qui couvrent la zone de Cr\u00e9gy, \u00a0mais quel est celui qui, en Seine et Marne, vous donnera enti\u00e8re satisfaction en terme de prix et de prestations : une [&hellip;]\" \/>\n<meta property=\"og:url\" content=\"https:\/\/www.monteescalier.net\/france\/monte-escalier-cregy-les-meaux\/\" \/>\n<meta property=\"og:site_name\" content=\"Monte escalier\" \/>\n<meta property=\"article:modified_time\" content=\"2016-12-16T15:22:23+00:00\" \/>\n<meta name=\"twitter:card\" content=\"summary_large_image\" \/>\n<meta name=\"twitter:label1\" content=\"Dur\u00e9e de lecture estim\u00e9e\" \/>\n\t<meta name=\"twitter:data1\" content=\"2 minutes\" \/>\n<script type=\"application\/ld+json\" class=\"yoast-schema-graph\">{\"@context\":\"https:\/\/schema.org\",\"@graph\":[{\"@type\":\"WebPage\",\"@id\":\"https:\/\/www.monteescalier.net\/france\/monte-escalier-cregy-les-meaux\/\",\"url\":\"https:\/\/www.monteescalier.net\/france\/monte-escalier-cregy-les-meaux\/\",\"name\":\"Monte escalier Cr\u00e9gy-l\u00e8s-Meaux - Monte escalier\",\"isPartOf\":{\"@id\":\"https:\/\/www.monteescalier.net\/france\/#website\"},\"datePublished\":\"2013-09-26T10:47:42+00:00\",\"dateModified\":\"2016-12-16T15:22:23+00:00\",\"breadcrumb\":{\"@id\":\"https:\/\/www.monteescalier.net\/france\/monte-escalier-cregy-les-meaux\/#breadcrumb\"},\"inLanguage\":\"fr-FR\",\"potentialAction\":[{\"@type\":\"ReadAction\",\"target\":[\"https:\/\/www.monteescalier.net\/france\/monte-escalier-cregy-les-meaux\/\"]}]},{\"@type\":\"BreadcrumbList\",\"@id\":\"https:\/\/www.monteescalier.net\/france\/monte-escalier-cregy-les-meaux\/#breadcrumb\",\"itemListElement\":[{\"@type\":\"ListItem\",\"position\":1,\"name\":\"Accueil\",\"item\":\"https:\/\/www.monteescalier.net\/france\/\"},{\"@type\":\"ListItem\",\"position\":2,\"name\":\"Monte escalier Cr\u00e9gy-l\u00e8s-Meaux\"}]},{\"@type\":\"WebSite\",\"@id\":\"https:\/\/www.monteescalier.net\/france\/#website\",\"url\":\"https:\/\/www.monteescalier.net\/france\/\",\"name\":\"Monte escalier\",\"description\":\"\",\"publisher\":{\"@id\":\"https:\/\/www.monteescalier.net\/france\/#organization\"},\"potentialAction\":[{\"@type\":\"SearchAction\",\"target\":{\"@type\":\"EntryPoint\",\"urlTemplate\":\"https:\/\/www.monteescalier.net\/france\/?s={search_term_string}\"},\"query-input\":{\"@type\":\"PropertyValueSpecification\",\"valueRequired\":true,\"valueName\":\"search_term_string\"}}],\"inLanguage\":\"fr-FR\"},{\"@type\":\"Organization\",\"@id\":\"https:\/\/www.monteescalier.net\/france\/#organization\",\"name\":\"monte-escalier.net\",\"url\":\"https:\/\/www.monteescalier.net\/france\/\",\"logo\":{\"@type\":\"ImageObject\",\"inLanguage\":\"fr-FR\",\"@id\":\"https:\/\/www.monteescalier.net\/france\/#\/schema\/logo\/image\/\",\"url\":\"https:\/\/www.monteescalier.net\/france\/wp-content\/uploads\/2016\/10\/4devis-mont-escalier-500-500.gif\",\"contentUrl\":\"https:\/\/www.monteescalier.net\/france\/wp-content\/uploads\/2016\/10\/4devis-mont-escalier-500-500.gif\",\"width\":500,\"height\":500,\"caption\":\"monte-escalier.net\"},\"image\":{\"@id\":\"https:\/\/www.monteescalier.net\/france\/#\/schema\/logo\/image\/\"}}]}<\/script>\n<!-- \/ Yoast SEO plugin. -->","yoast_head_json":{"title":"Monte escalier Cr\u00e9gy-l\u00e8s-Meaux - Monte escalier","robots":{"index":"index","follow":"follow","max-snippet":"max-snippet:-1","max-image-preview":"max-image-preview:large","max-video-preview":"max-video-preview:-1"},"canonical":"https:\/\/www.monteescalier.net\/france\/monte-escalier-cregy-les-meaux\/","og_locale":"fr_FR","og_type":"article","og_title":"Monte escalier Cr\u00e9gy-l\u00e8s-Meaux - Monte escalier","og_description":"Vous recherchez \u00e0 faire installer un monte escalier \u00e0 Cr\u00e9gy-l\u00e8s-Meaux Il y a plusieurs vendeurs de monte escalier \u00e0 Cr\u00e9gy-l\u00e8s-Meaux, plus exactement, il y a plusieurs installateurs qui couvrent la zone de Cr\u00e9gy, \u00a0mais quel est celui qui, en Seine et Marne, vous donnera enti\u00e8re satisfaction en terme de prix et de prestations : une [&hellip;]","og_url":"https:\/\/www.monteescalier.net\/france\/monte-escalier-cregy-les-meaux\/","og_site_name":"Monte escalier","article_modified_time":"2016-12-16T15:22:23+00:00","twitter_card":"summary_large_image","twitter_misc":{"Dur\u00e9e de lecture estim\u00e9e":"2 minutes"},"schema":{"@context":"https:\/\/schema.org","@graph":[{"@type":"WebPage","@id":"https:\/\/www.monteescalier.net\/france\/monte-escalier-cregy-les-meaux\/","url":"https:\/\/www.monteescalier.net\/france\/monte-escalier-cregy-les-meaux\/","name":"Monte escalier Cr\u00e9gy-l\u00e8s-Meaux - Monte escalier","isPartOf":{"@id":"https:\/\/www.monteescalier.net\/france\/#website"},"datePublished":"2013-09-26T10:47:42+00:00","dateModified":"2016-12-16T15:22:23+00:00","breadcrumb":{"@id":"https:\/\/www.monteescalier.net\/france\/monte-escalier-cregy-les-meaux\/#breadcrumb"},"inLanguage":"fr-FR","potentialAction":[{"@type":"ReadAction","target":["https:\/\/www.monteescalier.net\/france\/monte-escalier-cregy-les-meaux\/"]}]},{"@type":"BreadcrumbList","@id":"https:\/\/www.monteescalier.net\/france\/monte-escalier-cregy-les-meaux\/#breadcrumb","itemListElement":[{"@type":"ListItem","position":1,"name":"Accueil","item":"https:\/\/www.monteescalier.net\/france\/"},{"@type":"ListItem","position":2,"name":"Monte escalier Cr\u00e9gy-l\u00e8s-Meaux"}]},{"@type":"WebSite","@id":"https:\/\/www.monteescalier.net\/france\/#website","url":"https:\/\/www.monteescalier.net\/france\/","name":"Monte escalier","description":"","publisher":{"@id":"https:\/\/www.monteescalier.net\/france\/#organization"},"potentialAction":[{"@type":"SearchAction","target":{"@type":"EntryPoint","urlTemplate":"https:\/\/www.monteescalier.net\/france\/?s={search_term_string}"},"query-input":{"@type":"PropertyValueSpecification","valueRequired":true,"valueName":"search_term_string"}}],"inLanguage":"fr-FR"},{"@type":"Organization","@id":"https:\/\/www.monteescalier.net\/france\/#organization","name":"monte-escalier.net","url":"https:\/\/www.monteescalier.net\/france\/","logo":{"@type":"ImageObject","inLanguage":"fr-FR","@id":"https:\/\/www.monteescalier.net\/france\/#\/schema\/logo\/image\/","url":"https:\/\/www.monteescalier.net\/france\/wp-content\/uploads\/2016\/10\/4devis-mont-escalier-500-500.gif","contentUrl":"https:\/\/www.monteescalier.net\/france\/wp-content\/uploads\/2016\/10\/4devis-mont-escalier-500-500.gif","width":500,"height":500,"caption":"monte-escalier.net"},"image":{"@id":"https:\/\/www.monteescalier.net\/france\/#\/schema\/logo\/image\/"}}]}},"_links":{"self":[{"href":"https:\/\/www.monteescalier.net\/france\/wp-json\/wp\/v2\/pages\/3196","targetHints":{"allow":["GET"]}}],"collection":[{"href":"https:\/\/www.monteescalier.net\/france\/wp-json\/wp\/v2\/pages"}],"about":[{"href":"https:\/\/www.monteescalier.net\/france\/wp-json\/wp\/v2\/types\/page"}],"author":[{"embeddable":true,"href":"https:\/\/www.monteescalier.net\/france\/wp-json\/wp\/v2\/users\/1"}],"replies":[{"embeddable":true,"href":"https:\/\/www.monteescalier.net\/france\/wp-json\/wp\/v2\/comments?post=3196"}],"version-history":[{"count":3,"href":"https:\/\/www.monteescalier.net\/france\/wp-json\/wp\/v2\/pages\/3196\/revisions"}],"predecessor-version":[{"id":7763,"href":"https:\/\/www.monteescalier.net\/france\/wp-json\/wp\/v2\/pages\/3196\/revisions\/7763"}],"wp:attachment":[{"href":"https:\/\/www.monteescalier.net\/france\/wp-json\/wp\/v2\/media?parent=3196"}],"curies":[{"name":"wp","href":"https:\/\/api.w.org\/{rel}","templated":true}]}}

Monte escalier Crégy-lès-Meaux

<h1>Vous recherchez à faire installer un monte escalier à Crégy-lès-Meaux</h1>
<div class="boite_texte">
<div style="text-align: justify; margin-bottom: 10px;">Il y a plusieurs vendeurs de monte escalier à Crégy-lès-Meaux, plus exactement, il y a plusieurs installateurs qui couvrent la zone de Crégy,  mais quel est celui qui, en Seine et Marne, vous donnera entière satisfaction en terme de prix et de prestations : une seule manière de le savoir, utilisez les services de monteescalier.net.</div>
<div style="text-align: justify; margin-bottom: 10px;">Monteescalier.net vous aide à trouver le meilleur rapport qualité prix pour votre monte escalier dans votre maison ou votre duplex à Crégy-lès-Meaux. Comment ? Tout simplement en vous mettant en contact direct avec notre préselection d&rsquo;installateurs de monte escalier sur Crégy-lès-Meaux et dans tout le département. Vous n&rsquo;avez qu&rsquo;une chose à faire pour cela : remplir un formulaire sur notre site.</div>
<div style="text-align: justify; margin-bottom: 10px;">Vous n&rsquo;avez pas le temps de chercher tous les revendeurs de monte escalier de Crégy-lès-Meaux pour choisir le meilleur, sachez que nous pouvons le faire pour vous. Remplissez simplement un formulaire de devis en ligne et nos professionnels partenaires seront très heureux de pouvoir vous en proposer chacun un : car pour faire un choix, il faut avoir le choix !</div>
<div style="text-align: justify; margin-bottom: 10px;">Avant de passer commande d&rsquo;un monte escalier, vous voulez en parler au téléphone avec plusieurs experts. Dans ce cas, utilisez notre demande de rappel, et nos partenaires experts du monte escalier vous rappelleront dans les plus brefs délais pour discuter de votre projet.</div>
<div style="text-align: justify; margin-bottom: 10px;">Compulser de la documentation sur les monte escalier directement depuis chez vous sans vous déplacer c&rsquo;est possible et même gratuit. Remplissez simplement un formulaire de demande de documentation et vous recevrez par la poste ou par email, toutes les documentations sur les types de produits vendus par nos partenaires vendeurs de monte escalier.</div>
<div style="text-align: justify; margin-bottom: 10px;">Avec monteescalier.net, pas de mauvaise surprise en vue : nous ne facturons absolument rien et vous ne prenez aucun engagement en faisant une demande sur notre site: les devis, documentation et rappel sont gratuits ! Tous nos partenaires vendeurs de monte escalier en région parisienne s&rsquo;y engagent. Testez-nous, vous ne le regretterez pas.</div>
</div>
<div class="titre_liens">Vous pourriez également être intéressés par nos services dans les villes voisines</div>
<div class="boite_liens"><a href="https://www.monteescalier.net/france/monte-escalier-la-ferte-gaucher">Monte escalier Ferté-Gaucher</a><br />
<a href="https://www.monteescalier.net/france/monte-escalier-crecy-la-chapelle">Monte escalier Crécy-la-Chapelle</a><br />
<a href="https://www.monteescalier.net/france/monte-escalier-villenoy">Monte escalier Villenoy</a><br />
<a href="https://www.monteescalier.net/france/monte-escalier-chessy">Monte escalier Chessy</a><br />
<a href="https://www.monteescalier.net/france/monte-escalier-chevry-cossigny">Monte escalier Chevry-Cossigny</a></div>

<p>Vous recherchez à faire installer un monte escalier à Crégy-lès-Meaux Il y a plusieurs vendeurs de monte escalier à Crégy-lès-Meaux, plus exactement, il y a plusieurs installateurs qui couvrent la zone de Crégy,  mais quel est celui qui, en Seine et Marne, vous donnera entière satisfaction en terme de prix et de prestations : une [&hellip;]</p>

<!-- This site is optimized with the Yoast SEO plugin v26.3 - https://yoast.com/wordpress/plugins/seo/ -->
<title>Monte escalier Crégy-lès-Meaux - Monte escalier</title>
<meta name="robots" content="index, follow, max-snippet:-1, max-image-preview:large, max-video-preview:-1" />
<link rel="canonical" href="https://www.monteescalier.net/france/monte-escalier-cregy-les-meaux/" />
<meta property="og:locale" content="fr_FR" />
<meta property="og:type" content="article" />
<meta property="og:title" content="Monte escalier Crégy-lès-Meaux - Monte escalier" />
<meta property="og:description" content="Vous recherchez à faire installer un monte escalier à Crégy-lès-Meaux Il y a plusieurs vendeurs de monte escalier à Crégy-lès-Meaux, plus exactement, il y a plusieurs installateurs qui couvrent la zone de Crégy,  mais quel est celui qui, en Seine et Marne, vous donnera entière satisfaction en terme de prix et de prestations : une [&hellip;]" />
<meta property="og:url" content="https://www.monteescalier.net/france/monte-escalier-cregy-les-meaux/" />
<meta property="og:site_name" content="Monte escalier" />
<meta property="article:modified_time" content="2016-12-16T15:22:23+00:00" />
<meta name="twitter:card" content="summary_large_image" />
<meta name="twitter:label1" content="Durée de lecture estimée" />
	<meta name="twitter:data1" content="2 minutes" />
<script type="application/ld+json" class="yoast-schema-graph">{"@context":"https://schema.org","@graph":[{"@type":"WebPage","@id":"https://www.monteescalier.net/france/monte-escalier-cregy-les-meaux/","url":"https://www.monteescalier.net/france/monte-escalier-cregy-les-meaux/","name":"Monte escalier Crégy-lès-Meaux - Monte escalier","isPartOf":{"@id":"https://www.monteescalier.net/france/#website"},"datePublished":"2013-09-26T10:47:42+00:00","dateModified":"2016-12-16T15:22:23+00:00","breadcrumb":{"@id":"https://www.monteescalier.net/france/monte-escalier-cregy-les-meaux/#breadcrumb"},"inLanguage":"fr-FR","potentialAction":[{"@type":"ReadAction","target":["https://www.monteescalier.net/france/monte-escalier-cregy-les-meaux/"]}]},{"@type":"BreadcrumbList","@id":"https://www.monteescalier.net/france/monte-escalier-cregy-les-meaux/#breadcrumb","itemListElement":[{"@type":"ListItem","position":1,"name":"Accueil","item":"https://www.monteescalier.net/france/"},{"@type":"ListItem","position":2,"name":"Monte escalier Crégy-lès-Meaux"}]},{"@type":"WebSite","@id":"https://www.monteescalier.net/france/#website","url":"https://www.monteescalier.net/france/","name":"Monte escalier","description":"","publisher":{"@id":"https://www.monteescalier.net/france/#organization"},"potentialAction":[{"@type":"SearchAction","target":{"@type":"EntryPoint","urlTemplate":"https://www.monteescalier.net/france/?s={search_term_string}"},"query-input":{"@type":"PropertyValueSpecification","valueRequired":true,"valueName":"search_term_string"}}],"inLanguage":"fr-FR"},{"@type":"Organization","@id":"https://www.monteescalier.net/france/#organization","name":"monte-escalier.net","url":"https://www.monteescalier.net/france/","logo":{"@type":"ImageObject","inLanguage":"fr-FR","@id":"https://www.monteescalier.net/france/#/schema/logo/image/","url":"https://www.monteescalier.net/france/wp-content/uploads/2016/10/4devis-mont-escalier-500-500.gif","contentUrl":"https://www.monteescalier.net/france/wp-content/uploads/2016/10/4devis-mont-escalier-500-500.gif","width":500,"height":500,"caption":"monte-escalier.net"},"image":{"@id":"https://www.monteescalier.net/france/#/schema/logo/image/"}}]}</script>
<!-- / Yoast SEO plugin. -->

Monte escalier Crégy-lès-Meaux - Monte escalier

Vous recherchez à faire installer un monte escalier à Crégy-lès-Meaux Il y a plusieurs vendeurs de monte escalier à Crégy-lès-Meaux, plus exactement, il y a plusieurs installateurs qui couvrent la zone de Crégy,  mais quel est celui qui, en Seine et Marne, vous donnera entière satisfaction en terme de prix et de prestations : une [&hellip;]
