{"id":4565,"date":"2021-09-26T10:48:02","date_gmt":"2021-09-26T09:48:02","guid":{"rendered":"https:\/\/www.monteescalier.net\/france\/?page_id=4565"},"modified":"2021-11-23T14:35:49","modified_gmt":"2021-11-23T13:35:49","slug":"monte-escalier-arles-sur-tech","status":"publish","type":"page","link":"https:\/\/www.monteescalier.net\/france\/monte-escalier-arles-sur-tech\/","title":{"rendered":"Monte escalier Arles-sur-Tech"},"content":{"rendered":"<h1>Information sur les monte escalier \u00e0 Arles-sur-Tech<\/h1>\n<div class=\"boite_texte\">\n<div style=\"text-align: justify; margin-bottom: 10px;\">Un installateur national, un revendeur r\u00e9gional, un prestataire local? Qui faut il choisir pour mettre en place un monte escalier \u00e0 Arles-sur-Tech. Pour r\u00e9pondre \u00e0 cette interrogationsans gaspiller de temps, c&rsquo;est facile, utilisez les services de monteescalier.net.<\/div>\n<div style=\"text-align: justify; margin-bottom: 10px;\">Notre site est une passerelle entre les possibles acqu\u00e9reurs de monte escalier et les installateurs. En quelques clics vous serez mis en contact avec notre s\u00e9lection de vendeurs de monte escalier sur Arles-sur-Tech.<\/div>\n<div style=\"text-align: justify; margin-bottom: 10px;\">Vous savez tr\u00e8s exactement ce que voulez ? Vous avez besoin d&rsquo;un devis de monte escalier. Une seule demande de devis sur notre site vous permettra de recevoir entre 4 et 5 devis totalement gratuits.<\/div>\n<div style=\"text-align: justify; margin-bottom: 10px;\">Votre d\u00e9cision d&rsquo;achat n&rsquo;est pas prise, vous pr\u00e9f\u00e9rez \u00e9changer au pr\u00e9alable avec les professionnels du monte escalier de votre secteur. Une seule demande de rappel sur notre site et ils vous rappelleront gratuitement pour r\u00e9pondre \u00e0 toutes vos questions.<\/div>\n<div style=\"text-align: justify; margin-bottom: 10px;\">Pour faire votre choix, vous pouvez aussi vouloir comparer les caract\u00e9ristiques d\u00e9taill\u00e9es des fauteuils monte escalier des diff\u00e9rentes marques disponibles \u00e0 la vente.le service que nous recommandons dans ce cas est de vous servir de notre formulaire de demande de documentation que vous trouverez sur notre site. Par courriel ou par courrier traditionnel, vous recevrez gratuitement toutes les infos n\u00e9cessaires qui vous permettront de comparer \u00e0 t\u00eate repos\u00e9e les diff\u00e9rents mod\u00e8les de monte escalier.<\/div>\n<div style=\"text-align: justify; margin-bottom: 10px;\">Pourquoi aller chercher ailleurs alors que tous nos services sont enti\u00e8rement gratuits. Nous avons fait le travail de pr\u00e9selection de votre prestataire monte escalier \u00e0 Arles-sur-Tech. Utilisez nos services ne vous co\u00fbtera rien et ne vous engagera \u00e0 rien&#8230; alors pourquoi ne pas essayer ! Laissez nous vos coordonn\u00e9es et testez nos services sans engagement.<\/div>\n<\/div>\n<div class=\"titre_liens\">A d\u00e9couvrir \u00e9galement : nos offres monte escalier dans les villes alentour<\/div>\n<div class=\"boite_liens\"><a href=\"https:\/\/www.monteescalier.net\/france\/monte-escalier-palau-del-vidre\">Monte escalier Palau-del-Vidre<\/a><br \/>\n<a href=\"https:\/\/www.monteescalier.net\/france\/monte-escalier-ponteilla\">Monte escalier Ponteilla<\/a><br \/>\n<a href=\"https:\/\/www.monteescalier.net\/france\/monte-escalier-maureillas-las-illas\">Monte escalier Maureillas-las-Illas<\/a><br \/>\n<a href=\"https:\/\/www.monteescalier.net\/france\/monte-escalier-baixas\">Monte escalier Baixas<\/a><br \/>\n<a href=\"https:\/\/www.monteescalier.net\/france\/monte-escalier-saint-hippolyte\">Monte escalier Saint-Hippolyte<\/a><\/div>\n","protected":false},"excerpt":{"rendered":"<p>Information sur les monte escalier \u00e0 Arles-sur-Tech Un installateur national, un revendeur r\u00e9gional, un prestataire local? Qui faut il choisir pour mettre en place un monte escalier \u00e0 Arles-sur-Tech. Pour r\u00e9pondre \u00e0 cette interrogationsans gaspiller de temps, c&rsquo;est facile, utilisez les services de monteescalier.net. Notre site est une passerelle entre les possibles acqu\u00e9reurs de monte [&hellip;]<\/p>\n","protected":false},"author":1,"featured_media":0,"parent":0,"menu_order":0,"comment_status":"closed","ping_status":"open","template":"","meta":{"_monsterinsights_skip_tracking":false,"_monsterinsights_sitenote_active":false,"_monsterinsights_sitenote_note":"","_monsterinsights_sitenote_category":0,"footnotes":""},"class_list":["post-4565","page","type-page","status-publish","hentry"],"yoast_head":"<!-- This site is optimized with the Yoast SEO plugin v26.3 - https:\/\/yoast.com\/wordpress\/plugins\/seo\/ -->\n<title>Monte escalier Arles-sur-Tech - Monte escalier<\/title>\n<meta name=\"description\" content=\"Trouvez votre monte-escalier \u00e0 Arles-syr-Tech gr\u00e2ce a notre site et nos professionnels en toute confiance.\" \/>\n<meta name=\"robots\" content=\"index, follow, max-snippet:-1, max-image-preview:large, max-video-preview:-1\" \/>\n<link rel=\"canonical\" href=\"https:\/\/www.monteescalier.net\/france\/monte-escalier-arles-sur-tech\/\" \/>\n<meta property=\"og:locale\" content=\"fr_FR\" \/>\n<meta property=\"og:type\" content=\"article\" \/>\n<meta property=\"og:title\" content=\"Monte escalier Arles-sur-Tech - Monte escalier\" \/>\n<meta property=\"og:description\" content=\"Trouvez votre monte-escalier \u00e0 Arles-syr-Tech gr\u00e2ce a notre site et nos professionnels en toute confiance.\" \/>\n<meta property=\"og:url\" content=\"https:\/\/www.monteescalier.net\/france\/monte-escalier-arles-sur-tech\/\" \/>\n<meta property=\"og:site_name\" content=\"Monte escalier\" \/>\n<meta property=\"article:modified_time\" content=\"2021-11-23T13:35:49+00:00\" \/>\n<meta name=\"twitter:card\" content=\"summary_large_image\" \/>\n<meta name=\"twitter:label1\" content=\"Dur\u00e9e de lecture estim\u00e9e\" \/>\n\t<meta name=\"twitter:data1\" content=\"2 minutes\" \/>\n<script type=\"application\/ld+json\" class=\"yoast-schema-graph\">{\"@context\":\"https:\/\/schema.org\",\"@graph\":[{\"@type\":\"WebPage\",\"@id\":\"https:\/\/www.monteescalier.net\/france\/monte-escalier-arles-sur-tech\/\",\"url\":\"https:\/\/www.monteescalier.net\/france\/monte-escalier-arles-sur-tech\/\",\"name\":\"Monte escalier Arles-sur-Tech - Monte escalier\",\"isPartOf\":{\"@id\":\"https:\/\/www.monteescalier.net\/france\/#website\"},\"datePublished\":\"2021-09-26T09:48:02+00:00\",\"dateModified\":\"2021-11-23T13:35:49+00:00\",\"description\":\"Trouvez votre monte-escalier \u00e0 Arles-syr-Tech gr\u00e2ce a notre site et nos professionnels en toute confiance.\",\"breadcrumb\":{\"@id\":\"https:\/\/www.monteescalier.net\/france\/monte-escalier-arles-sur-tech\/#breadcrumb\"},\"inLanguage\":\"fr-FR\",\"potentialAction\":[{\"@type\":\"ReadAction\",\"target\":[\"https:\/\/www.monteescalier.net\/france\/monte-escalier-arles-sur-tech\/\"]}]},{\"@type\":\"BreadcrumbList\",\"@id\":\"https:\/\/www.monteescalier.net\/france\/monte-escalier-arles-sur-tech\/#breadcrumb\",\"itemListElement\":[{\"@type\":\"ListItem\",\"position\":1,\"name\":\"Accueil\",\"item\":\"https:\/\/www.monteescalier.net\/france\/\"},{\"@type\":\"ListItem\",\"position\":2,\"name\":\"Monte escalier Arles-sur-Tech\"}]},{\"@type\":\"WebSite\",\"@id\":\"https:\/\/www.monteescalier.net\/france\/#website\",\"url\":\"https:\/\/www.monteescalier.net\/france\/\",\"name\":\"Monte escalier\",\"description\":\"\",\"publisher\":{\"@id\":\"https:\/\/www.monteescalier.net\/france\/#organization\"},\"potentialAction\":[{\"@type\":\"SearchAction\",\"target\":{\"@type\":\"EntryPoint\",\"urlTemplate\":\"https:\/\/www.monteescalier.net\/france\/?s={search_term_string}\"},\"query-input\":{\"@type\":\"PropertyValueSpecification\",\"valueRequired\":true,\"valueName\":\"search_term_string\"}}],\"inLanguage\":\"fr-FR\"},{\"@type\":\"Organization\",\"@id\":\"https:\/\/www.monteescalier.net\/france\/#organization\",\"name\":\"monte-escalier.net\",\"url\":\"https:\/\/www.monteescalier.net\/france\/\",\"logo\":{\"@type\":\"ImageObject\",\"inLanguage\":\"fr-FR\",\"@id\":\"https:\/\/www.monteescalier.net\/france\/#\/schema\/logo\/image\/\",\"url\":\"https:\/\/www.monteescalier.net\/france\/wp-content\/uploads\/2016\/10\/4devis-mont-escalier-500-500.gif\",\"contentUrl\":\"https:\/\/www.monteescalier.net\/france\/wp-content\/uploads\/2016\/10\/4devis-mont-escalier-500-500.gif\",\"width\":500,\"height\":500,\"caption\":\"monte-escalier.net\"},\"image\":{\"@id\":\"https:\/\/www.monteescalier.net\/france\/#\/schema\/logo\/image\/\"}}]}<\/script>\n<!-- \/ Yoast SEO plugin. -->","yoast_head_json":{"title":"Monte escalier Arles-sur-Tech - Monte escalier","description":"Trouvez votre monte-escalier \u00e0 Arles-syr-Tech gr\u00e2ce a notre site et nos professionnels en toute confiance.","robots":{"index":"index","follow":"follow","max-snippet":"max-snippet:-1","max-image-preview":"max-image-preview:large","max-video-preview":"max-video-preview:-1"},"canonical":"https:\/\/www.monteescalier.net\/france\/monte-escalier-arles-sur-tech\/","og_locale":"fr_FR","og_type":"article","og_title":"Monte escalier Arles-sur-Tech - Monte escalier","og_description":"Trouvez votre monte-escalier \u00e0 Arles-syr-Tech gr\u00e2ce a notre site et nos professionnels en toute confiance.","og_url":"https:\/\/www.monteescalier.net\/france\/monte-escalier-arles-sur-tech\/","og_site_name":"Monte escalier","article_modified_time":"2021-11-23T13:35:49+00:00","twitter_card":"summary_large_image","twitter_misc":{"Dur\u00e9e de lecture estim\u00e9e":"2 minutes"},"schema":{"@context":"https:\/\/schema.org","@graph":[{"@type":"WebPage","@id":"https:\/\/www.monteescalier.net\/france\/monte-escalier-arles-sur-tech\/","url":"https:\/\/www.monteescalier.net\/france\/monte-escalier-arles-sur-tech\/","name":"Monte escalier Arles-sur-Tech - Monte escalier","isPartOf":{"@id":"https:\/\/www.monteescalier.net\/france\/#website"},"datePublished":"2021-09-26T09:48:02+00:00","dateModified":"2021-11-23T13:35:49+00:00","description":"Trouvez votre monte-escalier \u00e0 Arles-syr-Tech gr\u00e2ce a notre site et nos professionnels en toute confiance.","breadcrumb":{"@id":"https:\/\/www.monteescalier.net\/france\/monte-escalier-arles-sur-tech\/#breadcrumb"},"inLanguage":"fr-FR","potentialAction":[{"@type":"ReadAction","target":["https:\/\/www.monteescalier.net\/france\/monte-escalier-arles-sur-tech\/"]}]},{"@type":"BreadcrumbList","@id":"https:\/\/www.monteescalier.net\/france\/monte-escalier-arles-sur-tech\/#breadcrumb","itemListElement":[{"@type":"ListItem","position":1,"name":"Accueil","item":"https:\/\/www.monteescalier.net\/france\/"},{"@type":"ListItem","position":2,"name":"Monte escalier Arles-sur-Tech"}]},{"@type":"WebSite","@id":"https:\/\/www.monteescalier.net\/france\/#website","url":"https:\/\/www.monteescalier.net\/france\/","name":"Monte escalier","description":"","publisher":{"@id":"https:\/\/www.monteescalier.net\/france\/#organization"},"potentialAction":[{"@type":"SearchAction","target":{"@type":"EntryPoint","urlTemplate":"https:\/\/www.monteescalier.net\/france\/?s={search_term_string}"},"query-input":{"@type":"PropertyValueSpecification","valueRequired":true,"valueName":"search_term_string"}}],"inLanguage":"fr-FR"},{"@type":"Organization","@id":"https:\/\/www.monteescalier.net\/france\/#organization","name":"monte-escalier.net","url":"https:\/\/www.monteescalier.net\/france\/","logo":{"@type":"ImageObject","inLanguage":"fr-FR","@id":"https:\/\/www.monteescalier.net\/france\/#\/schema\/logo\/image\/","url":"https:\/\/www.monteescalier.net\/france\/wp-content\/uploads\/2016\/10\/4devis-mont-escalier-500-500.gif","contentUrl":"https:\/\/www.monteescalier.net\/france\/wp-content\/uploads\/2016\/10\/4devis-mont-escalier-500-500.gif","width":500,"height":500,"caption":"monte-escalier.net"},"image":{"@id":"https:\/\/www.monteescalier.net\/france\/#\/schema\/logo\/image\/"}}]}},"_links":{"self":[{"href":"https:\/\/www.monteescalier.net\/france\/wp-json\/wp\/v2\/pages\/4565","targetHints":{"allow":["GET"]}}],"collection":[{"href":"https:\/\/www.monteescalier.net\/france\/wp-json\/wp\/v2\/pages"}],"about":[{"href":"https:\/\/www.monteescalier.net\/france\/wp-json\/wp\/v2\/types\/page"}],"author":[{"embeddable":true,"href":"https:\/\/www.monteescalier.net\/france\/wp-json\/wp\/v2\/users\/1"}],"replies":[{"embeddable":true,"href":"https:\/\/www.monteescalier.net\/france\/wp-json\/wp\/v2\/comments?post=4565"}],"version-history":[{"count":1,"href":"https:\/\/www.monteescalier.net\/france\/wp-json\/wp\/v2\/pages\/4565\/revisions"}],"predecessor-version":[{"id":8990,"href":"https:\/\/www.monteescalier.net\/france\/wp-json\/wp\/v2\/pages\/4565\/revisions\/8990"}],"wp:attachment":[{"href":"https:\/\/www.monteescalier.net\/france\/wp-json\/wp\/v2\/media?parent=4565"}],"curies":[{"name":"wp","href":"https:\/\/api.w.org\/{rel}","templated":true}]}}

<h1>Information sur les monte escalier à Arles-sur-Tech</h1>
<div class="boite_texte">
<div style="text-align: justify; margin-bottom: 10px;">Un installateur national, un revendeur régional, un prestataire local? Qui faut il choisir pour mettre en place un monte escalier à Arles-sur-Tech. Pour répondre à cette interrogationsans gaspiller de temps, c&rsquo;est facile, utilisez les services de monteescalier.net.</div>
<div style="text-align: justify; margin-bottom: 10px;">Notre site est une passerelle entre les possibles acquéreurs de monte escalier et les installateurs. En quelques clics vous serez mis en contact avec notre sélection de vendeurs de monte escalier sur Arles-sur-Tech.</div>
<div style="text-align: justify; margin-bottom: 10px;">Vous savez très exactement ce que voulez ? Vous avez besoin d&rsquo;un devis de monte escalier. Une seule demande de devis sur notre site vous permettra de recevoir entre 4 et 5 devis totalement gratuits.</div>
<div style="text-align: justify; margin-bottom: 10px;">Votre décision d&rsquo;achat n&rsquo;est pas prise, vous préférez échanger au préalable avec les professionnels du monte escalier de votre secteur. Une seule demande de rappel sur notre site et ils vous rappelleront gratuitement pour répondre à toutes vos questions.</div>
<div style="text-align: justify; margin-bottom: 10px;">Pour faire votre choix, vous pouvez aussi vouloir comparer les caractéristiques détaillées des fauteuils monte escalier des différentes marques disponibles à la vente.le service que nous recommandons dans ce cas est de vous servir de notre formulaire de demande de documentation que vous trouverez sur notre site. Par courriel ou par courrier traditionnel, vous recevrez gratuitement toutes les infos nécessaires qui vous permettront de comparer à tête reposée les différents modèles de monte escalier.</div>
<div style="text-align: justify; margin-bottom: 10px;">Pourquoi aller chercher ailleurs alors que tous nos services sont entièrement gratuits. Nous avons fait le travail de préselection de votre prestataire monte escalier à Arles-sur-Tech. Utilisez nos services ne vous coûtera rien et ne vous engagera à rien&#8230; alors pourquoi ne pas essayer ! Laissez nous vos coordonnées et testez nos services sans engagement.</div>
</div>
<div class="titre_liens">A découvrir également : nos offres monte escalier dans les villes alentour</div>
<div class="boite_liens"><a href="https://www.monteescalier.net/france/monte-escalier-palau-del-vidre">Monte escalier Palau-del-Vidre</a><br />
<a href="https://www.monteescalier.net/france/monte-escalier-ponteilla">Monte escalier Ponteilla</a><br />
<a href="https://www.monteescalier.net/france/monte-escalier-maureillas-las-illas">Monte escalier Maureillas-las-Illas</a><br />
<a href="https://www.monteescalier.net/france/monte-escalier-baixas">Monte escalier Baixas</a><br />
<a href="https://www.monteescalier.net/france/monte-escalier-saint-hippolyte">Monte escalier Saint-Hippolyte</a></div>

<p>Information sur les monte escalier à Arles-sur-Tech Un installateur national, un revendeur régional, un prestataire local? Qui faut il choisir pour mettre en place un monte escalier à Arles-sur-Tech. Pour répondre à cette interrogationsans gaspiller de temps, c&rsquo;est facile, utilisez les services de monteescalier.net. Notre site est une passerelle entre les possibles acquéreurs de monte [&hellip;]</p>

<!-- This site is optimized with the Yoast SEO plugin v26.3 - https://yoast.com/wordpress/plugins/seo/ -->
<title>Monte escalier Arles-sur-Tech - Monte escalier</title>
<meta name="description" content="Trouvez votre monte-escalier à Arles-syr-Tech grâce a notre site et nos professionnels en toute confiance." />
<meta name="robots" content="index, follow, max-snippet:-1, max-image-preview:large, max-video-preview:-1" />
<link rel="canonical" href="https://www.monteescalier.net/france/monte-escalier-arles-sur-tech/" />
<meta property="og:locale" content="fr_FR" />
<meta property="og:type" content="article" />
<meta property="og:title" content="Monte escalier Arles-sur-Tech - Monte escalier" />
<meta property="og:description" content="Trouvez votre monte-escalier à Arles-syr-Tech grâce a notre site et nos professionnels en toute confiance." />
<meta property="og:url" content="https://www.monteescalier.net/france/monte-escalier-arles-sur-tech/" />
<meta property="og:site_name" content="Monte escalier" />
<meta property="article:modified_time" content="2021-11-23T13:35:49+00:00" />
<meta name="twitter:card" content="summary_large_image" />
<meta name="twitter:label1" content="Durée de lecture estimée" />
	<meta name="twitter:data1" content="2 minutes" />
<script type="application/ld+json" class="yoast-schema-graph">{"@context":"https://schema.org","@graph":[{"@type":"WebPage","@id":"https://www.monteescalier.net/france/monte-escalier-arles-sur-tech/","url":"https://www.monteescalier.net/france/monte-escalier-arles-sur-tech/","name":"Monte escalier Arles-sur-Tech - Monte escalier","isPartOf":{"@id":"https://www.monteescalier.net/france/#website"},"datePublished":"2021-09-26T09:48:02+00:00","dateModified":"2021-11-23T13:35:49+00:00","description":"Trouvez votre monte-escalier à Arles-syr-Tech grâce a notre site et nos professionnels en toute confiance.","breadcrumb":{"@id":"https://www.monteescalier.net/france/monte-escalier-arles-sur-tech/#breadcrumb"},"inLanguage":"fr-FR","potentialAction":[{"@type":"ReadAction","target":["https://www.monteescalier.net/france/monte-escalier-arles-sur-tech/"]}]},{"@type":"BreadcrumbList","@id":"https://www.monteescalier.net/france/monte-escalier-arles-sur-tech/#breadcrumb","itemListElement":[{"@type":"ListItem","position":1,"name":"Accueil","item":"https://www.monteescalier.net/france/"},{"@type":"ListItem","position":2,"name":"Monte escalier Arles-sur-Tech"}]},{"@type":"WebSite","@id":"https://www.monteescalier.net/france/#website","url":"https://www.monteescalier.net/france/","name":"Monte escalier","description":"","publisher":{"@id":"https://www.monteescalier.net/france/#organization"},"potentialAction":[{"@type":"SearchAction","target":{"@type":"EntryPoint","urlTemplate":"https://www.monteescalier.net/france/?s={search_term_string}"},"query-input":{"@type":"PropertyValueSpecification","valueRequired":true,"valueName":"search_term_string"}}],"inLanguage":"fr-FR"},{"@type":"Organization","@id":"https://www.monteescalier.net/france/#organization","name":"monte-escalier.net","url":"https://www.monteescalier.net/france/","logo":{"@type":"ImageObject","inLanguage":"fr-FR","@id":"https://www.monteescalier.net/france/#/schema/logo/image/","url":"https://www.monteescalier.net/france/wp-content/uploads/2016/10/4devis-mont-escalier-500-500.gif","contentUrl":"https://www.monteescalier.net/france/wp-content/uploads/2016/10/4devis-mont-escalier-500-500.gif","width":500,"height":500,"caption":"monte-escalier.net"},"image":{"@id":"https://www.monteescalier.net/france/#/schema/logo/image/"}}]}</script>
<!-- / Yoast SEO plugin. -->

Trouvez votre monte-escalier à Arles-syr-Tech grâce a notre site et nos professionnels en toute confiance.
