{"id":4672,"date":"2013-09-26T10:48:03","date_gmt":"2013-09-26T10:48:03","guid":{"rendered":"https:\/\/www.monteescalier.net\/france\/?page_id=4672"},"modified":"2017-08-22T17:27:03","modified_gmt":"2017-08-22T16:27:03","slug":"monte-escalier-avesnelles","status":"publish","type":"page","link":"https:\/\/www.monteescalier.net\/france\/monte-escalier-avesnelles\/","title":{"rendered":"Monte escalier Avesnelles"},"content":{"rendered":"<h1>Acheter son monte escalier \u00e0 Avesnelles<\/h1>\n<div class=\"boite_texte\">\n<div style=\"text-align: justify; margin-bottom: 10px;\">Un installateur national, un revendeur r\u00e9gional, un prestataire local? Qui faut il choisir pour faire installer un monte escalier \u00e0 Avesnelles. Pour r\u00e9pondre \u00e0 cette interrogationsans perdre un temps pr\u00e9cieux, c&rsquo;est facile, utilisez les services de monteescalier.net.<\/div>\n<div style=\"text-align: justify; margin-bottom: 10px;\">Monteescalier.net dispose de partenaires installateurs de monte escalier dans toute la France et donc bien s\u00fbr dans le d\u00e9partement du Nord et vous permet d&rsquo;\u00eatre mis sans aucun frais en contact avec ceux pouvant intervenir chez vous pour installer un monte escalier \u00e0 Avesnelles.<\/div>\n<div style=\"text-align: justify; margin-bottom: 10px;\">Comment mieux comparer qu&rsquo;en examinant des propositions concr\u00e8tes ? Une seule demande de devis sur notre site et vous obtiendrez plusieurs devis de diff\u00e9rents prestataires vous proposant diff\u00e9rents mod\u00e8les de monte escalier.<\/div>\n<div style=\"text-align: justify; margin-bottom: 10px;\">Vous avez des questions sur l&rsquo;installation d&rsquo;un monte escalier, sur les prix des monte escalier, sur les diff\u00e9rents mod\u00e8les, utilisez notre formulaire de demande de rappel et les professionnels du monte escalier vous rappelleront tr\u00e8s vite.<\/div>\n<div style=\"text-align: justify; margin-bottom: 10px;\">La plupart de nos partenaires installateurs disposent de documentation sur les mod\u00e8les de monte escalier qu&rsquo;ils commercialisent. Ils peuvent vous les faire parvenir par courrier ou par email selon votre pr\u00e9f\u00e9rence. Pour les recevoir remplissez vite une demande de documentation sur notre site.<\/div>\n<div style=\"text-align: justify; margin-bottom: 10px;\">Pourquoi aller chercher ailleurs alors que tous nos services sont enti\u00e8rement gratuits. Nous avons fait le travail de pr\u00e9selection de votre prestataire monte escalier \u00e0 Avesnelles. Utilisez nos services ne vous co\u00fbtera rien et ne vous engagera \u00e0 rien&#8230; alors pourquoi passer \u00e0 c\u00f4t\u00e9 ! Laissez nous vos coordonn\u00e9es et testez nos services sans engagement.<\/div>\n<\/div>\n<div class=\"titre_liens\">Nos services monte escalier sont \u00e9galement disponibles \u00e0 :<\/div>\n<div class=\"boite_liens\"><a href=\"https:\/\/www.monteescalier.net\/france\/monte-escalier-masnieres\">Monte escalier Masni\u00e8res<\/a><br \/>\n<a href=\"https:\/\/www.monteescalier.net\/france\/monte-escalier-wahagnies\">Monte escalier Wahagnies<\/a><br \/>\n<a href=\"https:\/\/www.monteescalier.net\/france\/monte-escalier-pont-sur-sambre\">Monte escalier Pont-sur-Sambre<\/a><br \/>\n<a href=\"https:\/\/www.monteescalier.net\/france\/monte-escalier-busigny\">Monte escalier Busigny<\/a><br \/>\n<a href=\"https:\/\/www.monteescalier.net\/france\/monte-escalier-coutiches\">Monte escalier Coutiches<\/a><\/div>\n","protected":false},"excerpt":{"rendered":"<p>Acheter son monte escalier \u00e0 Avesnelles Un installateur national, un revendeur r\u00e9gional, un prestataire local? Qui faut il choisir pour faire installer un monte escalier \u00e0 Avesnelles. Pour r\u00e9pondre \u00e0 cette interrogationsans perdre un temps pr\u00e9cieux, c&rsquo;est facile, utilisez les services de monteescalier.net. Monteescalier.net dispose de partenaires installateurs de monte escalier dans toute la France [&hellip;]<\/p>\n","protected":false},"author":1,"featured_media":0,"parent":0,"menu_order":0,"comment_status":"closed","ping_status":"open","template":"template_ville_2.php","meta":{"_monsterinsights_skip_tracking":false,"_monsterinsights_sitenote_active":false,"_monsterinsights_sitenote_note":"","_monsterinsights_sitenote_category":0,"footnotes":""},"class_list":["post-4672","page","type-page","status-publish","hentry"],"yoast_head":"<!-- This site is optimized with the Yoast SEO plugin v26.3 - https:\/\/yoast.com\/wordpress\/plugins\/seo\/ -->\n<title>Monte escalier Avesnelles - Monte escalier<\/title>\n<meta name=\"robots\" content=\"index, follow, max-snippet:-1, max-image-preview:large, max-video-preview:-1\" \/>\n<link rel=\"canonical\" href=\"https:\/\/www.monteescalier.net\/france\/monte-escalier-avesnelles\/\" \/>\n<meta property=\"og:locale\" content=\"fr_FR\" \/>\n<meta property=\"og:type\" content=\"article\" \/>\n<meta property=\"og:title\" content=\"Monte escalier Avesnelles - Monte escalier\" \/>\n<meta property=\"og:description\" content=\"Acheter son monte escalier \u00e0 Avesnelles Un installateur national, un revendeur r\u00e9gional, un prestataire local? Qui faut il choisir pour faire installer un monte escalier \u00e0 Avesnelles. Pour r\u00e9pondre \u00e0 cette interrogationsans perdre un temps pr\u00e9cieux, c&rsquo;est facile, utilisez les services de monteescalier.net. Monteescalier.net dispose de partenaires installateurs de monte escalier dans toute la France [&hellip;]\" \/>\n<meta property=\"og:url\" content=\"https:\/\/www.monteescalier.net\/france\/monte-escalier-avesnelles\/\" \/>\n<meta property=\"og:site_name\" content=\"Monte escalier\" \/>\n<meta property=\"article:modified_time\" content=\"2017-08-22T16:27:03+00:00\" \/>\n<meta name=\"twitter:card\" content=\"summary_large_image\" \/>\n<meta name=\"twitter:label1\" content=\"Dur\u00e9e de lecture estim\u00e9e\" \/>\n\t<meta name=\"twitter:data1\" content=\"1 minute\" \/>\n<script type=\"application\/ld+json\" class=\"yoast-schema-graph\">{\"@context\":\"https:\/\/schema.org\",\"@graph\":[{\"@type\":\"WebPage\",\"@id\":\"https:\/\/www.monteescalier.net\/france\/monte-escalier-avesnelles\/\",\"url\":\"https:\/\/www.monteescalier.net\/france\/monte-escalier-avesnelles\/\",\"name\":\"Monte escalier Avesnelles - Monte escalier\",\"isPartOf\":{\"@id\":\"https:\/\/www.monteescalier.net\/france\/#website\"},\"datePublished\":\"2013-09-26T10:48:03+00:00\",\"dateModified\":\"2017-08-22T16:27:03+00:00\",\"breadcrumb\":{\"@id\":\"https:\/\/www.monteescalier.net\/france\/monte-escalier-avesnelles\/#breadcrumb\"},\"inLanguage\":\"fr-FR\",\"potentialAction\":[{\"@type\":\"ReadAction\",\"target\":[\"https:\/\/www.monteescalier.net\/france\/monte-escalier-avesnelles\/\"]}]},{\"@type\":\"BreadcrumbList\",\"@id\":\"https:\/\/www.monteescalier.net\/france\/monte-escalier-avesnelles\/#breadcrumb\",\"itemListElement\":[{\"@type\":\"ListItem\",\"position\":1,\"name\":\"Accueil\",\"item\":\"https:\/\/www.monteescalier.net\/france\/\"},{\"@type\":\"ListItem\",\"position\":2,\"name\":\"Monte escalier Avesnelles\"}]},{\"@type\":\"WebSite\",\"@id\":\"https:\/\/www.monteescalier.net\/france\/#website\",\"url\":\"https:\/\/www.monteescalier.net\/france\/\",\"name\":\"Monte escalier\",\"description\":\"\",\"publisher\":{\"@id\":\"https:\/\/www.monteescalier.net\/france\/#organization\"},\"potentialAction\":[{\"@type\":\"SearchAction\",\"target\":{\"@type\":\"EntryPoint\",\"urlTemplate\":\"https:\/\/www.monteescalier.net\/france\/?s={search_term_string}\"},\"query-input\":{\"@type\":\"PropertyValueSpecification\",\"valueRequired\":true,\"valueName\":\"search_term_string\"}}],\"inLanguage\":\"fr-FR\"},{\"@type\":\"Organization\",\"@id\":\"https:\/\/www.monteescalier.net\/france\/#organization\",\"name\":\"monte-escalier.net\",\"url\":\"https:\/\/www.monteescalier.net\/france\/\",\"logo\":{\"@type\":\"ImageObject\",\"inLanguage\":\"fr-FR\",\"@id\":\"https:\/\/www.monteescalier.net\/france\/#\/schema\/logo\/image\/\",\"url\":\"https:\/\/www.monteescalier.net\/france\/wp-content\/uploads\/2016\/10\/4devis-mont-escalier-500-500.gif\",\"contentUrl\":\"https:\/\/www.monteescalier.net\/france\/wp-content\/uploads\/2016\/10\/4devis-mont-escalier-500-500.gif\",\"width\":500,\"height\":500,\"caption\":\"monte-escalier.net\"},\"image\":{\"@id\":\"https:\/\/www.monteescalier.net\/france\/#\/schema\/logo\/image\/\"}}]}<\/script>\n<!-- \/ Yoast SEO plugin. -->","yoast_head_json":{"title":"Monte escalier Avesnelles - Monte escalier","robots":{"index":"index","follow":"follow","max-snippet":"max-snippet:-1","max-image-preview":"max-image-preview:large","max-video-preview":"max-video-preview:-1"},"canonical":"https:\/\/www.monteescalier.net\/france\/monte-escalier-avesnelles\/","og_locale":"fr_FR","og_type":"article","og_title":"Monte escalier Avesnelles - Monte escalier","og_description":"Acheter son monte escalier \u00e0 Avesnelles Un installateur national, un revendeur r\u00e9gional, un prestataire local? Qui faut il choisir pour faire installer un monte escalier \u00e0 Avesnelles. Pour r\u00e9pondre \u00e0 cette interrogationsans perdre un temps pr\u00e9cieux, c&rsquo;est facile, utilisez les services de monteescalier.net. Monteescalier.net dispose de partenaires installateurs de monte escalier dans toute la France [&hellip;]","og_url":"https:\/\/www.monteescalier.net\/france\/monte-escalier-avesnelles\/","og_site_name":"Monte escalier","article_modified_time":"2017-08-22T16:27:03+00:00","twitter_card":"summary_large_image","twitter_misc":{"Dur\u00e9e de lecture estim\u00e9e":"1 minute"},"schema":{"@context":"https:\/\/schema.org","@graph":[{"@type":"WebPage","@id":"https:\/\/www.monteescalier.net\/france\/monte-escalier-avesnelles\/","url":"https:\/\/www.monteescalier.net\/france\/monte-escalier-avesnelles\/","name":"Monte escalier Avesnelles - Monte escalier","isPartOf":{"@id":"https:\/\/www.monteescalier.net\/france\/#website"},"datePublished":"2013-09-26T10:48:03+00:00","dateModified":"2017-08-22T16:27:03+00:00","breadcrumb":{"@id":"https:\/\/www.monteescalier.net\/france\/monte-escalier-avesnelles\/#breadcrumb"},"inLanguage":"fr-FR","potentialAction":[{"@type":"ReadAction","target":["https:\/\/www.monteescalier.net\/france\/monte-escalier-avesnelles\/"]}]},{"@type":"BreadcrumbList","@id":"https:\/\/www.monteescalier.net\/france\/monte-escalier-avesnelles\/#breadcrumb","itemListElement":[{"@type":"ListItem","position":1,"name":"Accueil","item":"https:\/\/www.monteescalier.net\/france\/"},{"@type":"ListItem","position":2,"name":"Monte escalier Avesnelles"}]},{"@type":"WebSite","@id":"https:\/\/www.monteescalier.net\/france\/#website","url":"https:\/\/www.monteescalier.net\/france\/","name":"Monte escalier","description":"","publisher":{"@id":"https:\/\/www.monteescalier.net\/france\/#organization"},"potentialAction":[{"@type":"SearchAction","target":{"@type":"EntryPoint","urlTemplate":"https:\/\/www.monteescalier.net\/france\/?s={search_term_string}"},"query-input":{"@type":"PropertyValueSpecification","valueRequired":true,"valueName":"search_term_string"}}],"inLanguage":"fr-FR"},{"@type":"Organization","@id":"https:\/\/www.monteescalier.net\/france\/#organization","name":"monte-escalier.net","url":"https:\/\/www.monteescalier.net\/france\/","logo":{"@type":"ImageObject","inLanguage":"fr-FR","@id":"https:\/\/www.monteescalier.net\/france\/#\/schema\/logo\/image\/","url":"https:\/\/www.monteescalier.net\/france\/wp-content\/uploads\/2016\/10\/4devis-mont-escalier-500-500.gif","contentUrl":"https:\/\/www.monteescalier.net\/france\/wp-content\/uploads\/2016\/10\/4devis-mont-escalier-500-500.gif","width":500,"height":500,"caption":"monte-escalier.net"},"image":{"@id":"https:\/\/www.monteescalier.net\/france\/#\/schema\/logo\/image\/"}}]}},"_links":{"self":[{"href":"https:\/\/www.monteescalier.net\/france\/wp-json\/wp\/v2\/pages\/4672","targetHints":{"allow":["GET"]}}],"collection":[{"href":"https:\/\/www.monteescalier.net\/france\/wp-json\/wp\/v2\/pages"}],"about":[{"href":"https:\/\/www.monteescalier.net\/france\/wp-json\/wp\/v2\/types\/page"}],"author":[{"embeddable":true,"href":"https:\/\/www.monteescalier.net\/france\/wp-json\/wp\/v2\/users\/1"}],"replies":[{"embeddable":true,"href":"https:\/\/www.monteescalier.net\/france\/wp-json\/wp\/v2\/comments?post=4672"}],"version-history":[{"count":2,"href":"https:\/\/www.monteescalier.net\/france\/wp-json\/wp\/v2\/pages\/4672\/revisions"}],"predecessor-version":[{"id":7900,"href":"https:\/\/www.monteescalier.net\/france\/wp-json\/wp\/v2\/pages\/4672\/revisions\/7900"}],"wp:attachment":[{"href":"https:\/\/www.monteescalier.net\/france\/wp-json\/wp\/v2\/media?parent=4672"}],"curies":[{"name":"wp","href":"https:\/\/api.w.org\/{rel}","templated":true}]}}

<h1>Acheter son monte escalier à Avesnelles</h1>
<div class="boite_texte">
<div style="text-align: justify; margin-bottom: 10px;">Un installateur national, un revendeur régional, un prestataire local? Qui faut il choisir pour faire installer un monte escalier à Avesnelles. Pour répondre à cette interrogationsans perdre un temps précieux, c&rsquo;est facile, utilisez les services de monteescalier.net.</div>
<div style="text-align: justify; margin-bottom: 10px;">Monteescalier.net dispose de partenaires installateurs de monte escalier dans toute la France et donc bien sûr dans le département du Nord et vous permet d&rsquo;être mis sans aucun frais en contact avec ceux pouvant intervenir chez vous pour installer un monte escalier à Avesnelles.</div>
<div style="text-align: justify; margin-bottom: 10px;">Comment mieux comparer qu&rsquo;en examinant des propositions concrètes ? Une seule demande de devis sur notre site et vous obtiendrez plusieurs devis de différents prestataires vous proposant différents modèles de monte escalier.</div>
<div style="text-align: justify; margin-bottom: 10px;">Vous avez des questions sur l&rsquo;installation d&rsquo;un monte escalier, sur les prix des monte escalier, sur les différents modèles, utilisez notre formulaire de demande de rappel et les professionnels du monte escalier vous rappelleront très vite.</div>
<div style="text-align: justify; margin-bottom: 10px;">La plupart de nos partenaires installateurs disposent de documentation sur les modèles de monte escalier qu&rsquo;ils commercialisent. Ils peuvent vous les faire parvenir par courrier ou par email selon votre préférence. Pour les recevoir remplissez vite une demande de documentation sur notre site.</div>
<div style="text-align: justify; margin-bottom: 10px;">Pourquoi aller chercher ailleurs alors que tous nos services sont entièrement gratuits. Nous avons fait le travail de préselection de votre prestataire monte escalier à Avesnelles. Utilisez nos services ne vous coûtera rien et ne vous engagera à rien&#8230; alors pourquoi passer à côté ! Laissez nous vos coordonnées et testez nos services sans engagement.</div>
</div>
<div class="titre_liens">Nos services monte escalier sont également disponibles à :</div>
<div class="boite_liens"><a href="https://www.monteescalier.net/france/monte-escalier-masnieres">Monte escalier Masnières</a><br />
<a href="https://www.monteescalier.net/france/monte-escalier-wahagnies">Monte escalier Wahagnies</a><br />
<a href="https://www.monteescalier.net/france/monte-escalier-pont-sur-sambre">Monte escalier Pont-sur-Sambre</a><br />
<a href="https://www.monteescalier.net/france/monte-escalier-busigny">Monte escalier Busigny</a><br />
<a href="https://www.monteescalier.net/france/monte-escalier-coutiches">Monte escalier Coutiches</a></div>

<p>Acheter son monte escalier à Avesnelles Un installateur national, un revendeur régional, un prestataire local? Qui faut il choisir pour faire installer un monte escalier à Avesnelles. Pour répondre à cette interrogationsans perdre un temps précieux, c&rsquo;est facile, utilisez les services de monteescalier.net. Monteescalier.net dispose de partenaires installateurs de monte escalier dans toute la France [&hellip;]</p>

<!-- This site is optimized with the Yoast SEO plugin v26.3 - https://yoast.com/wordpress/plugins/seo/ -->
<title>Monte escalier Avesnelles - Monte escalier</title>
<meta name="robots" content="index, follow, max-snippet:-1, max-image-preview:large, max-video-preview:-1" />
<link rel="canonical" href="https://www.monteescalier.net/france/monte-escalier-avesnelles/" />
<meta property="og:locale" content="fr_FR" />
<meta property="og:type" content="article" />
<meta property="og:title" content="Monte escalier Avesnelles - Monte escalier" />
<meta property="og:description" content="Acheter son monte escalier à Avesnelles Un installateur national, un revendeur régional, un prestataire local? Qui faut il choisir pour faire installer un monte escalier à Avesnelles. Pour répondre à cette interrogationsans perdre un temps précieux, c&rsquo;est facile, utilisez les services de monteescalier.net. Monteescalier.net dispose de partenaires installateurs de monte escalier dans toute la France [&hellip;]" />
<meta property="og:url" content="https://www.monteescalier.net/france/monte-escalier-avesnelles/" />
<meta property="og:site_name" content="Monte escalier" />
<meta property="article:modified_time" content="2017-08-22T16:27:03+00:00" />
<meta name="twitter:card" content="summary_large_image" />
<meta name="twitter:label1" content="Durée de lecture estimée" />
	<meta name="twitter:data1" content="1 minute" />
<script type="application/ld+json" class="yoast-schema-graph">{"@context":"https://schema.org","@graph":[{"@type":"WebPage","@id":"https://www.monteescalier.net/france/monte-escalier-avesnelles/","url":"https://www.monteescalier.net/france/monte-escalier-avesnelles/","name":"Monte escalier Avesnelles - Monte escalier","isPartOf":{"@id":"https://www.monteescalier.net/france/#website"},"datePublished":"2013-09-26T10:48:03+00:00","dateModified":"2017-08-22T16:27:03+00:00","breadcrumb":{"@id":"https://www.monteescalier.net/france/monte-escalier-avesnelles/#breadcrumb"},"inLanguage":"fr-FR","potentialAction":[{"@type":"ReadAction","target":["https://www.monteescalier.net/france/monte-escalier-avesnelles/"]}]},{"@type":"BreadcrumbList","@id":"https://www.monteescalier.net/france/monte-escalier-avesnelles/#breadcrumb","itemListElement":[{"@type":"ListItem","position":1,"name":"Accueil","item":"https://www.monteescalier.net/france/"},{"@type":"ListItem","position":2,"name":"Monte escalier Avesnelles"}]},{"@type":"WebSite","@id":"https://www.monteescalier.net/france/#website","url":"https://www.monteescalier.net/france/","name":"Monte escalier","description":"","publisher":{"@id":"https://www.monteescalier.net/france/#organization"},"potentialAction":[{"@type":"SearchAction","target":{"@type":"EntryPoint","urlTemplate":"https://www.monteescalier.net/france/?s={search_term_string}"},"query-input":{"@type":"PropertyValueSpecification","valueRequired":true,"valueName":"search_term_string"}}],"inLanguage":"fr-FR"},{"@type":"Organization","@id":"https://www.monteescalier.net/france/#organization","name":"monte-escalier.net","url":"https://www.monteescalier.net/france/","logo":{"@type":"ImageObject","inLanguage":"fr-FR","@id":"https://www.monteescalier.net/france/#/schema/logo/image/","url":"https://www.monteescalier.net/france/wp-content/uploads/2016/10/4devis-mont-escalier-500-500.gif","contentUrl":"https://www.monteescalier.net/france/wp-content/uploads/2016/10/4devis-mont-escalier-500-500.gif","width":500,"height":500,"caption":"monte-escalier.net"},"image":{"@id":"https://www.monteescalier.net/france/#/schema/logo/image/"}}]}</script>
<!-- / Yoast SEO plugin. -->

Acheter son monte escalier à Avesnelles Un installateur national, un revendeur régional, un prestataire local? Qui faut il choisir pour faire installer un monte escalier à Avesnelles. Pour répondre à cette interrogationsans perdre un temps précieux, c&rsquo;est facile, utilisez les services de monteescalier.net. Monteescalier.net dispose de partenaires installateurs de monte escalier dans toute la France [&hellip;]
