{"id":4800,"date":"2021-09-26T10:48:05","date_gmt":"2021-09-26T09:48:05","guid":{"rendered":"https:\/\/www.monteescalier.net\/france\/?page_id=4800"},"modified":"2021-11-16T10:13:18","modified_gmt":"2021-11-16T09:13:18","slug":"monte-escalier-althen-des-paluds","status":"publish","type":"page","link":"https:\/\/www.monteescalier.net\/france\/monte-escalier-althen-des-paluds\/","title":{"rendered":"Monte escalier Althen-des-Paluds"},"content":{"rendered":"<h1>Ou trouver son monte escalier \u00e0 Althen-des-Paluds<\/h1>\n<div class=\"boite_texte\">\n<div style=\"text-align:justify; margin-bottom:10px\">Un installateur national, un revendeur r\u00e9gional, un prestataire local? Qui faut il choisir pour mettre en place un monte escalier \u00e0 Althen-des-Paluds. Pour r\u00e9pondre \u00e0 cette interrogationsans gaspiller de temps, c&rsquo;est facile, utilisez les services de monteescalier.net.<\/div>\n<div style=\"text-align:justify; margin-bottom:10px\">Comment trouver le bon prestataire de monte escalier \u00e0 Althen-des-Paluds, c&rsquo;est tr\u00e8s facile. Faites confiance \u00e0 monteescalier pour vous mettre en contact tr\u00e8s rapidement avec les vendeurs de monte escalier qui comptent dans votre d\u00e9partement. Pas question de vous mettre en relation avec des prestataires qui ne desservent pas Althen-des-Paluds. Nous vous pr\u00e9senterons des prestataires locaux et nationaux, mais qui vendent tous des monte escalier \u00e0 Althen-des-Paluds et bien s\u00fbr les installent.<\/div>\n<div style=\"text-align:justify; margin-bottom:10px\">Le premier service que nous vous proposons gratuitement est la demande de devis gratuit. Et ce n&rsquo;est pas un devis que vous recevrez en remplissant un formulaire sur notre site mais 4 ou 5 propositions fermes \u00e9manant de professionnels du monte escalier de Althen-des-Paluds.<\/div>\n<div style=\"text-align:justify; margin-bottom:10px\">Avoir des sp\u00e9cialistes du monte escalier \u00e0 l&rsquo;autre bout de la ligne pour discuter de votre projet, voici ce que vous permettra notre site si vous remplissez une demande de rappel. Vous serez tr\u00e8s rapidement recontact\u00e9s par nos partenaires experts qui pourront r\u00e9pondre \u00e0 toutes vos questions relatives \u00e0 la sp\u00e9cificit\u00e9 de l&rsquo;installation de votre monte escalier.<\/div>\n<div style=\"text-align:justify; margin-bottom:10px\">Consulter des brochures de pr\u00e9sentation produits peut vous aider \u00e0 faire un tri parmi les mod\u00e8les de monte escalier. Nos partenaires peuvent mettre \u00e0 votre disposition des brochures papier ou \u00e9lectroniques. Le formulaire de demande de documentation sur ce site vous permettra d&rsquo;acc\u00e9der gratuitement \u00e0 ce service.<\/div>\n<div style=\"text-align:justify; margin-bottom:10px\">Souvenez vous que tous nos services sont totalement gratuits pour les acqu\u00e9reurs potentiels de monte escalier. N&rsquo;h\u00e9sitez pas \u00e0 remplir un formulaire, c&rsquo;est \u00e9galement sans engagement.<\/div>\n<\/div>\n<div class=\"titre_liens\">D\u00e9couvrez aussi nos services de proximit\u00e9 dans les villes ci-dessous :<\/div>\n<div class=\"boite_liens\"><a href=\"https:\/\/www.monteescalier.net\/france\/monte-escalier-serignan-du-comtat\">Monte escalier S\u00e9rignan-du-Comtat<\/a><br \/>\n<a href=\"https:\/\/www.monteescalier.net\/france\/monte-escalier-beaumes-de-venise\">Monte escalier Beaumes-de-Venise<\/a><br \/>\n<a href=\"https:\/\/www.monteescalier.net\/france\/monte-escalier-mornas\">Monte escalier Mornas<\/a><br \/>\n<a href=\"https:\/\/www.monteescalier.net\/france\/monte-escalier-loriol-du-comtat\">Monte escalier Loriol-du-Comtat<\/a><br \/>\n<a href=\"https:\/\/www.monteescalier.net\/france\/monte-escalier-sainte-cecile-les-vignes\">Monte escalier Sainte-C\u00e9cile-les-Vignes<\/a>\n<\/div>\n","protected":false},"excerpt":{"rendered":"<p>Ou trouver son monte escalier \u00e0 Althen-des-Paluds Un installateur national, un revendeur r\u00e9gional, un prestataire local? Qui faut il choisir pour mettre en place un monte escalier \u00e0 Althen-des-Paluds. Pour r\u00e9pondre \u00e0 cette interrogationsans gaspiller de temps, c&rsquo;est facile, utilisez les services de monteescalier.net. Comment trouver le bon prestataire de monte escalier \u00e0 Althen-des-Paluds, c&rsquo;est [&hellip;]<\/p>\n","protected":false},"author":1,"featured_media":0,"parent":0,"menu_order":0,"comment_status":"closed","ping_status":"open","template":"template_ville_3.php","meta":{"_monsterinsights_skip_tracking":false,"_monsterinsights_sitenote_active":false,"_monsterinsights_sitenote_note":"","_monsterinsights_sitenote_category":0,"footnotes":""},"class_list":["post-4800","page","type-page","status-publish","hentry"],"yoast_head":"<!-- This site is optimized with the Yoast SEO plugin v26.3 - https:\/\/yoast.com\/wordpress\/plugins\/seo\/ -->\n<title>Monte escalier Althen-des-Paluds - Monte escalier<\/title>\n<meta name=\"description\" content=\"Vous recherchez un monte-escalier au Althen-des-Paluds - Retrouvez toutes les informations et conditions d&#039;achat aupr\u00e8s de nos partenaires installeurs\" \/>\n<meta name=\"robots\" content=\"index, follow, max-snippet:-1, max-image-preview:large, max-video-preview:-1\" \/>\n<link rel=\"canonical\" href=\"https:\/\/www.monteescalier.net\/france\/monte-escalier-althen-des-paluds\/\" \/>\n<meta property=\"og:locale\" content=\"fr_FR\" \/>\n<meta property=\"og:type\" content=\"article\" \/>\n<meta property=\"og:title\" content=\"Monte escalier Althen-des-Paluds - Monte escalier\" \/>\n<meta property=\"og:description\" content=\"Vous recherchez un monte-escalier au Althen-des-Paluds - Retrouvez toutes les informations et conditions d&#039;achat aupr\u00e8s de nos partenaires installeurs\" \/>\n<meta property=\"og:url\" content=\"https:\/\/www.monteescalier.net\/france\/monte-escalier-althen-des-paluds\/\" \/>\n<meta property=\"og:site_name\" content=\"Monte escalier\" \/>\n<meta property=\"article:modified_time\" content=\"2021-11-16T09:13:18+00:00\" \/>\n<meta name=\"twitter:card\" content=\"summary_large_image\" \/>\n<meta name=\"twitter:label1\" content=\"Dur\u00e9e de lecture estim\u00e9e\" \/>\n\t<meta name=\"twitter:data1\" content=\"2 minutes\" \/>\n<script type=\"application\/ld+json\" class=\"yoast-schema-graph\">{\"@context\":\"https:\/\/schema.org\",\"@graph\":[{\"@type\":\"WebPage\",\"@id\":\"https:\/\/www.monteescalier.net\/france\/monte-escalier-althen-des-paluds\/\",\"url\":\"https:\/\/www.monteescalier.net\/france\/monte-escalier-althen-des-paluds\/\",\"name\":\"Monte escalier Althen-des-Paluds - Monte escalier\",\"isPartOf\":{\"@id\":\"https:\/\/www.monteescalier.net\/france\/#website\"},\"datePublished\":\"2021-09-26T09:48:05+00:00\",\"dateModified\":\"2021-11-16T09:13:18+00:00\",\"description\":\"Vous recherchez un monte-escalier au Althen-des-Paluds - Retrouvez toutes les informations et conditions d'achat aupr\u00e8s de nos partenaires installeurs\",\"breadcrumb\":{\"@id\":\"https:\/\/www.monteescalier.net\/france\/monte-escalier-althen-des-paluds\/#breadcrumb\"},\"inLanguage\":\"fr-FR\",\"potentialAction\":[{\"@type\":\"ReadAction\",\"target\":[\"https:\/\/www.monteescalier.net\/france\/monte-escalier-althen-des-paluds\/\"]}]},{\"@type\":\"BreadcrumbList\",\"@id\":\"https:\/\/www.monteescalier.net\/france\/monte-escalier-althen-des-paluds\/#breadcrumb\",\"itemListElement\":[{\"@type\":\"ListItem\",\"position\":1,\"name\":\"Accueil\",\"item\":\"https:\/\/www.monteescalier.net\/france\/\"},{\"@type\":\"ListItem\",\"position\":2,\"name\":\"Monte escalier Althen-des-Paluds\"}]},{\"@type\":\"WebSite\",\"@id\":\"https:\/\/www.monteescalier.net\/france\/#website\",\"url\":\"https:\/\/www.monteescalier.net\/france\/\",\"name\":\"Monte escalier\",\"description\":\"\",\"publisher\":{\"@id\":\"https:\/\/www.monteescalier.net\/france\/#organization\"},\"potentialAction\":[{\"@type\":\"SearchAction\",\"target\":{\"@type\":\"EntryPoint\",\"urlTemplate\":\"https:\/\/www.monteescalier.net\/france\/?s={search_term_string}\"},\"query-input\":{\"@type\":\"PropertyValueSpecification\",\"valueRequired\":true,\"valueName\":\"search_term_string\"}}],\"inLanguage\":\"fr-FR\"},{\"@type\":\"Organization\",\"@id\":\"https:\/\/www.monteescalier.net\/france\/#organization\",\"name\":\"monte-escalier.net\",\"url\":\"https:\/\/www.monteescalier.net\/france\/\",\"logo\":{\"@type\":\"ImageObject\",\"inLanguage\":\"fr-FR\",\"@id\":\"https:\/\/www.monteescalier.net\/france\/#\/schema\/logo\/image\/\",\"url\":\"https:\/\/www.monteescalier.net\/france\/wp-content\/uploads\/2016\/10\/4devis-mont-escalier-500-500.gif\",\"contentUrl\":\"https:\/\/www.monteescalier.net\/france\/wp-content\/uploads\/2016\/10\/4devis-mont-escalier-500-500.gif\",\"width\":500,\"height\":500,\"caption\":\"monte-escalier.net\"},\"image\":{\"@id\":\"https:\/\/www.monteescalier.net\/france\/#\/schema\/logo\/image\/\"}}]}<\/script>\n<!-- \/ Yoast SEO plugin. -->","yoast_head_json":{"title":"Monte escalier Althen-des-Paluds - Monte escalier","description":"Vous recherchez un monte-escalier au Althen-des-Paluds - Retrouvez toutes les informations et conditions d'achat aupr\u00e8s de nos partenaires installeurs","robots":{"index":"index","follow":"follow","max-snippet":"max-snippet:-1","max-image-preview":"max-image-preview:large","max-video-preview":"max-video-preview:-1"},"canonical":"https:\/\/www.monteescalier.net\/france\/monte-escalier-althen-des-paluds\/","og_locale":"fr_FR","og_type":"article","og_title":"Monte escalier Althen-des-Paluds - Monte escalier","og_description":"Vous recherchez un monte-escalier au Althen-des-Paluds - Retrouvez toutes les informations et conditions d'achat aupr\u00e8s de nos partenaires installeurs","og_url":"https:\/\/www.monteescalier.net\/france\/monte-escalier-althen-des-paluds\/","og_site_name":"Monte escalier","article_modified_time":"2021-11-16T09:13:18+00:00","twitter_card":"summary_large_image","twitter_misc":{"Dur\u00e9e de lecture estim\u00e9e":"2 minutes"},"schema":{"@context":"https:\/\/schema.org","@graph":[{"@type":"WebPage","@id":"https:\/\/www.monteescalier.net\/france\/monte-escalier-althen-des-paluds\/","url":"https:\/\/www.monteescalier.net\/france\/monte-escalier-althen-des-paluds\/","name":"Monte escalier Althen-des-Paluds - Monte escalier","isPartOf":{"@id":"https:\/\/www.monteescalier.net\/france\/#website"},"datePublished":"2021-09-26T09:48:05+00:00","dateModified":"2021-11-16T09:13:18+00:00","description":"Vous recherchez un monte-escalier au Althen-des-Paluds - Retrouvez toutes les informations et conditions d'achat aupr\u00e8s de nos partenaires installeurs","breadcrumb":{"@id":"https:\/\/www.monteescalier.net\/france\/monte-escalier-althen-des-paluds\/#breadcrumb"},"inLanguage":"fr-FR","potentialAction":[{"@type":"ReadAction","target":["https:\/\/www.monteescalier.net\/france\/monte-escalier-althen-des-paluds\/"]}]},{"@type":"BreadcrumbList","@id":"https:\/\/www.monteescalier.net\/france\/monte-escalier-althen-des-paluds\/#breadcrumb","itemListElement":[{"@type":"ListItem","position":1,"name":"Accueil","item":"https:\/\/www.monteescalier.net\/france\/"},{"@type":"ListItem","position":2,"name":"Monte escalier Althen-des-Paluds"}]},{"@type":"WebSite","@id":"https:\/\/www.monteescalier.net\/france\/#website","url":"https:\/\/www.monteescalier.net\/france\/","name":"Monte escalier","description":"","publisher":{"@id":"https:\/\/www.monteescalier.net\/france\/#organization"},"potentialAction":[{"@type":"SearchAction","target":{"@type":"EntryPoint","urlTemplate":"https:\/\/www.monteescalier.net\/france\/?s={search_term_string}"},"query-input":{"@type":"PropertyValueSpecification","valueRequired":true,"valueName":"search_term_string"}}],"inLanguage":"fr-FR"},{"@type":"Organization","@id":"https:\/\/www.monteescalier.net\/france\/#organization","name":"monte-escalier.net","url":"https:\/\/www.monteescalier.net\/france\/","logo":{"@type":"ImageObject","inLanguage":"fr-FR","@id":"https:\/\/www.monteescalier.net\/france\/#\/schema\/logo\/image\/","url":"https:\/\/www.monteescalier.net\/france\/wp-content\/uploads\/2016\/10\/4devis-mont-escalier-500-500.gif","contentUrl":"https:\/\/www.monteescalier.net\/france\/wp-content\/uploads\/2016\/10\/4devis-mont-escalier-500-500.gif","width":500,"height":500,"caption":"monte-escalier.net"},"image":{"@id":"https:\/\/www.monteescalier.net\/france\/#\/schema\/logo\/image\/"}}]}},"_links":{"self":[{"href":"https:\/\/www.monteescalier.net\/france\/wp-json\/wp\/v2\/pages\/4800","targetHints":{"allow":["GET"]}}],"collection":[{"href":"https:\/\/www.monteescalier.net\/france\/wp-json\/wp\/v2\/pages"}],"about":[{"href":"https:\/\/www.monteescalier.net\/france\/wp-json\/wp\/v2\/types\/page"}],"author":[{"embeddable":true,"href":"https:\/\/www.monteescalier.net\/france\/wp-json\/wp\/v2\/users\/1"}],"replies":[{"embeddable":true,"href":"https:\/\/www.monteescalier.net\/france\/wp-json\/wp\/v2\/comments?post=4800"}],"version-history":[{"count":1,"href":"https:\/\/www.monteescalier.net\/france\/wp-json\/wp\/v2\/pages\/4800\/revisions"}],"predecessor-version":[{"id":8903,"href":"https:\/\/www.monteescalier.net\/france\/wp-json\/wp\/v2\/pages\/4800\/revisions\/8903"}],"wp:attachment":[{"href":"https:\/\/www.monteescalier.net\/france\/wp-json\/wp\/v2\/media?parent=4800"}],"curies":[{"name":"wp","href":"https:\/\/api.w.org\/{rel}","templated":true}]}}

<h1>Ou trouver son monte escalier à Althen-des-Paluds</h1>
<div class="boite_texte">
<div style="text-align:justify; margin-bottom:10px">Un installateur national, un revendeur régional, un prestataire local? Qui faut il choisir pour mettre en place un monte escalier à Althen-des-Paluds. Pour répondre à cette interrogationsans gaspiller de temps, c&rsquo;est facile, utilisez les services de monteescalier.net.</div>
<div style="text-align:justify; margin-bottom:10px">Comment trouver le bon prestataire de monte escalier à Althen-des-Paluds, c&rsquo;est très facile. Faites confiance à monteescalier pour vous mettre en contact très rapidement avec les vendeurs de monte escalier qui comptent dans votre département. Pas question de vous mettre en relation avec des prestataires qui ne desservent pas Althen-des-Paluds. Nous vous présenterons des prestataires locaux et nationaux, mais qui vendent tous des monte escalier à Althen-des-Paluds et bien sûr les installent.</div>
<div style="text-align:justify; margin-bottom:10px">Le premier service que nous vous proposons gratuitement est la demande de devis gratuit. Et ce n&rsquo;est pas un devis que vous recevrez en remplissant un formulaire sur notre site mais 4 ou 5 propositions fermes émanant de professionnels du monte escalier de Althen-des-Paluds.</div>
<div style="text-align:justify; margin-bottom:10px">Avoir des spécialistes du monte escalier à l&rsquo;autre bout de la ligne pour discuter de votre projet, voici ce que vous permettra notre site si vous remplissez une demande de rappel. Vous serez très rapidement recontactés par nos partenaires experts qui pourront répondre à toutes vos questions relatives à la spécificité de l&rsquo;installation de votre monte escalier.</div>
<div style="text-align:justify; margin-bottom:10px">Consulter des brochures de présentation produits peut vous aider à faire un tri parmi les modèles de monte escalier. Nos partenaires peuvent mettre à votre disposition des brochures papier ou électroniques. Le formulaire de demande de documentation sur ce site vous permettra d&rsquo;accéder gratuitement à ce service.</div>
<div style="text-align:justify; margin-bottom:10px">Souvenez vous que tous nos services sont totalement gratuits pour les acquéreurs potentiels de monte escalier. N&rsquo;hésitez pas à remplir un formulaire, c&rsquo;est également sans engagement.</div>
</div>
<div class="titre_liens">Découvrez aussi nos services de proximité dans les villes ci-dessous :</div>
<div class="boite_liens"><a href="https://www.monteescalier.net/france/monte-escalier-serignan-du-comtat">Monte escalier Sérignan-du-Comtat</a><br />
<a href="https://www.monteescalier.net/france/monte-escalier-beaumes-de-venise">Monte escalier Beaumes-de-Venise</a><br />
<a href="https://www.monteescalier.net/france/monte-escalier-mornas">Monte escalier Mornas</a><br />
<a href="https://www.monteescalier.net/france/monte-escalier-loriol-du-comtat">Monte escalier Loriol-du-Comtat</a><br />
<a href="https://www.monteescalier.net/france/monte-escalier-sainte-cecile-les-vignes">Monte escalier Sainte-Cécile-les-Vignes</a>
</div>

<p>Ou trouver son monte escalier à Althen-des-Paluds Un installateur national, un revendeur régional, un prestataire local? Qui faut il choisir pour mettre en place un monte escalier à Althen-des-Paluds. Pour répondre à cette interrogationsans gaspiller de temps, c&rsquo;est facile, utilisez les services de monteescalier.net. Comment trouver le bon prestataire de monte escalier à Althen-des-Paluds, c&rsquo;est [&hellip;]</p>

<!-- This site is optimized with the Yoast SEO plugin v26.3 - https://yoast.com/wordpress/plugins/seo/ -->
<title>Monte escalier Althen-des-Paluds - Monte escalier</title>
<meta name="description" content="Vous recherchez un monte-escalier au Althen-des-Paluds - Retrouvez toutes les informations et conditions d&#039;achat auprès de nos partenaires installeurs" />
<meta name="robots" content="index, follow, max-snippet:-1, max-image-preview:large, max-video-preview:-1" />
<link rel="canonical" href="https://www.monteescalier.net/france/monte-escalier-althen-des-paluds/" />
<meta property="og:locale" content="fr_FR" />
<meta property="og:type" content="article" />
<meta property="og:title" content="Monte escalier Althen-des-Paluds - Monte escalier" />
<meta property="og:description" content="Vous recherchez un monte-escalier au Althen-des-Paluds - Retrouvez toutes les informations et conditions d&#039;achat auprès de nos partenaires installeurs" />
<meta property="og:url" content="https://www.monteescalier.net/france/monte-escalier-althen-des-paluds/" />
<meta property="og:site_name" content="Monte escalier" />
<meta property="article:modified_time" content="2021-11-16T09:13:18+00:00" />
<meta name="twitter:card" content="summary_large_image" />
<meta name="twitter:label1" content="Durée de lecture estimée" />
	<meta name="twitter:data1" content="2 minutes" />
<script type="application/ld+json" class="yoast-schema-graph">{"@context":"https://schema.org","@graph":[{"@type":"WebPage","@id":"https://www.monteescalier.net/france/monte-escalier-althen-des-paluds/","url":"https://www.monteescalier.net/france/monte-escalier-althen-des-paluds/","name":"Monte escalier Althen-des-Paluds - Monte escalier","isPartOf":{"@id":"https://www.monteescalier.net/france/#website"},"datePublished":"2021-09-26T09:48:05+00:00","dateModified":"2021-11-16T09:13:18+00:00","description":"Vous recherchez un monte-escalier au Althen-des-Paluds - Retrouvez toutes les informations et conditions d'achat auprès de nos partenaires installeurs","breadcrumb":{"@id":"https://www.monteescalier.net/france/monte-escalier-althen-des-paluds/#breadcrumb"},"inLanguage":"fr-FR","potentialAction":[{"@type":"ReadAction","target":["https://www.monteescalier.net/france/monte-escalier-althen-des-paluds/"]}]},{"@type":"BreadcrumbList","@id":"https://www.monteescalier.net/france/monte-escalier-althen-des-paluds/#breadcrumb","itemListElement":[{"@type":"ListItem","position":1,"name":"Accueil","item":"https://www.monteescalier.net/france/"},{"@type":"ListItem","position":2,"name":"Monte escalier Althen-des-Paluds"}]},{"@type":"WebSite","@id":"https://www.monteescalier.net/france/#website","url":"https://www.monteescalier.net/france/","name":"Monte escalier","description":"","publisher":{"@id":"https://www.monteescalier.net/france/#organization"},"potentialAction":[{"@type":"SearchAction","target":{"@type":"EntryPoint","urlTemplate":"https://www.monteescalier.net/france/?s={search_term_string}"},"query-input":{"@type":"PropertyValueSpecification","valueRequired":true,"valueName":"search_term_string"}}],"inLanguage":"fr-FR"},{"@type":"Organization","@id":"https://www.monteescalier.net/france/#organization","name":"monte-escalier.net","url":"https://www.monteescalier.net/france/","logo":{"@type":"ImageObject","inLanguage":"fr-FR","@id":"https://www.monteescalier.net/france/#/schema/logo/image/","url":"https://www.monteescalier.net/france/wp-content/uploads/2016/10/4devis-mont-escalier-500-500.gif","contentUrl":"https://www.monteescalier.net/france/wp-content/uploads/2016/10/4devis-mont-escalier-500-500.gif","width":500,"height":500,"caption":"monte-escalier.net"},"image":{"@id":"https://www.monteescalier.net/france/#/schema/logo/image/"}}]}</script>
<!-- / Yoast SEO plugin. -->

Vous recherchez un monte-escalier au Althen-des-Paluds - Retrouvez toutes les informations et conditions d'achat auprès de nos partenaires installeurs
