{"id":494,"date":"2024-02-10T16:42:04","date_gmt":"2024-02-10T15:42:04","guid":{"rendered":"https:\/\/www.monteescalier.net\/france\/?page_id=494"},"modified":"2024-05-15T17:03:30","modified_gmt":"2024-05-15T16:03:30","slug":"monte-escalier-savoie","status":"publish","type":"page","link":"https:\/\/www.monteescalier.net\/france\/monte-escalier-savoie\/","title":{"rendered":"Monte escalier Savoie, Chamb\u00e9ry"},"content":{"rendered":"<div class='content-column one_half'><div style=\"padding-right:19px;\"><h1>En Savoie faites le bon choix pour votre monte escalier en Savoie<\/h1>\n<p><b>Des vendeurs et installateurs proche de votre domicile :<\/b><br \/>\n<a href=\"https:\/\/www.monteescalier.net\/france\/monte-escalier-chambery\/\">Les monte escaliers \u00e0 Chamb\u00e9ry<\/a><br \/>\n<a href=\"https:\/\/www.monteescalier.net\/france\/monte-escalier-albertville\/\">Les monte escaliers \u00e0 Albertville<\/a><br \/>\n<a href=\"https:\/\/www.monteescalier.net\/france\/monte-escalier-saint-jean-de-maurienne\/\">Les monte escaliers \u00e0 Saint-Jean-de-Maurienne<\/a><\/p>\n<p style=\"text-align: justify;\">Lorsque l&rsquo;on fait construire son foyer, on ne pense pas toujours \u00e0 ses vieux jours, et aux difficult\u00e9s qu&rsquo;on rencontrera peut \u00eatre un jour pour monter et descendre les escaliers. Heureusement gr\u00e2ce au syst\u00e8me du monte escalier, ce petit oubli de jeunesse peut avoir des cons\u00e9quences pratiques assez limit\u00e9es. M\u00eame si la pose d&rsquo;un monte escalier n&rsquo;est pas une entreprise simple que vous pouvez r\u00e9aliser vous m\u00eames, des installateurs sont \u00e0 votre service pour r\u00e9aliser cette prestation pour votre compte dans le respect de l&rsquo;agencement actuel de votre maison.<\/p>\n<p style=\"text-align: justify;\">Mais comment comparer rapidement les offres des uns et des autres ? quel est le juste prix? de quel \u00e9quipement au juste avez vous besoin?<\/p>\n<p style=\"text-align: justify;\">Monteescalier.net va vous aider dans votre choix en vous mettant en relation avec les professionnels du monte escalier en Savoie. Nous avons \u00e9tabli une liste de prestataires agissant sur l&rsquo;ensemble du d\u00e9partement de la Savoie et donnant toutes les garanties de s\u00e9rieux et de comp\u00e9tence sur les monte escaliers.<\/p>\n<p style=\"text-align: justify;\">Habitants de Chamb\u00e9ry, Albertville, Saint Jean de Maurienne, La Motte Servolex, La Ravoire ou Bourg Saint Maurice, pour profiter de notre service gratuit de mise en relation, entrez tout simplement vos coordonn\u00e9es dans un de nos formulaires de contact :<\/p>\n<p style=\"text-align: justify;\">&#8211; formulaire de demande de documentation : pour recevoir de la documentation par mail ou par courrier<\/p>\n<p style=\"text-align: justify;\">&#8211; formulaire de demande de rappel : pour \u00eatre contact\u00e9 par t\u00e9l\u00e9phone \u00e0 propos de votre projet<\/p>\n<p style=\"text-align: justify;\">&#8211; formulaire de demande de devis : pour obtenir des devis pr\u00e9cis sur votre installation de monte escalier \u00e0 votre domicile.<\/p>\n<p style=\"text-align: justify;\">Notre offre est bien s\u00fbr tout autant disponible dans les autres villes de Savoie : de Modane \u00e0 Ugine, de Bassens \u00e0 Cognin, de Moutiers \u00e0 Saint Alban Leysse, et de Montm\u00e9lian \u00e0 Challes les Eaux.<\/p>\n<p style=\"text-align: justify;\">Tout ceci est bien entendu sans aucune obligation d&rsquo;achat, alors n&rsquo;attendez pas, remplissez un formulaire et comparez les prix et les offres des vendeurs de monte escalier en Savoie<\/p>\n<p>&nbsp;<\/p>\n<div class=\"bouton\">Cliquez ici pour obtenir des devis gratuitement<\/div><\/div><\/div><div class='content-column one_half last_column'><a href=\"https:\/\/www.monteescalier.net\/devis-gratuit.php\" target=\"_blank\" rel=\"noopener noreferrer\"><img loading=\"lazy\" decoding=\"async\" class=\"alignnone size-full img_region\" src=\"https:\/\/www.monteescalier.net\/france\/wp-content\/uploads\/2014\/10\/4devis-monte-escalier-photo-490.png\" alt=\"Savoie monte escalier\" width=\"507\" height=\"485\" \/><\/a><br \/>\n<img loading=\"lazy\" decoding=\"async\" class=\"alignnone size-full img_region_2\" src=\"https:\/\/www.monteescalier.net\/france\/wp-content\/uploads\/2013\/07\/savoie.jpg\" alt=\"Savoie\" width=\"507\" height=\"485\" \/><br \/><\/div><div class='clear_column'><\/div><\/p>\n","protected":false},"excerpt":{"rendered":"","protected":false},"author":1,"featured_media":0,"parent":0,"menu_order":0,"comment_status":"open","ping_status":"closed","template":"template3.php","meta":{"_monsterinsights_skip_tracking":false,"_monsterinsights_sitenote_active":false,"_monsterinsights_sitenote_note":"","_monsterinsights_sitenote_category":0,"footnotes":""},"class_list":["post-494","page","type-page","status-publish","hentry"],"yoast_head":"<!-- This site is optimized with the Yoast SEO plugin v26.3 - https:\/\/yoast.com\/wordpress\/plugins\/seo\/ -->\n<title>Monte escalier Savoie, Chamb\u00e9ry - Monte escalier<\/title>\n<meta name=\"description\" content=\"Nos monte escalier disponible en Savoie : Chamb\u00e9ry, Albertville, Saint-Jean-De-Maurienne.\" \/>\n<meta name=\"robots\" content=\"index, follow, max-snippet:-1, max-image-preview:large, max-video-preview:-1\" \/>\n<link rel=\"canonical\" href=\"https:\/\/www.monteescalier.net\/france\/monte-escalier-savoie\/\" \/>\n<meta property=\"og:locale\" content=\"fr_FR\" \/>\n<meta property=\"og:type\" content=\"article\" \/>\n<meta property=\"og:title\" content=\"Monte escalier Savoie, Chamb\u00e9ry - Monte escalier\" \/>\n<meta property=\"og:description\" content=\"Nos monte escalier disponible en Savoie : Chamb\u00e9ry, Albertville, Saint-Jean-De-Maurienne.\" \/>\n<meta property=\"og:url\" content=\"https:\/\/www.monteescalier.net\/france\/monte-escalier-savoie\/\" \/>\n<meta property=\"og:site_name\" content=\"Monte escalier\" \/>\n<meta property=\"article:modified_time\" content=\"2024-05-15T16:03:30+00:00\" \/>\n<meta property=\"og:image\" content=\"https:\/\/www.monteescalier.net\/france\/wp-content\/uploads\/2014\/10\/4devis-monte-escalier-photo-490.png\" \/>\n<meta name=\"twitter:card\" content=\"summary_large_image\" \/>\n<meta name=\"twitter:label1\" content=\"Dur\u00e9e de lecture estim\u00e9e\" \/>\n\t<meta name=\"twitter:data1\" content=\"2 minutes\" \/>\n<script type=\"application\/ld+json\" class=\"yoast-schema-graph\">{\"@context\":\"https:\/\/schema.org\",\"@graph\":[{\"@type\":\"WebPage\",\"@id\":\"https:\/\/www.monteescalier.net\/france\/monte-escalier-savoie\/\",\"url\":\"https:\/\/www.monteescalier.net\/france\/monte-escalier-savoie\/\",\"name\":\"Monte escalier Savoie, Chamb\u00e9ry - Monte escalier\",\"isPartOf\":{\"@id\":\"https:\/\/www.monteescalier.net\/france\/#website\"},\"primaryImageOfPage\":{\"@id\":\"https:\/\/www.monteescalier.net\/france\/monte-escalier-savoie\/#primaryimage\"},\"image\":{\"@id\":\"https:\/\/www.monteescalier.net\/france\/monte-escalier-savoie\/#primaryimage\"},\"thumbnailUrl\":\"https:\/\/www.monteescalier.net\/france\/wp-content\/uploads\/2014\/10\/4devis-monte-escalier-photo-490.png\",\"datePublished\":\"2024-02-10T15:42:04+00:00\",\"dateModified\":\"2024-05-15T16:03:30+00:00\",\"description\":\"Nos monte escalier disponible en Savoie : Chamb\u00e9ry, Albertville, Saint-Jean-De-Maurienne.\",\"breadcrumb\":{\"@id\":\"https:\/\/www.monteescalier.net\/france\/monte-escalier-savoie\/#breadcrumb\"},\"inLanguage\":\"fr-FR\",\"potentialAction\":[{\"@type\":\"ReadAction\",\"target\":[\"https:\/\/www.monteescalier.net\/france\/monte-escalier-savoie\/\"]}]},{\"@type\":\"ImageObject\",\"inLanguage\":\"fr-FR\",\"@id\":\"https:\/\/www.monteescalier.net\/france\/monte-escalier-savoie\/#primaryimage\",\"url\":\"https:\/\/www.monteescalier.net\/france\/wp-content\/uploads\/2014\/10\/4devis-monte-escalier-photo-490.png\",\"contentUrl\":\"https:\/\/www.monteescalier.net\/france\/wp-content\/uploads\/2014\/10\/4devis-monte-escalier-photo-490.png\",\"width\":490,\"height\":267},{\"@type\":\"BreadcrumbList\",\"@id\":\"https:\/\/www.monteescalier.net\/france\/monte-escalier-savoie\/#breadcrumb\",\"itemListElement\":[{\"@type\":\"ListItem\",\"position\":1,\"name\":\"Accueil\",\"item\":\"https:\/\/www.monteescalier.net\/france\/\"},{\"@type\":\"ListItem\",\"position\":2,\"name\":\"Monte escalier Savoie, Chamb\u00e9ry\"}]},{\"@type\":\"WebSite\",\"@id\":\"https:\/\/www.monteescalier.net\/france\/#website\",\"url\":\"https:\/\/www.monteescalier.net\/france\/\",\"name\":\"Monte escalier\",\"description\":\"\",\"publisher\":{\"@id\":\"https:\/\/www.monteescalier.net\/france\/#organization\"},\"potentialAction\":[{\"@type\":\"SearchAction\",\"target\":{\"@type\":\"EntryPoint\",\"urlTemplate\":\"https:\/\/www.monteescalier.net\/france\/?s={search_term_string}\"},\"query-input\":{\"@type\":\"PropertyValueSpecification\",\"valueRequired\":true,\"valueName\":\"search_term_string\"}}],\"inLanguage\":\"fr-FR\"},{\"@type\":\"Organization\",\"@id\":\"https:\/\/www.monteescalier.net\/france\/#organization\",\"name\":\"monte-escalier.net\",\"url\":\"https:\/\/www.monteescalier.net\/france\/\",\"logo\":{\"@type\":\"ImageObject\",\"inLanguage\":\"fr-FR\",\"@id\":\"https:\/\/www.monteescalier.net\/france\/#\/schema\/logo\/image\/\",\"url\":\"https:\/\/www.monteescalier.net\/france\/wp-content\/uploads\/2016\/10\/4devis-mont-escalier-500-500.gif\",\"contentUrl\":\"https:\/\/www.monteescalier.net\/france\/wp-content\/uploads\/2016\/10\/4devis-mont-escalier-500-500.gif\",\"width\":500,\"height\":500,\"caption\":\"monte-escalier.net\"},\"image\":{\"@id\":\"https:\/\/www.monteescalier.net\/france\/#\/schema\/logo\/image\/\"}}]}<\/script>\n<!-- \/ Yoast SEO plugin. -->","yoast_head_json":{"title":"Monte escalier Savoie, Chamb\u00e9ry - Monte escalier","description":"Nos monte escalier disponible en Savoie : Chamb\u00e9ry, Albertville, Saint-Jean-De-Maurienne.","robots":{"index":"index","follow":"follow","max-snippet":"max-snippet:-1","max-image-preview":"max-image-preview:large","max-video-preview":"max-video-preview:-1"},"canonical":"https:\/\/www.monteescalier.net\/france\/monte-escalier-savoie\/","og_locale":"fr_FR","og_type":"article","og_title":"Monte escalier Savoie, Chamb\u00e9ry - Monte escalier","og_description":"Nos monte escalier disponible en Savoie : Chamb\u00e9ry, Albertville, Saint-Jean-De-Maurienne.","og_url":"https:\/\/www.monteescalier.net\/france\/monte-escalier-savoie\/","og_site_name":"Monte escalier","article_modified_time":"2024-05-15T16:03:30+00:00","og_image":[{"url":"https:\/\/www.monteescalier.net\/france\/wp-content\/uploads\/2014\/10\/4devis-monte-escalier-photo-490.png","type":"","width":"","height":""}],"twitter_card":"summary_large_image","twitter_misc":{"Dur\u00e9e de lecture estim\u00e9e":"2 minutes"},"schema":{"@context":"https:\/\/schema.org","@graph":[{"@type":"WebPage","@id":"https:\/\/www.monteescalier.net\/france\/monte-escalier-savoie\/","url":"https:\/\/www.monteescalier.net\/france\/monte-escalier-savoie\/","name":"Monte escalier Savoie, Chamb\u00e9ry - Monte escalier","isPartOf":{"@id":"https:\/\/www.monteescalier.net\/france\/#website"},"primaryImageOfPage":{"@id":"https:\/\/www.monteescalier.net\/france\/monte-escalier-savoie\/#primaryimage"},"image":{"@id":"https:\/\/www.monteescalier.net\/france\/monte-escalier-savoie\/#primaryimage"},"thumbnailUrl":"https:\/\/www.monteescalier.net\/france\/wp-content\/uploads\/2014\/10\/4devis-monte-escalier-photo-490.png","datePublished":"2024-02-10T15:42:04+00:00","dateModified":"2024-05-15T16:03:30+00:00","description":"Nos monte escalier disponible en Savoie : Chamb\u00e9ry, Albertville, Saint-Jean-De-Maurienne.","breadcrumb":{"@id":"https:\/\/www.monteescalier.net\/france\/monte-escalier-savoie\/#breadcrumb"},"inLanguage":"fr-FR","potentialAction":[{"@type":"ReadAction","target":["https:\/\/www.monteescalier.net\/france\/monte-escalier-savoie\/"]}]},{"@type":"ImageObject","inLanguage":"fr-FR","@id":"https:\/\/www.monteescalier.net\/france\/monte-escalier-savoie\/#primaryimage","url":"https:\/\/www.monteescalier.net\/france\/wp-content\/uploads\/2014\/10\/4devis-monte-escalier-photo-490.png","contentUrl":"https:\/\/www.monteescalier.net\/france\/wp-content\/uploads\/2014\/10\/4devis-monte-escalier-photo-490.png","width":490,"height":267},{"@type":"BreadcrumbList","@id":"https:\/\/www.monteescalier.net\/france\/monte-escalier-savoie\/#breadcrumb","itemListElement":[{"@type":"ListItem","position":1,"name":"Accueil","item":"https:\/\/www.monteescalier.net\/france\/"},{"@type":"ListItem","position":2,"name":"Monte escalier Savoie, Chamb\u00e9ry"}]},{"@type":"WebSite","@id":"https:\/\/www.monteescalier.net\/france\/#website","url":"https:\/\/www.monteescalier.net\/france\/","name":"Monte escalier","description":"","publisher":{"@id":"https:\/\/www.monteescalier.net\/france\/#organization"},"potentialAction":[{"@type":"SearchAction","target":{"@type":"EntryPoint","urlTemplate":"https:\/\/www.monteescalier.net\/france\/?s={search_term_string}"},"query-input":{"@type":"PropertyValueSpecification","valueRequired":true,"valueName":"search_term_string"}}],"inLanguage":"fr-FR"},{"@type":"Organization","@id":"https:\/\/www.monteescalier.net\/france\/#organization","name":"monte-escalier.net","url":"https:\/\/www.monteescalier.net\/france\/","logo":{"@type":"ImageObject","inLanguage":"fr-FR","@id":"https:\/\/www.monteescalier.net\/france\/#\/schema\/logo\/image\/","url":"https:\/\/www.monteescalier.net\/france\/wp-content\/uploads\/2016\/10\/4devis-mont-escalier-500-500.gif","contentUrl":"https:\/\/www.monteescalier.net\/france\/wp-content\/uploads\/2016\/10\/4devis-mont-escalier-500-500.gif","width":500,"height":500,"caption":"monte-escalier.net"},"image":{"@id":"https:\/\/www.monteescalier.net\/france\/#\/schema\/logo\/image\/"}}]}},"_links":{"self":[{"href":"https:\/\/www.monteescalier.net\/france\/wp-json\/wp\/v2\/pages\/494","targetHints":{"allow":["GET"]}}],"collection":[{"href":"https:\/\/www.monteescalier.net\/france\/wp-json\/wp\/v2\/pages"}],"about":[{"href":"https:\/\/www.monteescalier.net\/france\/wp-json\/wp\/v2\/types\/page"}],"author":[{"embeddable":true,"href":"https:\/\/www.monteescalier.net\/france\/wp-json\/wp\/v2\/users\/1"}],"replies":[{"embeddable":true,"href":"https:\/\/www.monteescalier.net\/france\/wp-json\/wp\/v2\/comments?post=494"}],"version-history":[{"count":6,"href":"https:\/\/www.monteescalier.net\/france\/wp-json\/wp\/v2\/pages\/494\/revisions"}],"predecessor-version":[{"id":9132,"href":"https:\/\/www.monteescalier.net\/france\/wp-json\/wp\/v2\/pages\/494\/revisions\/9132"}],"wp:attachment":[{"href":"https:\/\/www.monteescalier.net\/france\/wp-json\/wp\/v2\/media?parent=494"}],"curies":[{"name":"wp","href":"https:\/\/api.w.org\/{rel}","templated":true}]}}