{"id":4995,"date":"2013-09-26T10:48:08","date_gmt":"2013-09-26T10:48:08","guid":{"rendered":"https:\/\/www.monteescalier.net\/france\/?page_id=4995"},"modified":"2017-08-24T10:17:19","modified_gmt":"2017-08-24T09:17:19","slug":"monte-escalier-aumale","status":"publish","type":"page","link":"https:\/\/www.monteescalier.net\/france\/monte-escalier-aumale\/","title":{"rendered":"Monte escalier Aumale"},"content":{"rendered":"<h1>Qui contacter pour un monte escalier \u00e0 Aumale ?<\/h1>\n<div class=\"boite_texte\">\n<div style=\"text-align: justify; margin-bottom: 10px;\">Vous souhaitez faire installer un monte escalier \u00e0 Aumale ? Cela semble facile : il suffit de trouver un installateur qui couvre la Seine Maritime. le site monteescalier.net vous propose d&rsquo;aller plus loin, en touvant pour vous les meilleurs prestataires de la r\u00e9gion gr\u00e2ce \u00e0 ses services exclusifs <strong>et gratuits<\/strong>.<\/div>\n<div style=\"text-align: justify; margin-bottom: 10px;\">Nous sommes des interm\u00e9diaires entre vous et les revendeurs de monte escalier sur Aumale. Nous pouvons ainsi vous mettre en relation tr\u00e8s rapidement et gratuitement avec les principaux vendeurs de monte escalier \u00e0 Aumale.<\/div>\n<div style=\"text-align: justify; margin-bottom: 10px;\">Votre temps est compt\u00e9 pour chercher tous les revendeurs de monte escalier de Aumale pour choisir le meilleur, sachez que nous pouvons le faire pour vous. Remplissez simplement un formulaire de devis en ligne et nos professionnels partenaires seront tr\u00e8s heureux de pouvoir vous en proposer chacun un : car pour faire un choix, il faut avoir le choix !<\/div>\n<div style=\"text-align: justify; margin-bottom: 10px;\">Chaque installation de monte escalier \u00e9tant sp\u00e9cifique, vous pouvez \u00eatre amen\u00e9 \u00e0 vouloir dialoguer avec de v\u00e9ritables experts, professionnels de l&rsquo;installation de monte escalier \u00e0 Aumale. Pour vous faciliter la t\u00e2che, utilisez notre service de demande de rappel, un formulaire avec vos coordonn\u00e9es \u00e0 remplir et vous serez tr\u00e8s vite rappel\u00e9s par nos partenaire dans votre d\u00e9partement.<\/div>\n<div style=\"text-align: justify; margin-bottom: 10px;\">Nos revendeurs partenaires peuvent \u00e9galement vous faire parvenir de la documentation sur les diff\u00e9rents mod\u00e8les de monte escalier qu&rsquo;ils commercialisent, que ce soit par courrier ou par email.<\/div>\n<div style=\"text-align: justify; margin-bottom: 10px;\">Combien vont vous co\u00fbter nos services de mise en relation ? R\u00e9ponse, pas un centime,&#8230; alors o\u00f9 est le pi\u00e8ge ? Il n&rsquo;y en a aucun, notre offre est totalement sans engagement. Si les propositions de nos partenaires ne vous conviennent pas, vous restez totalement libre d&rsquo;aller voir ailleurs !<\/div>\n<\/div>\n<div class=\"titre_liens\">D\u00e9couvrez aussi nos offres monte escalier \u00e0 proximit\u00e9<\/div>\n<div class=\"boite_liens\"><a href=\"https:\/\/www.monteescalier.net\/france\/monte-escalier-caudebec-en-caux\">Monte escalier Caudebec-en-Caux<\/a><br \/>\n<a href=\"https:\/\/www.monteescalier.net\/france\/monte-escalier-yerville\">Monte escalier Yerville<\/a><br \/>\n<a href=\"https:\/\/www.monteescalier.net\/france\/monte-escalier-tourville-la-riviere\">Monte escalier Tourville-la-Rivi\u00e8re<\/a><br \/>\n<a href=\"https:\/\/www.monteescalier.net\/france\/monte-escalier-criquetot-l-esneval\">Monte escalier Criquetot-l&rsquo;Esneval<\/a><br \/>\n<a href=\"https:\/\/www.monteescalier.net\/france\/monte-escalier-saint-pierre-de-varengeville\">Monte escalier Saint-Pierre-de-Varengeville<\/a><\/div>\n","protected":false},"excerpt":{"rendered":"<p>Qui contacter pour un monte escalier \u00e0 Aumale ? Vous souhaitez faire installer un monte escalier \u00e0 Aumale ? Cela semble facile : il suffit de trouver un installateur qui couvre la Seine Maritime. le site monteescalier.net vous propose d&rsquo;aller plus loin, en touvant pour vous les meilleurs prestataires de la r\u00e9gion gr\u00e2ce \u00e0 ses [&hellip;]<\/p>\n","protected":false},"author":1,"featured_media":0,"parent":0,"menu_order":0,"comment_status":"closed","ping_status":"open","template":"template_ville_5.php","meta":{"_monsterinsights_skip_tracking":false,"_monsterinsights_sitenote_active":false,"_monsterinsights_sitenote_note":"","_monsterinsights_sitenote_category":0,"footnotes":""},"class_list":["post-4995","page","type-page","status-publish","hentry"],"yoast_head":"<!-- This site is optimized with the Yoast SEO plugin v26.3 - https:\/\/yoast.com\/wordpress\/plugins\/seo\/ -->\n<title>Monte escalier Aumale - Monte escalier<\/title>\n<meta name=\"robots\" content=\"index, follow, max-snippet:-1, max-image-preview:large, max-video-preview:-1\" \/>\n<link rel=\"canonical\" href=\"https:\/\/www.monteescalier.net\/france\/monte-escalier-aumale\/\" \/>\n<meta property=\"og:locale\" content=\"fr_FR\" \/>\n<meta property=\"og:type\" content=\"article\" \/>\n<meta property=\"og:title\" content=\"Monte escalier Aumale - Monte escalier\" \/>\n<meta property=\"og:description\" content=\"Qui contacter pour un monte escalier \u00e0 Aumale ? Vous souhaitez faire installer un monte escalier \u00e0 Aumale ? Cela semble facile : il suffit de trouver un installateur qui couvre la Seine Maritime. le site monteescalier.net vous propose d&rsquo;aller plus loin, en touvant pour vous les meilleurs prestataires de la r\u00e9gion gr\u00e2ce \u00e0 ses [&hellip;]\" \/>\n<meta property=\"og:url\" content=\"https:\/\/www.monteescalier.net\/france\/monte-escalier-aumale\/\" \/>\n<meta property=\"og:site_name\" content=\"Monte escalier\" \/>\n<meta property=\"article:modified_time\" content=\"2017-08-24T09:17:19+00:00\" \/>\n<meta name=\"twitter:card\" content=\"summary_large_image\" \/>\n<meta name=\"twitter:label1\" content=\"Dur\u00e9e de lecture estim\u00e9e\" \/>\n\t<meta name=\"twitter:data1\" content=\"2 minutes\" \/>\n<script type=\"application\/ld+json\" class=\"yoast-schema-graph\">{\"@context\":\"https:\/\/schema.org\",\"@graph\":[{\"@type\":\"WebPage\",\"@id\":\"https:\/\/www.monteescalier.net\/france\/monte-escalier-aumale\/\",\"url\":\"https:\/\/www.monteescalier.net\/france\/monte-escalier-aumale\/\",\"name\":\"Monte escalier Aumale - Monte escalier\",\"isPartOf\":{\"@id\":\"https:\/\/www.monteescalier.net\/france\/#website\"},\"datePublished\":\"2013-09-26T10:48:08+00:00\",\"dateModified\":\"2017-08-24T09:17:19+00:00\",\"breadcrumb\":{\"@id\":\"https:\/\/www.monteescalier.net\/france\/monte-escalier-aumale\/#breadcrumb\"},\"inLanguage\":\"fr-FR\",\"potentialAction\":[{\"@type\":\"ReadAction\",\"target\":[\"https:\/\/www.monteescalier.net\/france\/monte-escalier-aumale\/\"]}]},{\"@type\":\"BreadcrumbList\",\"@id\":\"https:\/\/www.monteescalier.net\/france\/monte-escalier-aumale\/#breadcrumb\",\"itemListElement\":[{\"@type\":\"ListItem\",\"position\":1,\"name\":\"Accueil\",\"item\":\"https:\/\/www.monteescalier.net\/france\/\"},{\"@type\":\"ListItem\",\"position\":2,\"name\":\"Monte escalier Aumale\"}]},{\"@type\":\"WebSite\",\"@id\":\"https:\/\/www.monteescalier.net\/france\/#website\",\"url\":\"https:\/\/www.monteescalier.net\/france\/\",\"name\":\"Monte escalier\",\"description\":\"\",\"publisher\":{\"@id\":\"https:\/\/www.monteescalier.net\/france\/#organization\"},\"potentialAction\":[{\"@type\":\"SearchAction\",\"target\":{\"@type\":\"EntryPoint\",\"urlTemplate\":\"https:\/\/www.monteescalier.net\/france\/?s={search_term_string}\"},\"query-input\":{\"@type\":\"PropertyValueSpecification\",\"valueRequired\":true,\"valueName\":\"search_term_string\"}}],\"inLanguage\":\"fr-FR\"},{\"@type\":\"Organization\",\"@id\":\"https:\/\/www.monteescalier.net\/france\/#organization\",\"name\":\"monte-escalier.net\",\"url\":\"https:\/\/www.monteescalier.net\/france\/\",\"logo\":{\"@type\":\"ImageObject\",\"inLanguage\":\"fr-FR\",\"@id\":\"https:\/\/www.monteescalier.net\/france\/#\/schema\/logo\/image\/\",\"url\":\"https:\/\/www.monteescalier.net\/france\/wp-content\/uploads\/2016\/10\/4devis-mont-escalier-500-500.gif\",\"contentUrl\":\"https:\/\/www.monteescalier.net\/france\/wp-content\/uploads\/2016\/10\/4devis-mont-escalier-500-500.gif\",\"width\":500,\"height\":500,\"caption\":\"monte-escalier.net\"},\"image\":{\"@id\":\"https:\/\/www.monteescalier.net\/france\/#\/schema\/logo\/image\/\"}}]}<\/script>\n<!-- \/ Yoast SEO plugin. -->","yoast_head_json":{"title":"Monte escalier Aumale - Monte escalier","robots":{"index":"index","follow":"follow","max-snippet":"max-snippet:-1","max-image-preview":"max-image-preview:large","max-video-preview":"max-video-preview:-1"},"canonical":"https:\/\/www.monteescalier.net\/france\/monte-escalier-aumale\/","og_locale":"fr_FR","og_type":"article","og_title":"Monte escalier Aumale - Monte escalier","og_description":"Qui contacter pour un monte escalier \u00e0 Aumale ? Vous souhaitez faire installer un monte escalier \u00e0 Aumale ? Cela semble facile : il suffit de trouver un installateur qui couvre la Seine Maritime. le site monteescalier.net vous propose d&rsquo;aller plus loin, en touvant pour vous les meilleurs prestataires de la r\u00e9gion gr\u00e2ce \u00e0 ses [&hellip;]","og_url":"https:\/\/www.monteescalier.net\/france\/monte-escalier-aumale\/","og_site_name":"Monte escalier","article_modified_time":"2017-08-24T09:17:19+00:00","twitter_card":"summary_large_image","twitter_misc":{"Dur\u00e9e de lecture estim\u00e9e":"2 minutes"},"schema":{"@context":"https:\/\/schema.org","@graph":[{"@type":"WebPage","@id":"https:\/\/www.monteescalier.net\/france\/monte-escalier-aumale\/","url":"https:\/\/www.monteescalier.net\/france\/monte-escalier-aumale\/","name":"Monte escalier Aumale - Monte escalier","isPartOf":{"@id":"https:\/\/www.monteescalier.net\/france\/#website"},"datePublished":"2013-09-26T10:48:08+00:00","dateModified":"2017-08-24T09:17:19+00:00","breadcrumb":{"@id":"https:\/\/www.monteescalier.net\/france\/monte-escalier-aumale\/#breadcrumb"},"inLanguage":"fr-FR","potentialAction":[{"@type":"ReadAction","target":["https:\/\/www.monteescalier.net\/france\/monte-escalier-aumale\/"]}]},{"@type":"BreadcrumbList","@id":"https:\/\/www.monteescalier.net\/france\/monte-escalier-aumale\/#breadcrumb","itemListElement":[{"@type":"ListItem","position":1,"name":"Accueil","item":"https:\/\/www.monteescalier.net\/france\/"},{"@type":"ListItem","position":2,"name":"Monte escalier Aumale"}]},{"@type":"WebSite","@id":"https:\/\/www.monteescalier.net\/france\/#website","url":"https:\/\/www.monteescalier.net\/france\/","name":"Monte escalier","description":"","publisher":{"@id":"https:\/\/www.monteescalier.net\/france\/#organization"},"potentialAction":[{"@type":"SearchAction","target":{"@type":"EntryPoint","urlTemplate":"https:\/\/www.monteescalier.net\/france\/?s={search_term_string}"},"query-input":{"@type":"PropertyValueSpecification","valueRequired":true,"valueName":"search_term_string"}}],"inLanguage":"fr-FR"},{"@type":"Organization","@id":"https:\/\/www.monteescalier.net\/france\/#organization","name":"monte-escalier.net","url":"https:\/\/www.monteescalier.net\/france\/","logo":{"@type":"ImageObject","inLanguage":"fr-FR","@id":"https:\/\/www.monteescalier.net\/france\/#\/schema\/logo\/image\/","url":"https:\/\/www.monteescalier.net\/france\/wp-content\/uploads\/2016\/10\/4devis-mont-escalier-500-500.gif","contentUrl":"https:\/\/www.monteescalier.net\/france\/wp-content\/uploads\/2016\/10\/4devis-mont-escalier-500-500.gif","width":500,"height":500,"caption":"monte-escalier.net"},"image":{"@id":"https:\/\/www.monteescalier.net\/france\/#\/schema\/logo\/image\/"}}]}},"_links":{"self":[{"href":"https:\/\/www.monteescalier.net\/france\/wp-json\/wp\/v2\/pages\/4995","targetHints":{"allow":["GET"]}}],"collection":[{"href":"https:\/\/www.monteescalier.net\/france\/wp-json\/wp\/v2\/pages"}],"about":[{"href":"https:\/\/www.monteescalier.net\/france\/wp-json\/wp\/v2\/types\/page"}],"author":[{"embeddable":true,"href":"https:\/\/www.monteescalier.net\/france\/wp-json\/wp\/v2\/users\/1"}],"replies":[{"embeddable":true,"href":"https:\/\/www.monteescalier.net\/france\/wp-json\/wp\/v2\/comments?post=4995"}],"version-history":[{"count":2,"href":"https:\/\/www.monteescalier.net\/france\/wp-json\/wp\/v2\/pages\/4995\/revisions"}],"predecessor-version":[{"id":7960,"href":"https:\/\/www.monteescalier.net\/france\/wp-json\/wp\/v2\/pages\/4995\/revisions\/7960"}],"wp:attachment":[{"href":"https:\/\/www.monteescalier.net\/france\/wp-json\/wp\/v2\/media?parent=4995"}],"curies":[{"name":"wp","href":"https:\/\/api.w.org\/{rel}","templated":true}]}}

<h1>Qui contacter pour un monte escalier à Aumale ?</h1>
<div class="boite_texte">
<div style="text-align: justify; margin-bottom: 10px;">Vous souhaitez faire installer un monte escalier à Aumale ? Cela semble facile : il suffit de trouver un installateur qui couvre la Seine Maritime. le site monteescalier.net vous propose d&rsquo;aller plus loin, en touvant pour vous les meilleurs prestataires de la région grâce à ses services exclusifs <strong>et gratuits</strong>.</div>
<div style="text-align: justify; margin-bottom: 10px;">Nous sommes des intermédiaires entre vous et les revendeurs de monte escalier sur Aumale. Nous pouvons ainsi vous mettre en relation très rapidement et gratuitement avec les principaux vendeurs de monte escalier à Aumale.</div>
<div style="text-align: justify; margin-bottom: 10px;">Votre temps est compté pour chercher tous les revendeurs de monte escalier de Aumale pour choisir le meilleur, sachez que nous pouvons le faire pour vous. Remplissez simplement un formulaire de devis en ligne et nos professionnels partenaires seront très heureux de pouvoir vous en proposer chacun un : car pour faire un choix, il faut avoir le choix !</div>
<div style="text-align: justify; margin-bottom: 10px;">Chaque installation de monte escalier étant spécifique, vous pouvez être amené à vouloir dialoguer avec de véritables experts, professionnels de l&rsquo;installation de monte escalier à Aumale. Pour vous faciliter la tâche, utilisez notre service de demande de rappel, un formulaire avec vos coordonnées à remplir et vous serez très vite rappelés par nos partenaire dans votre département.</div>
<div style="text-align: justify; margin-bottom: 10px;">Nos revendeurs partenaires peuvent également vous faire parvenir de la documentation sur les différents modèles de monte escalier qu&rsquo;ils commercialisent, que ce soit par courrier ou par email.</div>
<div style="text-align: justify; margin-bottom: 10px;">Combien vont vous coûter nos services de mise en relation ? Réponse, pas un centime,&#8230; alors où est le piège ? Il n&rsquo;y en a aucun, notre offre est totalement sans engagement. Si les propositions de nos partenaires ne vous conviennent pas, vous restez totalement libre d&rsquo;aller voir ailleurs !</div>
</div>
<div class="titre_liens">Découvrez aussi nos offres monte escalier à proximité</div>
<div class="boite_liens"><a href="https://www.monteescalier.net/france/monte-escalier-caudebec-en-caux">Monte escalier Caudebec-en-Caux</a><br />
<a href="https://www.monteescalier.net/france/monte-escalier-yerville">Monte escalier Yerville</a><br />
<a href="https://www.monteescalier.net/france/monte-escalier-tourville-la-riviere">Monte escalier Tourville-la-Rivière</a><br />
<a href="https://www.monteescalier.net/france/monte-escalier-criquetot-l-esneval">Monte escalier Criquetot-l&rsquo;Esneval</a><br />
<a href="https://www.monteescalier.net/france/monte-escalier-saint-pierre-de-varengeville">Monte escalier Saint-Pierre-de-Varengeville</a></div>

<p>Qui contacter pour un monte escalier à Aumale ? Vous souhaitez faire installer un monte escalier à Aumale ? Cela semble facile : il suffit de trouver un installateur qui couvre la Seine Maritime. le site monteescalier.net vous propose d&rsquo;aller plus loin, en touvant pour vous les meilleurs prestataires de la région grâce à ses [&hellip;]</p>

<!-- This site is optimized with the Yoast SEO plugin v26.3 - https://yoast.com/wordpress/plugins/seo/ -->
<title>Monte escalier Aumale - Monte escalier</title>
<meta name="robots" content="index, follow, max-snippet:-1, max-image-preview:large, max-video-preview:-1" />
<link rel="canonical" href="https://www.monteescalier.net/france/monte-escalier-aumale/" />
<meta property="og:locale" content="fr_FR" />
<meta property="og:type" content="article" />
<meta property="og:title" content="Monte escalier Aumale - Monte escalier" />
<meta property="og:description" content="Qui contacter pour un monte escalier à Aumale ? Vous souhaitez faire installer un monte escalier à Aumale ? Cela semble facile : il suffit de trouver un installateur qui couvre la Seine Maritime. le site monteescalier.net vous propose d&rsquo;aller plus loin, en touvant pour vous les meilleurs prestataires de la région grâce à ses [&hellip;]" />
<meta property="og:url" content="https://www.monteescalier.net/france/monte-escalier-aumale/" />
<meta property="og:site_name" content="Monte escalier" />
<meta property="article:modified_time" content="2017-08-24T09:17:19+00:00" />
<meta name="twitter:card" content="summary_large_image" />
<meta name="twitter:label1" content="Durée de lecture estimée" />
	<meta name="twitter:data1" content="2 minutes" />
<script type="application/ld+json" class="yoast-schema-graph">{"@context":"https://schema.org","@graph":[{"@type":"WebPage","@id":"https://www.monteescalier.net/france/monte-escalier-aumale/","url":"https://www.monteescalier.net/france/monte-escalier-aumale/","name":"Monte escalier Aumale - Monte escalier","isPartOf":{"@id":"https://www.monteescalier.net/france/#website"},"datePublished":"2013-09-26T10:48:08+00:00","dateModified":"2017-08-24T09:17:19+00:00","breadcrumb":{"@id":"https://www.monteescalier.net/france/monte-escalier-aumale/#breadcrumb"},"inLanguage":"fr-FR","potentialAction":[{"@type":"ReadAction","target":["https://www.monteescalier.net/france/monte-escalier-aumale/"]}]},{"@type":"BreadcrumbList","@id":"https://www.monteescalier.net/france/monte-escalier-aumale/#breadcrumb","itemListElement":[{"@type":"ListItem","position":1,"name":"Accueil","item":"https://www.monteescalier.net/france/"},{"@type":"ListItem","position":2,"name":"Monte escalier Aumale"}]},{"@type":"WebSite","@id":"https://www.monteescalier.net/france/#website","url":"https://www.monteescalier.net/france/","name":"Monte escalier","description":"","publisher":{"@id":"https://www.monteescalier.net/france/#organization"},"potentialAction":[{"@type":"SearchAction","target":{"@type":"EntryPoint","urlTemplate":"https://www.monteescalier.net/france/?s={search_term_string}"},"query-input":{"@type":"PropertyValueSpecification","valueRequired":true,"valueName":"search_term_string"}}],"inLanguage":"fr-FR"},{"@type":"Organization","@id":"https://www.monteescalier.net/france/#organization","name":"monte-escalier.net","url":"https://www.monteescalier.net/france/","logo":{"@type":"ImageObject","inLanguage":"fr-FR","@id":"https://www.monteescalier.net/france/#/schema/logo/image/","url":"https://www.monteescalier.net/france/wp-content/uploads/2016/10/4devis-mont-escalier-500-500.gif","contentUrl":"https://www.monteescalier.net/france/wp-content/uploads/2016/10/4devis-mont-escalier-500-500.gif","width":500,"height":500,"caption":"monte-escalier.net"},"image":{"@id":"https://www.monteescalier.net/france/#/schema/logo/image/"}}]}</script>
<!-- / Yoast SEO plugin. -->

Qui contacter pour un monte escalier à Aumale ? Vous souhaitez faire installer un monte escalier à Aumale ? Cela semble facile : il suffit de trouver un installateur qui couvre la Seine Maritime. le site monteescalier.net vous propose d&rsquo;aller plus loin, en touvant pour vous les meilleurs prestataires de la région grâce à ses [&hellip;]
