{"id":5142,"date":"2013-09-26T10:48:10","date_gmt":"2013-09-26T10:48:10","guid":{"rendered":"https:\/\/www.monteescalier.net\/france\/?page_id=5142"},"modified":"2016-12-16T16:23:50","modified_gmt":"2016-12-16T15:23:50","slug":"monte-escalier-evry-gregy-sur-yerre","status":"publish","type":"page","link":"https:\/\/www.monteescalier.net\/france\/monte-escalier-evry-gregy-sur-yerre\/","title":{"rendered":"Monte escalier \u00c9vry-Gr\u00e9gy-sur-Yerre"},"content":{"rendered":"<h1>Comparer les offres de monte escalier \u00e0 \u00c9vry-Gr\u00e9gy-sur-Yerre<\/h1>\n<div class=\"boite_texte\">\n<div style=\"text-align: justify; margin-bottom: 10px;\">Qui contacter pour un monte escalier \u00e0 \u00c9vry-Gr\u00e9gy-sur-Yerre ? C&rsquo;est \u00e0 cette question que notre\u00a0site monteescalier.net veut vous apporter la r\u00e9ponse en vous proposant ses services exclusifs.<\/div>\n<div style=\"text-align: justify; margin-bottom: 10px;\">Gr\u00e2ce \u00e0 ce site, vous allez pouvoir trouver facilement les vendeurs de monte escalier sur \u00c9vry-Gr\u00e9gy-sur-Yerre et sa r\u00e9gion. Nous allons, en effet, vous mettre en relation gratuitement avec notre pr\u00e9selection de vendeurs de monte escalier en Seine et Marne.<\/div>\n<div style=\"text-align: justify; margin-bottom: 10px;\">Le premier service que nous vous proposons gratuitement est la demande de devis gratuit. Et ce n&rsquo;est pas un devis que vous recevrez en remplissant un formulaire sur notre site mais 4 ou 5 propositions fermes \u00e9manant de professionnels du monte escalier de \u00c9vry-Gr\u00e9gy-sur-Yerre.<\/div>\n<div style=\"text-align: justify; margin-bottom: 10px;\">Un seul formulaire \u00e0 compl\u00e9ter pour \u00eatre rappel\u00e9 par des professionnels du monte escalier, c&rsquo;est le deuxi\u00e8me service totalement gratuit que nous vous proposons avec la demande de rappel. C&rsquo;est la garantie d&rsquo;\u00eatre rappel\u00e9 tr\u00e8s vite par plusieurs installateurs de monte escalier qui pourront ainsi vous proposer des solutions personnalis\u00e9es aux questions que vous vous posez certainement.<\/div>\n<div style=\"text-align: justify; margin-bottom: 10px;\">Pour faire votre choix, vous pouvez aussi vouloir comparer les caract\u00e9ristiques d\u00e9taill\u00e9es des fauteuils monte escalier des diff\u00e9rentes marques disponibles \u00e0 la vente.le meilleur choix dans ce cas est de vous servir de notre formulaire de demande de documentation que vous trouverez sur notre site. Par courriel, vous allez recevoir gratuitement toutes les infos n\u00e9cessaires qui vous permettront de comparer \u00e0 t\u00eate repos\u00e9e les diff\u00e9rents mod\u00e8les de monte escalier.<\/div>\n<div style=\"text-align: justify; margin-bottom: 10px;\">Pourquoi aller chercher ailleurs alors que tous nos services sont enti\u00e8rement gratuits. Nous avons fait le travail de pr\u00e9selection de votre prestataire monte escalier en ile de france. Utilisez nos services ne vous co\u00fbtera rien et ne vous engagera \u00e0 rien&#8230; alors pourquoi passer \u00e0 c\u00f4t\u00e9 ! Laissez nous vos coordonn\u00e9es et testez nos services sans engagement.<\/div>\n<\/div>\n<div class=\"titre_liens\">Nos autres offres de monte escalier dans votre secteur<\/div>\n<div class=\"boite_liens\"><a href=\"https:\/\/www.monteescalier.net\/france\/monte-escalier-longperrier\">Monte escalier Longperrier<\/a><br \/>\n<a href=\"https:\/\/www.monteescalier.net\/france\/monte-escalier-grisy-suisnes\">Monte escalier Grisy-Suisnes<\/a><br \/>\n<a href=\"https:\/\/www.monteescalier.net\/france\/monte-escalier-samoreau\">Monte escalier Samoreau<\/a><br \/>\n<a href=\"https:\/\/www.monteescalier.net\/france\/monte-escalier-guerard\">Monte escalier Gu\u00e9rard<\/a><br \/>\n<a href=\"https:\/\/www.monteescalier.net\/france\/monte-escalier-perthes\">Monte escalier Perthes<\/a><\/div>\n","protected":false},"excerpt":{"rendered":"<p>Comparer les offres de monte escalier \u00e0 \u00c9vry-Gr\u00e9gy-sur-Yerre Qui contacter pour un monte escalier \u00e0 \u00c9vry-Gr\u00e9gy-sur-Yerre ? C&rsquo;est \u00e0 cette question que notre\u00a0site monteescalier.net veut vous apporter la r\u00e9ponse en vous proposant ses services exclusifs. Gr\u00e2ce \u00e0 ce site, vous allez pouvoir trouver facilement les vendeurs de monte escalier sur \u00c9vry-Gr\u00e9gy-sur-Yerre et sa r\u00e9gion. Nous [&hellip;]<\/p>\n","protected":false},"author":1,"featured_media":0,"parent":0,"menu_order":0,"comment_status":"closed","ping_status":"open","template":"template_ville_18.php","meta":{"_monsterinsights_skip_tracking":false,"_monsterinsights_sitenote_active":false,"_monsterinsights_sitenote_note":"","_monsterinsights_sitenote_category":0,"footnotes":""},"class_list":["post-5142","page","type-page","status-publish","hentry"],"yoast_head":"<!-- This site is optimized with the Yoast SEO plugin v26.3 - https:\/\/yoast.com\/wordpress\/plugins\/seo\/ -->\n<title>Monte escalier \u00c9vry-Gr\u00e9gy-sur-Yerre - Monte escalier<\/title>\n<meta name=\"robots\" content=\"index, follow, max-snippet:-1, max-image-preview:large, max-video-preview:-1\" \/>\n<link rel=\"canonical\" href=\"https:\/\/www.monteescalier.net\/france\/monte-escalier-evry-gregy-sur-yerre\/\" \/>\n<meta property=\"og:locale\" content=\"fr_FR\" \/>\n<meta property=\"og:type\" content=\"article\" \/>\n<meta property=\"og:title\" content=\"Monte escalier \u00c9vry-Gr\u00e9gy-sur-Yerre - Monte escalier\" \/>\n<meta property=\"og:description\" content=\"Comparer les offres de monte escalier \u00e0 \u00c9vry-Gr\u00e9gy-sur-Yerre Qui contacter pour un monte escalier \u00e0 \u00c9vry-Gr\u00e9gy-sur-Yerre ? C&rsquo;est \u00e0 cette question que notre\u00a0site monteescalier.net veut vous apporter la r\u00e9ponse en vous proposant ses services exclusifs. Gr\u00e2ce \u00e0 ce site, vous allez pouvoir trouver facilement les vendeurs de monte escalier sur \u00c9vry-Gr\u00e9gy-sur-Yerre et sa r\u00e9gion. Nous [&hellip;]\" \/>\n<meta property=\"og:url\" content=\"https:\/\/www.monteescalier.net\/france\/monte-escalier-evry-gregy-sur-yerre\/\" \/>\n<meta property=\"og:site_name\" content=\"Monte escalier\" \/>\n<meta property=\"article:modified_time\" content=\"2016-12-16T15:23:50+00:00\" \/>\n<meta name=\"twitter:card\" content=\"summary_large_image\" \/>\n<meta name=\"twitter:label1\" content=\"Dur\u00e9e de lecture estim\u00e9e\" \/>\n\t<meta name=\"twitter:data1\" content=\"2 minutes\" \/>\n<script type=\"application\/ld+json\" class=\"yoast-schema-graph\">{\"@context\":\"https:\/\/schema.org\",\"@graph\":[{\"@type\":\"WebPage\",\"@id\":\"https:\/\/www.monteescalier.net\/france\/monte-escalier-evry-gregy-sur-yerre\/\",\"url\":\"https:\/\/www.monteescalier.net\/france\/monte-escalier-evry-gregy-sur-yerre\/\",\"name\":\"Monte escalier \u00c9vry-Gr\u00e9gy-sur-Yerre - Monte escalier\",\"isPartOf\":{\"@id\":\"https:\/\/www.monteescalier.net\/france\/#website\"},\"datePublished\":\"2013-09-26T10:48:10+00:00\",\"dateModified\":\"2016-12-16T15:23:50+00:00\",\"breadcrumb\":{\"@id\":\"https:\/\/www.monteescalier.net\/france\/monte-escalier-evry-gregy-sur-yerre\/#breadcrumb\"},\"inLanguage\":\"fr-FR\",\"potentialAction\":[{\"@type\":\"ReadAction\",\"target\":[\"https:\/\/www.monteescalier.net\/france\/monte-escalier-evry-gregy-sur-yerre\/\"]}]},{\"@type\":\"BreadcrumbList\",\"@id\":\"https:\/\/www.monteescalier.net\/france\/monte-escalier-evry-gregy-sur-yerre\/#breadcrumb\",\"itemListElement\":[{\"@type\":\"ListItem\",\"position\":1,\"name\":\"Accueil\",\"item\":\"https:\/\/www.monteescalier.net\/france\/\"},{\"@type\":\"ListItem\",\"position\":2,\"name\":\"Monte escalier \u00c9vry-Gr\u00e9gy-sur-Yerre\"}]},{\"@type\":\"WebSite\",\"@id\":\"https:\/\/www.monteescalier.net\/france\/#website\",\"url\":\"https:\/\/www.monteescalier.net\/france\/\",\"name\":\"Monte escalier\",\"description\":\"\",\"publisher\":{\"@id\":\"https:\/\/www.monteescalier.net\/france\/#organization\"},\"potentialAction\":[{\"@type\":\"SearchAction\",\"target\":{\"@type\":\"EntryPoint\",\"urlTemplate\":\"https:\/\/www.monteescalier.net\/france\/?s={search_term_string}\"},\"query-input\":{\"@type\":\"PropertyValueSpecification\",\"valueRequired\":true,\"valueName\":\"search_term_string\"}}],\"inLanguage\":\"fr-FR\"},{\"@type\":\"Organization\",\"@id\":\"https:\/\/www.monteescalier.net\/france\/#organization\",\"name\":\"monte-escalier.net\",\"url\":\"https:\/\/www.monteescalier.net\/france\/\",\"logo\":{\"@type\":\"ImageObject\",\"inLanguage\":\"fr-FR\",\"@id\":\"https:\/\/www.monteescalier.net\/france\/#\/schema\/logo\/image\/\",\"url\":\"https:\/\/www.monteescalier.net\/france\/wp-content\/uploads\/2016\/10\/4devis-mont-escalier-500-500.gif\",\"contentUrl\":\"https:\/\/www.monteescalier.net\/france\/wp-content\/uploads\/2016\/10\/4devis-mont-escalier-500-500.gif\",\"width\":500,\"height\":500,\"caption\":\"monte-escalier.net\"},\"image\":{\"@id\":\"https:\/\/www.monteescalier.net\/france\/#\/schema\/logo\/image\/\"}}]}<\/script>\n<!-- \/ Yoast SEO plugin. -->","yoast_head_json":{"title":"Monte escalier \u00c9vry-Gr\u00e9gy-sur-Yerre - Monte escalier","robots":{"index":"index","follow":"follow","max-snippet":"max-snippet:-1","max-image-preview":"max-image-preview:large","max-video-preview":"max-video-preview:-1"},"canonical":"https:\/\/www.monteescalier.net\/france\/monte-escalier-evry-gregy-sur-yerre\/","og_locale":"fr_FR","og_type":"article","og_title":"Monte escalier \u00c9vry-Gr\u00e9gy-sur-Yerre - Monte escalier","og_description":"Comparer les offres de monte escalier \u00e0 \u00c9vry-Gr\u00e9gy-sur-Yerre Qui contacter pour un monte escalier \u00e0 \u00c9vry-Gr\u00e9gy-sur-Yerre ? C&rsquo;est \u00e0 cette question que notre\u00a0site monteescalier.net veut vous apporter la r\u00e9ponse en vous proposant ses services exclusifs. Gr\u00e2ce \u00e0 ce site, vous allez pouvoir trouver facilement les vendeurs de monte escalier sur \u00c9vry-Gr\u00e9gy-sur-Yerre et sa r\u00e9gion. Nous [&hellip;]","og_url":"https:\/\/www.monteescalier.net\/france\/monte-escalier-evry-gregy-sur-yerre\/","og_site_name":"Monte escalier","article_modified_time":"2016-12-16T15:23:50+00:00","twitter_card":"summary_large_image","twitter_misc":{"Dur\u00e9e de lecture estim\u00e9e":"2 minutes"},"schema":{"@context":"https:\/\/schema.org","@graph":[{"@type":"WebPage","@id":"https:\/\/www.monteescalier.net\/france\/monte-escalier-evry-gregy-sur-yerre\/","url":"https:\/\/www.monteescalier.net\/france\/monte-escalier-evry-gregy-sur-yerre\/","name":"Monte escalier \u00c9vry-Gr\u00e9gy-sur-Yerre - Monte escalier","isPartOf":{"@id":"https:\/\/www.monteescalier.net\/france\/#website"},"datePublished":"2013-09-26T10:48:10+00:00","dateModified":"2016-12-16T15:23:50+00:00","breadcrumb":{"@id":"https:\/\/www.monteescalier.net\/france\/monte-escalier-evry-gregy-sur-yerre\/#breadcrumb"},"inLanguage":"fr-FR","potentialAction":[{"@type":"ReadAction","target":["https:\/\/www.monteescalier.net\/france\/monte-escalier-evry-gregy-sur-yerre\/"]}]},{"@type":"BreadcrumbList","@id":"https:\/\/www.monteescalier.net\/france\/monte-escalier-evry-gregy-sur-yerre\/#breadcrumb","itemListElement":[{"@type":"ListItem","position":1,"name":"Accueil","item":"https:\/\/www.monteescalier.net\/france\/"},{"@type":"ListItem","position":2,"name":"Monte escalier \u00c9vry-Gr\u00e9gy-sur-Yerre"}]},{"@type":"WebSite","@id":"https:\/\/www.monteescalier.net\/france\/#website","url":"https:\/\/www.monteescalier.net\/france\/","name":"Monte escalier","description":"","publisher":{"@id":"https:\/\/www.monteescalier.net\/france\/#organization"},"potentialAction":[{"@type":"SearchAction","target":{"@type":"EntryPoint","urlTemplate":"https:\/\/www.monteescalier.net\/france\/?s={search_term_string}"},"query-input":{"@type":"PropertyValueSpecification","valueRequired":true,"valueName":"search_term_string"}}],"inLanguage":"fr-FR"},{"@type":"Organization","@id":"https:\/\/www.monteescalier.net\/france\/#organization","name":"monte-escalier.net","url":"https:\/\/www.monteescalier.net\/france\/","logo":{"@type":"ImageObject","inLanguage":"fr-FR","@id":"https:\/\/www.monteescalier.net\/france\/#\/schema\/logo\/image\/","url":"https:\/\/www.monteescalier.net\/france\/wp-content\/uploads\/2016\/10\/4devis-mont-escalier-500-500.gif","contentUrl":"https:\/\/www.monteescalier.net\/france\/wp-content\/uploads\/2016\/10\/4devis-mont-escalier-500-500.gif","width":500,"height":500,"caption":"monte-escalier.net"},"image":{"@id":"https:\/\/www.monteescalier.net\/france\/#\/schema\/logo\/image\/"}}]}},"_links":{"self":[{"href":"https:\/\/www.monteescalier.net\/france\/wp-json\/wp\/v2\/pages\/5142","targetHints":{"allow":["GET"]}}],"collection":[{"href":"https:\/\/www.monteescalier.net\/france\/wp-json\/wp\/v2\/pages"}],"about":[{"href":"https:\/\/www.monteescalier.net\/france\/wp-json\/wp\/v2\/types\/page"}],"author":[{"embeddable":true,"href":"https:\/\/www.monteescalier.net\/france\/wp-json\/wp\/v2\/users\/1"}],"replies":[{"embeddable":true,"href":"https:\/\/www.monteescalier.net\/france\/wp-json\/wp\/v2\/comments?post=5142"}],"version-history":[{"count":3,"href":"https:\/\/www.monteescalier.net\/france\/wp-json\/wp\/v2\/pages\/5142\/revisions"}],"predecessor-version":[{"id":7765,"href":"https:\/\/www.monteescalier.net\/france\/wp-json\/wp\/v2\/pages\/5142\/revisions\/7765"}],"wp:attachment":[{"href":"https:\/\/www.monteescalier.net\/france\/wp-json\/wp\/v2\/media?parent=5142"}],"curies":[{"name":"wp","href":"https:\/\/api.w.org\/{rel}","templated":true}]}}

Monte escalier Évry-Grégy-sur-Yerre

<h1>Comparer les offres de monte escalier à Évry-Grégy-sur-Yerre</h1>
<div class="boite_texte">
<div style="text-align: justify; margin-bottom: 10px;">Qui contacter pour un monte escalier à Évry-Grégy-sur-Yerre ? C&rsquo;est à cette question que notre site monteescalier.net veut vous apporter la réponse en vous proposant ses services exclusifs.</div>
<div style="text-align: justify; margin-bottom: 10px;">Grâce à ce site, vous allez pouvoir trouver facilement les vendeurs de monte escalier sur Évry-Grégy-sur-Yerre et sa région. Nous allons, en effet, vous mettre en relation gratuitement avec notre préselection de vendeurs de monte escalier en Seine et Marne.</div>
<div style="text-align: justify; margin-bottom: 10px;">Le premier service que nous vous proposons gratuitement est la demande de devis gratuit. Et ce n&rsquo;est pas un devis que vous recevrez en remplissant un formulaire sur notre site mais 4 ou 5 propositions fermes émanant de professionnels du monte escalier de Évry-Grégy-sur-Yerre.</div>
<div style="text-align: justify; margin-bottom: 10px;">Un seul formulaire à compléter pour être rappelé par des professionnels du monte escalier, c&rsquo;est le deuxième service totalement gratuit que nous vous proposons avec la demande de rappel. C&rsquo;est la garantie d&rsquo;être rappelé très vite par plusieurs installateurs de monte escalier qui pourront ainsi vous proposer des solutions personnalisées aux questions que vous vous posez certainement.</div>
<div style="text-align: justify; margin-bottom: 10px;">Pour faire votre choix, vous pouvez aussi vouloir comparer les caractéristiques détaillées des fauteuils monte escalier des différentes marques disponibles à la vente.le meilleur choix dans ce cas est de vous servir de notre formulaire de demande de documentation que vous trouverez sur notre site. Par courriel, vous allez recevoir gratuitement toutes les infos nécessaires qui vous permettront de comparer à tête reposée les différents modèles de monte escalier.</div>
<div style="text-align: justify; margin-bottom: 10px;">Pourquoi aller chercher ailleurs alors que tous nos services sont entièrement gratuits. Nous avons fait le travail de préselection de votre prestataire monte escalier en ile de france. Utilisez nos services ne vous coûtera rien et ne vous engagera à rien&#8230; alors pourquoi passer à côté ! Laissez nous vos coordonnées et testez nos services sans engagement.</div>
</div>
<div class="titre_liens">Nos autres offres de monte escalier dans votre secteur</div>
<div class="boite_liens"><a href="https://www.monteescalier.net/france/monte-escalier-longperrier">Monte escalier Longperrier</a><br />
<a href="https://www.monteescalier.net/france/monte-escalier-grisy-suisnes">Monte escalier Grisy-Suisnes</a><br />
<a href="https://www.monteescalier.net/france/monte-escalier-samoreau">Monte escalier Samoreau</a><br />
<a href="https://www.monteescalier.net/france/monte-escalier-guerard">Monte escalier Guérard</a><br />
<a href="https://www.monteescalier.net/france/monte-escalier-perthes">Monte escalier Perthes</a></div>

<p>Comparer les offres de monte escalier à Évry-Grégy-sur-Yerre Qui contacter pour un monte escalier à Évry-Grégy-sur-Yerre ? C&rsquo;est à cette question que notre site monteescalier.net veut vous apporter la réponse en vous proposant ses services exclusifs. Grâce à ce site, vous allez pouvoir trouver facilement les vendeurs de monte escalier sur Évry-Grégy-sur-Yerre et sa région. Nous [&hellip;]</p>

<!-- This site is optimized with the Yoast SEO plugin v26.3 - https://yoast.com/wordpress/plugins/seo/ -->
<title>Monte escalier Évry-Grégy-sur-Yerre - Monte escalier</title>
<meta name="robots" content="index, follow, max-snippet:-1, max-image-preview:large, max-video-preview:-1" />
<link rel="canonical" href="https://www.monteescalier.net/france/monte-escalier-evry-gregy-sur-yerre/" />
<meta property="og:locale" content="fr_FR" />
<meta property="og:type" content="article" />
<meta property="og:title" content="Monte escalier Évry-Grégy-sur-Yerre - Monte escalier" />
<meta property="og:description" content="Comparer les offres de monte escalier à Évry-Grégy-sur-Yerre Qui contacter pour un monte escalier à Évry-Grégy-sur-Yerre ? C&rsquo;est à cette question que notre site monteescalier.net veut vous apporter la réponse en vous proposant ses services exclusifs. Grâce à ce site, vous allez pouvoir trouver facilement les vendeurs de monte escalier sur Évry-Grégy-sur-Yerre et sa région. Nous [&hellip;]" />
<meta property="og:url" content="https://www.monteescalier.net/france/monte-escalier-evry-gregy-sur-yerre/" />
<meta property="og:site_name" content="Monte escalier" />
<meta property="article:modified_time" content="2016-12-16T15:23:50+00:00" />
<meta name="twitter:card" content="summary_large_image" />
<meta name="twitter:label1" content="Durée de lecture estimée" />
	<meta name="twitter:data1" content="2 minutes" />
<script type="application/ld+json" class="yoast-schema-graph">{"@context":"https://schema.org","@graph":[{"@type":"WebPage","@id":"https://www.monteescalier.net/france/monte-escalier-evry-gregy-sur-yerre/","url":"https://www.monteescalier.net/france/monte-escalier-evry-gregy-sur-yerre/","name":"Monte escalier Évry-Grégy-sur-Yerre - Monte escalier","isPartOf":{"@id":"https://www.monteescalier.net/france/#website"},"datePublished":"2013-09-26T10:48:10+00:00","dateModified":"2016-12-16T15:23:50+00:00","breadcrumb":{"@id":"https://www.monteescalier.net/france/monte-escalier-evry-gregy-sur-yerre/#breadcrumb"},"inLanguage":"fr-FR","potentialAction":[{"@type":"ReadAction","target":["https://www.monteescalier.net/france/monte-escalier-evry-gregy-sur-yerre/"]}]},{"@type":"BreadcrumbList","@id":"https://www.monteescalier.net/france/monte-escalier-evry-gregy-sur-yerre/#breadcrumb","itemListElement":[{"@type":"ListItem","position":1,"name":"Accueil","item":"https://www.monteescalier.net/france/"},{"@type":"ListItem","position":2,"name":"Monte escalier Évry-Grégy-sur-Yerre"}]},{"@type":"WebSite","@id":"https://www.monteescalier.net/france/#website","url":"https://www.monteescalier.net/france/","name":"Monte escalier","description":"","publisher":{"@id":"https://www.monteescalier.net/france/#organization"},"potentialAction":[{"@type":"SearchAction","target":{"@type":"EntryPoint","urlTemplate":"https://www.monteescalier.net/france/?s={search_term_string}"},"query-input":{"@type":"PropertyValueSpecification","valueRequired":true,"valueName":"search_term_string"}}],"inLanguage":"fr-FR"},{"@type":"Organization","@id":"https://www.monteescalier.net/france/#organization","name":"monte-escalier.net","url":"https://www.monteescalier.net/france/","logo":{"@type":"ImageObject","inLanguage":"fr-FR","@id":"https://www.monteescalier.net/france/#/schema/logo/image/","url":"https://www.monteescalier.net/france/wp-content/uploads/2016/10/4devis-mont-escalier-500-500.gif","contentUrl":"https://www.monteescalier.net/france/wp-content/uploads/2016/10/4devis-mont-escalier-500-500.gif","width":500,"height":500,"caption":"monte-escalier.net"},"image":{"@id":"https://www.monteescalier.net/france/#/schema/logo/image/"}}]}</script>
<!-- / Yoast SEO plugin. -->

Monte escalier Évry-Grégy-sur-Yerre - Monte escalier

Comparer les offres de monte escalier à Évry-Grégy-sur-Yerre Qui contacter pour un monte escalier à Évry-Grégy-sur-Yerre ? C&rsquo;est à cette question que notre site monteescalier.net veut vous apporter la réponse en vous proposant ses services exclusifs. Grâce à ce site, vous allez pouvoir trouver facilement les vendeurs de monte escalier sur Évry-Grégy-sur-Yerre et sa région. Nous [&hellip;]
