{"id":524,"date":"2024-02-20T10:48:11","date_gmt":"2024-02-20T09:48:11","guid":{"rendered":"https:\/\/www.monteescalier.net\/france\/?page_id=524"},"modified":"2024-05-15T17:05:53","modified_gmt":"2024-05-15T16:05:53","slug":"monte-escalier-tarn","status":"publish","type":"page","link":"https:\/\/www.monteescalier.net\/france\/monte-escalier-tarn\/","title":{"rendered":"Monte escalier Tarn, Albi"},"content":{"rendered":"<div class='content-column one_half'><div style=\"padding-right:19px;\"><h1>Bien Choisir son installateur de\u00a0monte escalier dans le Tarn<\/h1>\n<p><b>Des prestataires pr\u00e8s de chez vous :<\/b><br \/>\n<a href=\"https:\/\/www.monteescalier.net\/france\/monte-escalier-albi\/\">Monte escalier \u00e0 Albi<\/a><br \/>\n<a href=\"https:\/\/www.monteescalier.net\/france\/monte-escalier-castres\/\">Monte escalier \u00e0 Castres<\/a><br \/>\n<a href=\"https:\/\/www.monteescalier.net\/france\/monte-escalier-gaillac\/\">Monte escalier \u00e0 Gaillac<\/a><\/p>\n<p style=\"text-align: justify;\">Acheter un monte escalier quand on a habite une des 323 communes du d\u00e9partement du Tarn n&rsquo;est pas chose ais\u00e9e. Trouver des prestataires disponibles qui acceptent de venir faire l&rsquo;installation chez vous sans surco\u00fbt \u00e0\u00a0 un prix raisonnable, c&rsquo;est le challenge auquel vous risquez d&rsquo;\u00eatre confront\u00e9.<\/p>\n<p style=\"text-align: justify;\">Avec monteescalier.net, tout devient plus simple : nous sommes sp\u00e9cialis\u00e9s dans la mise en relation entre vendeurs et acheteurs de monte escalier. Dans le Tarn, nous avons \u00e9tabli une liste de prestataires pouvant intervenir sur toutes les communes du d\u00e9partement et disposant de l&rsquo;exp\u00e9rience professionnelle requise.<\/p>\n<p style=\"text-align: justify;\">Votre maison \u00e0 Albi, Gaillac, Carmaux, Lavaur, ST Juery, Labrugui\u00e8re, Lisle sur Tarn, Sa\u00e0\u00afx, Castres, Graulhet, Mazamet, Saint Sulpice, Aussillon, Rabastens ou Lescure d&rsquo;Albigeois, une seule d\u00e9marche \u00e0\u00a0 effectuer : remplissez un formulaire de contact sur notre site (demande de devis ou demande de rappel) et vous serez mis en contact aussit\u00f4t avec nos experts du monte escalier partenaires dans le Tarn qui ne manqueront pas de vous proposer leurs services, ce qui vous permettra de plus de faire jouer la concurrence et de choisir le meilleur rapport qualit\u00e9 prix.<\/p>\n<p style=\"text-align: justify;\">Prenez aucun engagement en remplissant nos formulaires : c&rsquo;est totalement gratuit et il n&rsquo;y a aucune obligation d&rsquo;achat : vous restez libres de contracter avec l&rsquo;installateur de monte escalier de votre choix quoi qu&rsquo;il arrive (voire de ne rien contracter du tout si aucun ne vous a convaincu!)<\/p>\n<p>&nbsp;<\/p>\n<div class=\"bouton\" onclick=\"location.href='https:\/\/www.monteescalier.net\/devis-gratuit.php'\">Cliquez ici pour obtenir des devis gratuitement<\/div><\/div><\/div><div class='content-column one_half last_column'><a href=\"https:\/\/www.monteescalier.net\/devis-gratuit.php\" target=\"_blank\" rel=\"noopener noreferrer\"><img loading=\"lazy\" decoding=\"async\" class=\"alignnone size-full img_region\" src=\"https:\/\/www.monteescalier.net\/france\/wp-content\/uploads\/2014\/10\/4devis-monte-escalier-photo-490.png\" alt=\"Tarn monte escalier\" width=\"507\" height=\"485\" \/><\/a><br \/>\n<img loading=\"lazy\" decoding=\"async\" class=\"alignnone size-full img_region_2\" src=\"https:\/\/www.monteescalier.net\/france\/wp-content\/uploads\/2013\/07\/tarn.jpg\" alt=\"Tarn\" width=\"507\" height=\"485\" \/><br \/><\/div><div class='clear_column'><\/div><\/p>\n","protected":false},"excerpt":{"rendered":"","protected":false},"author":1,"featured_media":0,"parent":0,"menu_order":0,"comment_status":"open","ping_status":"closed","template":"template1.php","meta":{"_monsterinsights_skip_tracking":false,"_monsterinsights_sitenote_active":false,"_monsterinsights_sitenote_note":"","_monsterinsights_sitenote_category":0,"footnotes":""},"class_list":["post-524","page","type-page","status-publish","hentry"],"yoast_head":"<!-- This site is optimized with the Yoast SEO plugin v26.3 - https:\/\/yoast.com\/wordpress\/plugins\/seo\/ -->\n<title>Monte escalier Tarn, Albi - Monte escalier<\/title>\n<meta name=\"description\" content=\"Vous cherchez un monte escalier dans le Tarn? Plus pr\u00e9cis\u00e9ment a Albi, Castres ou encore Vaour.\" \/>\n<meta name=\"robots\" content=\"index, follow, max-snippet:-1, max-image-preview:large, max-video-preview:-1\" \/>\n<link rel=\"canonical\" href=\"https:\/\/www.monteescalier.net\/france\/monte-escalier-tarn\/\" \/>\n<meta property=\"og:locale\" content=\"fr_FR\" \/>\n<meta property=\"og:type\" content=\"article\" \/>\n<meta property=\"og:title\" content=\"Monte escalier Tarn, Albi - Monte escalier\" \/>\n<meta property=\"og:description\" content=\"Vous cherchez un monte escalier dans le Tarn? Plus pr\u00e9cis\u00e9ment a Albi, Castres ou encore Vaour.\" \/>\n<meta property=\"og:url\" content=\"https:\/\/www.monteescalier.net\/france\/monte-escalier-tarn\/\" \/>\n<meta property=\"og:site_name\" content=\"Monte escalier\" \/>\n<meta property=\"article:modified_time\" content=\"2024-05-15T16:05:53+00:00\" \/>\n<meta property=\"og:image\" content=\"https:\/\/www.monteescalier.net\/france\/wp-content\/uploads\/2014\/10\/4devis-monte-escalier-photo-490.png\" \/>\n<meta name=\"twitter:card\" content=\"summary_large_image\" \/>\n<meta name=\"twitter:label1\" content=\"Dur\u00e9e de lecture estim\u00e9e\" \/>\n\t<meta name=\"twitter:data1\" content=\"1 minute\" \/>\n<script type=\"application\/ld+json\" class=\"yoast-schema-graph\">{\"@context\":\"https:\/\/schema.org\",\"@graph\":[{\"@type\":\"WebPage\",\"@id\":\"https:\/\/www.monteescalier.net\/france\/monte-escalier-tarn\/\",\"url\":\"https:\/\/www.monteescalier.net\/france\/monte-escalier-tarn\/\",\"name\":\"Monte escalier Tarn, Albi - Monte escalier\",\"isPartOf\":{\"@id\":\"https:\/\/www.monteescalier.net\/france\/#website\"},\"primaryImageOfPage\":{\"@id\":\"https:\/\/www.monteescalier.net\/france\/monte-escalier-tarn\/#primaryimage\"},\"image\":{\"@id\":\"https:\/\/www.monteescalier.net\/france\/monte-escalier-tarn\/#primaryimage\"},\"thumbnailUrl\":\"https:\/\/www.monteescalier.net\/france\/wp-content\/uploads\/2014\/10\/4devis-monte-escalier-photo-490.png\",\"datePublished\":\"2024-02-20T09:48:11+00:00\",\"dateModified\":\"2024-05-15T16:05:53+00:00\",\"description\":\"Vous cherchez un monte escalier dans le Tarn? Plus pr\u00e9cis\u00e9ment a Albi, Castres ou encore Vaour.\",\"breadcrumb\":{\"@id\":\"https:\/\/www.monteescalier.net\/france\/monte-escalier-tarn\/#breadcrumb\"},\"inLanguage\":\"fr-FR\",\"potentialAction\":[{\"@type\":\"ReadAction\",\"target\":[\"https:\/\/www.monteescalier.net\/france\/monte-escalier-tarn\/\"]}]},{\"@type\":\"ImageObject\",\"inLanguage\":\"fr-FR\",\"@id\":\"https:\/\/www.monteescalier.net\/france\/monte-escalier-tarn\/#primaryimage\",\"url\":\"https:\/\/www.monteescalier.net\/france\/wp-content\/uploads\/2014\/10\/4devis-monte-escalier-photo-490.png\",\"contentUrl\":\"https:\/\/www.monteescalier.net\/france\/wp-content\/uploads\/2014\/10\/4devis-monte-escalier-photo-490.png\",\"width\":490,\"height\":267},{\"@type\":\"BreadcrumbList\",\"@id\":\"https:\/\/www.monteescalier.net\/france\/monte-escalier-tarn\/#breadcrumb\",\"itemListElement\":[{\"@type\":\"ListItem\",\"position\":1,\"name\":\"Accueil\",\"item\":\"https:\/\/www.monteescalier.net\/france\/\"},{\"@type\":\"ListItem\",\"position\":2,\"name\":\"Monte escalier Tarn, Albi\"}]},{\"@type\":\"WebSite\",\"@id\":\"https:\/\/www.monteescalier.net\/france\/#website\",\"url\":\"https:\/\/www.monteescalier.net\/france\/\",\"name\":\"Monte escalier\",\"description\":\"\",\"publisher\":{\"@id\":\"https:\/\/www.monteescalier.net\/france\/#organization\"},\"potentialAction\":[{\"@type\":\"SearchAction\",\"target\":{\"@type\":\"EntryPoint\",\"urlTemplate\":\"https:\/\/www.monteescalier.net\/france\/?s={search_term_string}\"},\"query-input\":{\"@type\":\"PropertyValueSpecification\",\"valueRequired\":true,\"valueName\":\"search_term_string\"}}],\"inLanguage\":\"fr-FR\"},{\"@type\":\"Organization\",\"@id\":\"https:\/\/www.monteescalier.net\/france\/#organization\",\"name\":\"monte-escalier.net\",\"url\":\"https:\/\/www.monteescalier.net\/france\/\",\"logo\":{\"@type\":\"ImageObject\",\"inLanguage\":\"fr-FR\",\"@id\":\"https:\/\/www.monteescalier.net\/france\/#\/schema\/logo\/image\/\",\"url\":\"https:\/\/www.monteescalier.net\/france\/wp-content\/uploads\/2016\/10\/4devis-mont-escalier-500-500.gif\",\"contentUrl\":\"https:\/\/www.monteescalier.net\/france\/wp-content\/uploads\/2016\/10\/4devis-mont-escalier-500-500.gif\",\"width\":500,\"height\":500,\"caption\":\"monte-escalier.net\"},\"image\":{\"@id\":\"https:\/\/www.monteescalier.net\/france\/#\/schema\/logo\/image\/\"}}]}<\/script>\n<!-- \/ Yoast SEO plugin. -->","yoast_head_json":{"title":"Monte escalier Tarn, Albi - Monte escalier","description":"Vous cherchez un monte escalier dans le Tarn? Plus pr\u00e9cis\u00e9ment a Albi, Castres ou encore Vaour.","robots":{"index":"index","follow":"follow","max-snippet":"max-snippet:-1","max-image-preview":"max-image-preview:large","max-video-preview":"max-video-preview:-1"},"canonical":"https:\/\/www.monteescalier.net\/france\/monte-escalier-tarn\/","og_locale":"fr_FR","og_type":"article","og_title":"Monte escalier Tarn, Albi - Monte escalier","og_description":"Vous cherchez un monte escalier dans le Tarn? Plus pr\u00e9cis\u00e9ment a Albi, Castres ou encore Vaour.","og_url":"https:\/\/www.monteescalier.net\/france\/monte-escalier-tarn\/","og_site_name":"Monte escalier","article_modified_time":"2024-05-15T16:05:53+00:00","og_image":[{"url":"https:\/\/www.monteescalier.net\/france\/wp-content\/uploads\/2014\/10\/4devis-monte-escalier-photo-490.png","type":"","width":"","height":""}],"twitter_card":"summary_large_image","twitter_misc":{"Dur\u00e9e de lecture estim\u00e9e":"1 minute"},"schema":{"@context":"https:\/\/schema.org","@graph":[{"@type":"WebPage","@id":"https:\/\/www.monteescalier.net\/france\/monte-escalier-tarn\/","url":"https:\/\/www.monteescalier.net\/france\/monte-escalier-tarn\/","name":"Monte escalier Tarn, Albi - Monte escalier","isPartOf":{"@id":"https:\/\/www.monteescalier.net\/france\/#website"},"primaryImageOfPage":{"@id":"https:\/\/www.monteescalier.net\/france\/monte-escalier-tarn\/#primaryimage"},"image":{"@id":"https:\/\/www.monteescalier.net\/france\/monte-escalier-tarn\/#primaryimage"},"thumbnailUrl":"https:\/\/www.monteescalier.net\/france\/wp-content\/uploads\/2014\/10\/4devis-monte-escalier-photo-490.png","datePublished":"2024-02-20T09:48:11+00:00","dateModified":"2024-05-15T16:05:53+00:00","description":"Vous cherchez un monte escalier dans le Tarn? Plus pr\u00e9cis\u00e9ment a Albi, Castres ou encore Vaour.","breadcrumb":{"@id":"https:\/\/www.monteescalier.net\/france\/monte-escalier-tarn\/#breadcrumb"},"inLanguage":"fr-FR","potentialAction":[{"@type":"ReadAction","target":["https:\/\/www.monteescalier.net\/france\/monte-escalier-tarn\/"]}]},{"@type":"ImageObject","inLanguage":"fr-FR","@id":"https:\/\/www.monteescalier.net\/france\/monte-escalier-tarn\/#primaryimage","url":"https:\/\/www.monteescalier.net\/france\/wp-content\/uploads\/2014\/10\/4devis-monte-escalier-photo-490.png","contentUrl":"https:\/\/www.monteescalier.net\/france\/wp-content\/uploads\/2014\/10\/4devis-monte-escalier-photo-490.png","width":490,"height":267},{"@type":"BreadcrumbList","@id":"https:\/\/www.monteescalier.net\/france\/monte-escalier-tarn\/#breadcrumb","itemListElement":[{"@type":"ListItem","position":1,"name":"Accueil","item":"https:\/\/www.monteescalier.net\/france\/"},{"@type":"ListItem","position":2,"name":"Monte escalier Tarn, Albi"}]},{"@type":"WebSite","@id":"https:\/\/www.monteescalier.net\/france\/#website","url":"https:\/\/www.monteescalier.net\/france\/","name":"Monte escalier","description":"","publisher":{"@id":"https:\/\/www.monteescalier.net\/france\/#organization"},"potentialAction":[{"@type":"SearchAction","target":{"@type":"EntryPoint","urlTemplate":"https:\/\/www.monteescalier.net\/france\/?s={search_term_string}"},"query-input":{"@type":"PropertyValueSpecification","valueRequired":true,"valueName":"search_term_string"}}],"inLanguage":"fr-FR"},{"@type":"Organization","@id":"https:\/\/www.monteescalier.net\/france\/#organization","name":"monte-escalier.net","url":"https:\/\/www.monteescalier.net\/france\/","logo":{"@type":"ImageObject","inLanguage":"fr-FR","@id":"https:\/\/www.monteescalier.net\/france\/#\/schema\/logo\/image\/","url":"https:\/\/www.monteescalier.net\/france\/wp-content\/uploads\/2016\/10\/4devis-mont-escalier-500-500.gif","contentUrl":"https:\/\/www.monteescalier.net\/france\/wp-content\/uploads\/2016\/10\/4devis-mont-escalier-500-500.gif","width":500,"height":500,"caption":"monte-escalier.net"},"image":{"@id":"https:\/\/www.monteescalier.net\/france\/#\/schema\/logo\/image\/"}}]}},"_links":{"self":[{"href":"https:\/\/www.monteescalier.net\/france\/wp-json\/wp\/v2\/pages\/524","targetHints":{"allow":["GET"]}}],"collection":[{"href":"https:\/\/www.monteescalier.net\/france\/wp-json\/wp\/v2\/pages"}],"about":[{"href":"https:\/\/www.monteescalier.net\/france\/wp-json\/wp\/v2\/types\/page"}],"author":[{"embeddable":true,"href":"https:\/\/www.monteescalier.net\/france\/wp-json\/wp\/v2\/users\/1"}],"replies":[{"embeddable":true,"href":"https:\/\/www.monteescalier.net\/france\/wp-json\/wp\/v2\/comments?post=524"}],"version-history":[{"count":6,"href":"https:\/\/www.monteescalier.net\/france\/wp-json\/wp\/v2\/pages\/524\/revisions"}],"predecessor-version":[{"id":9137,"href":"https:\/\/www.monteescalier.net\/france\/wp-json\/wp\/v2\/pages\/524\/revisions\/9137"}],"wp:attachment":[{"href":"https:\/\/www.monteescalier.net\/france\/wp-json\/wp\/v2\/media?parent=524"}],"curies":[{"name":"wp","href":"https:\/\/api.w.org\/{rel}","templated":true}]}}