{"id":53,"date":"2023-07-15T16:57:44","date_gmt":"2023-07-15T15:57:44","guid":{"rendered":"https:\/\/www.monteescalier.net\/monteescalier\/?page_id=53"},"modified":"2024-05-15T16:44:18","modified_gmt":"2024-05-15T15:44:18","slug":"monte-escalier-ille-et-vilaine","status":"publish","type":"page","link":"https:\/\/www.monteescalier.net\/france\/monte-escalier-ille-et-vilaine\/","title":{"rendered":"Monte escalier Ille-et-Vilaine, Rennes"},"content":{"rendered":"<div class='content-column one_half'><div style=\"padding-right:19px;\"><h1>Le monte escalier en Ille et Vilaine<\/h1>\n<p><b>Des professionnels proche de votre maison\u00a0:<\/b><br \/>\n<a href=\"https:\/\/www.monteescalier.net\/france\/monte-escalier-rennes\/\">Monte escalier \u00e0 Rennes<\/a><br \/>\n<a href=\"https:\/\/www.monteescalier.net\/france\/monte-escalier-fougeres\/\">Monte escalier \u00e0 Foug\u00e8res<\/a><br \/>\n<a href=\"https:\/\/www.monteescalier.net\/france\/monte-escalier-saint-malo\/\">Monte escalier \u00e0 Saint-Malo<\/a><\/p>\n<p style=\"text-align: justify;\">Plusieurs devis de monte escalier pour une installation en Ille et Vilaine, c&rsquo;est possible et facile gr\u00e2ce \u00e0 monteescalier.net. Il vous suffit de remplir un des formulaires disponibles sur ce site et ainsi mettre en concurrence les meilleurs installateurs de monte escalier en Ille et Vilaine. Les professionnels du monte escalier d&rsquo;Ille et Vilaine vous contacteront tr\u00e8s rapidement pour vous proposer leurs services et les mod\u00e8les de monte escalier les plus adapt\u00e9s \u00e0 votre habitation.<\/p>\n<p style=\"text-align: justify;\">Pour un devis gratuit, remplissez notre formulaire de demande de devis : seuls les professionnels du monte escalier op\u00e9rant dans le d\u00e9partement de l&rsquo;Ille et Vilaine s\u00e9lectionn\u00e9s par monteescalier.net seront mis en contact avec vous pour vous guider dans votre choix et vous permettre de b\u00e9n\u00e9ficier de la meilleure installation de monte escalier au meilleur prix.<\/p>\n<p style=\"text-align: justify;\">A Rennes, Saint Malo ou Foug\u00e8res, nos sp\u00e9cialistes du monte escalier en r\u00e9gion Bretagne ne manqueront pas de vous faire des devis totalement gratuits et sans engagement de votre part : vous pourrez comparer ainsi les prix, les services et en particulier le service apr\u00e8s vente (tr\u00e8s important) des principaux acteurs du monte escalier en r\u00e9gion Bretagne.<\/p>\n<p style=\"text-align: justify;\">Nos experts du monte escalier interviennent dans tout le d\u00e9partement que vous soyez \u00e0 Dinard, Cesson-S\u00e9vign\u00e9 ou plus proches de Betton, Janz\u00e9 ou encore Chantepie.<\/p>\n<p style=\"text-align: justify;\">Vous pr\u00e9f\u00e9rez \u00eatre contact\u00e9 par email ou recevoir directement une documentation de monte escalier par la poste \u00e0 Pac\u00e9, Redon ou Bruz ? Pas de probl\u00e8mes ! Signalez le sur nos formulaires en ligne. Investir dans un monte escalier n&rsquo;est pas anodin, prenez le temps de comparer et faites jouer la concurrence.<\/p>\n<p>&nbsp;<br \/>\n<a class=\"bt_lien\" href=\"https:\/\/www.monteescalier.net\/france\/demande-de-devis\/\"><\/p>\n<div class=\"bouton\">Cliquez ici pour obtenir votre devis totalement gratuit<\/div><\/div><\/div><div class='content-column one_half last_column'><a href=\"https:\/\/www.monteescalier.net\/devis-gratuit.php\" target=\"_blank\" rel=\"noopener\"><img loading=\"lazy\" decoding=\"async\" class=\"alignnone size-full img_region\" src=\"https:\/\/www.monteescalier.net\/france\/wp-content\/uploads\/2014\/10\/4devis-monte-escalier-photo-490.png\" alt=\"ille et vilaine\" width=\"507\" height=\"485\" \/><\/a><br \/>\n<img loading=\"lazy\" decoding=\"async\" class=\"alignnone size-full img_region_2\" src=\"https:\/\/www.monteescalier.net\/france\/wp-content\/uploads\/2013\/07\/illeetvilaine.jpg\" alt=\"ille et vilaine\" width=\"507\" height=\"485\" \/><\/div><div class='clear_column'><\/div><\/p>\n","protected":false},"excerpt":{"rendered":"","protected":false},"author":1,"featured_media":0,"parent":0,"menu_order":0,"comment_status":"open","ping_status":"closed","template":"template3.php","meta":{"_monsterinsights_skip_tracking":false,"_monsterinsights_sitenote_active":false,"_monsterinsights_sitenote_note":"","_monsterinsights_sitenote_category":0,"footnotes":""},"class_list":["post-53","page","type-page","status-publish","hentry"],"yoast_head":"<!-- This site is optimized with the Yoast SEO plugin v26.3 - https:\/\/yoast.com\/wordpress\/plugins\/seo\/ -->\n<title>Monte escalier Ille-et-Vilaine, Rennes - Monte escalier<\/title>\n<meta name=\"description\" content=\"Trouvez facilement monte-escaliers \u00e0 Rennes, Ille-et-Vilaine, Foug\u00e8res, Saint-Malo.\" \/>\n<meta name=\"robots\" content=\"index, follow, max-snippet:-1, max-image-preview:large, max-video-preview:-1\" \/>\n<link rel=\"canonical\" href=\"https:\/\/www.monteescalier.net\/france\/monte-escalier-ille-et-vilaine\/\" \/>\n<meta property=\"og:locale\" content=\"fr_FR\" \/>\n<meta property=\"og:type\" content=\"article\" \/>\n<meta property=\"og:title\" content=\"Monte escalier Ille-et-Vilaine, Rennes - Monte escalier\" \/>\n<meta property=\"og:description\" content=\"Trouvez facilement monte-escaliers \u00e0 Rennes, Ille-et-Vilaine, Foug\u00e8res, Saint-Malo.\" \/>\n<meta property=\"og:url\" content=\"https:\/\/www.monteescalier.net\/france\/monte-escalier-ille-et-vilaine\/\" \/>\n<meta property=\"og:site_name\" content=\"Monte escalier\" \/>\n<meta property=\"article:modified_time\" content=\"2024-05-15T15:44:18+00:00\" \/>\n<meta property=\"og:image\" content=\"https:\/\/www.monteescalier.net\/france\/wp-content\/uploads\/2014\/10\/4devis-monte-escalier-photo-490.png\" \/>\n<meta name=\"twitter:card\" content=\"summary_large_image\" \/>\n<meta name=\"twitter:label1\" content=\"Dur\u00e9e de lecture estim\u00e9e\" \/>\n\t<meta name=\"twitter:data1\" content=\"2 minutes\" \/>\n<script type=\"application\/ld+json\" class=\"yoast-schema-graph\">{\"@context\":\"https:\/\/schema.org\",\"@graph\":[{\"@type\":\"WebPage\",\"@id\":\"https:\/\/www.monteescalier.net\/france\/monte-escalier-ille-et-vilaine\/\",\"url\":\"https:\/\/www.monteescalier.net\/france\/monte-escalier-ille-et-vilaine\/\",\"name\":\"Monte escalier Ille-et-Vilaine, Rennes - Monte escalier\",\"isPartOf\":{\"@id\":\"https:\/\/www.monteescalier.net\/france\/#website\"},\"primaryImageOfPage\":{\"@id\":\"https:\/\/www.monteescalier.net\/france\/monte-escalier-ille-et-vilaine\/#primaryimage\"},\"image\":{\"@id\":\"https:\/\/www.monteescalier.net\/france\/monte-escalier-ille-et-vilaine\/#primaryimage\"},\"thumbnailUrl\":\"https:\/\/www.monteescalier.net\/france\/wp-content\/uploads\/2014\/10\/4devis-monte-escalier-photo-490.png\",\"datePublished\":\"2023-07-15T15:57:44+00:00\",\"dateModified\":\"2024-05-15T15:44:18+00:00\",\"description\":\"Trouvez facilement monte-escaliers \u00e0 Rennes, Ille-et-Vilaine, Foug\u00e8res, Saint-Malo.\",\"breadcrumb\":{\"@id\":\"https:\/\/www.monteescalier.net\/france\/monte-escalier-ille-et-vilaine\/#breadcrumb\"},\"inLanguage\":\"fr-FR\",\"potentialAction\":[{\"@type\":\"ReadAction\",\"target\":[\"https:\/\/www.monteescalier.net\/france\/monte-escalier-ille-et-vilaine\/\"]}]},{\"@type\":\"ImageObject\",\"inLanguage\":\"fr-FR\",\"@id\":\"https:\/\/www.monteescalier.net\/france\/monte-escalier-ille-et-vilaine\/#primaryimage\",\"url\":\"https:\/\/www.monteescalier.net\/france\/wp-content\/uploads\/2014\/10\/4devis-monte-escalier-photo-490.png\",\"contentUrl\":\"https:\/\/www.monteescalier.net\/france\/wp-content\/uploads\/2014\/10\/4devis-monte-escalier-photo-490.png\",\"width\":490,\"height\":267},{\"@type\":\"BreadcrumbList\",\"@id\":\"https:\/\/www.monteescalier.net\/france\/monte-escalier-ille-et-vilaine\/#breadcrumb\",\"itemListElement\":[{\"@type\":\"ListItem\",\"position\":1,\"name\":\"Accueil\",\"item\":\"https:\/\/www.monteescalier.net\/france\/\"},{\"@type\":\"ListItem\",\"position\":2,\"name\":\"Monte escalier Ille-et-Vilaine, Rennes\"}]},{\"@type\":\"WebSite\",\"@id\":\"https:\/\/www.monteescalier.net\/france\/#website\",\"url\":\"https:\/\/www.monteescalier.net\/france\/\",\"name\":\"Monte escalier\",\"description\":\"\",\"publisher\":{\"@id\":\"https:\/\/www.monteescalier.net\/france\/#organization\"},\"potentialAction\":[{\"@type\":\"SearchAction\",\"target\":{\"@type\":\"EntryPoint\",\"urlTemplate\":\"https:\/\/www.monteescalier.net\/france\/?s={search_term_string}\"},\"query-input\":{\"@type\":\"PropertyValueSpecification\",\"valueRequired\":true,\"valueName\":\"search_term_string\"}}],\"inLanguage\":\"fr-FR\"},{\"@type\":\"Organization\",\"@id\":\"https:\/\/www.monteescalier.net\/france\/#organization\",\"name\":\"monte-escalier.net\",\"url\":\"https:\/\/www.monteescalier.net\/france\/\",\"logo\":{\"@type\":\"ImageObject\",\"inLanguage\":\"fr-FR\",\"@id\":\"https:\/\/www.monteescalier.net\/france\/#\/schema\/logo\/image\/\",\"url\":\"https:\/\/www.monteescalier.net\/france\/wp-content\/uploads\/2016\/10\/4devis-mont-escalier-500-500.gif\",\"contentUrl\":\"https:\/\/www.monteescalier.net\/france\/wp-content\/uploads\/2016\/10\/4devis-mont-escalier-500-500.gif\",\"width\":500,\"height\":500,\"caption\":\"monte-escalier.net\"},\"image\":{\"@id\":\"https:\/\/www.monteescalier.net\/france\/#\/schema\/logo\/image\/\"}}]}<\/script>\n<!-- \/ Yoast SEO plugin. -->","yoast_head_json":{"title":"Monte escalier Ille-et-Vilaine, Rennes - Monte escalier","description":"Trouvez facilement monte-escaliers \u00e0 Rennes, Ille-et-Vilaine, Foug\u00e8res, Saint-Malo.","robots":{"index":"index","follow":"follow","max-snippet":"max-snippet:-1","max-image-preview":"max-image-preview:large","max-video-preview":"max-video-preview:-1"},"canonical":"https:\/\/www.monteescalier.net\/france\/monte-escalier-ille-et-vilaine\/","og_locale":"fr_FR","og_type":"article","og_title":"Monte escalier Ille-et-Vilaine, Rennes - Monte escalier","og_description":"Trouvez facilement monte-escaliers \u00e0 Rennes, Ille-et-Vilaine, Foug\u00e8res, Saint-Malo.","og_url":"https:\/\/www.monteescalier.net\/france\/monte-escalier-ille-et-vilaine\/","og_site_name":"Monte escalier","article_modified_time":"2024-05-15T15:44:18+00:00","og_image":[{"url":"https:\/\/www.monteescalier.net\/france\/wp-content\/uploads\/2014\/10\/4devis-monte-escalier-photo-490.png","type":"","width":"","height":""}],"twitter_card":"summary_large_image","twitter_misc":{"Dur\u00e9e de lecture estim\u00e9e":"2 minutes"},"schema":{"@context":"https:\/\/schema.org","@graph":[{"@type":"WebPage","@id":"https:\/\/www.monteescalier.net\/france\/monte-escalier-ille-et-vilaine\/","url":"https:\/\/www.monteescalier.net\/france\/monte-escalier-ille-et-vilaine\/","name":"Monte escalier Ille-et-Vilaine, Rennes - Monte escalier","isPartOf":{"@id":"https:\/\/www.monteescalier.net\/france\/#website"},"primaryImageOfPage":{"@id":"https:\/\/www.monteescalier.net\/france\/monte-escalier-ille-et-vilaine\/#primaryimage"},"image":{"@id":"https:\/\/www.monteescalier.net\/france\/monte-escalier-ille-et-vilaine\/#primaryimage"},"thumbnailUrl":"https:\/\/www.monteescalier.net\/france\/wp-content\/uploads\/2014\/10\/4devis-monte-escalier-photo-490.png","datePublished":"2023-07-15T15:57:44+00:00","dateModified":"2024-05-15T15:44:18+00:00","description":"Trouvez facilement monte-escaliers \u00e0 Rennes, Ille-et-Vilaine, Foug\u00e8res, Saint-Malo.","breadcrumb":{"@id":"https:\/\/www.monteescalier.net\/france\/monte-escalier-ille-et-vilaine\/#breadcrumb"},"inLanguage":"fr-FR","potentialAction":[{"@type":"ReadAction","target":["https:\/\/www.monteescalier.net\/france\/monte-escalier-ille-et-vilaine\/"]}]},{"@type":"ImageObject","inLanguage":"fr-FR","@id":"https:\/\/www.monteescalier.net\/france\/monte-escalier-ille-et-vilaine\/#primaryimage","url":"https:\/\/www.monteescalier.net\/france\/wp-content\/uploads\/2014\/10\/4devis-monte-escalier-photo-490.png","contentUrl":"https:\/\/www.monteescalier.net\/france\/wp-content\/uploads\/2014\/10\/4devis-monte-escalier-photo-490.png","width":490,"height":267},{"@type":"BreadcrumbList","@id":"https:\/\/www.monteescalier.net\/france\/monte-escalier-ille-et-vilaine\/#breadcrumb","itemListElement":[{"@type":"ListItem","position":1,"name":"Accueil","item":"https:\/\/www.monteescalier.net\/france\/"},{"@type":"ListItem","position":2,"name":"Monte escalier Ille-et-Vilaine, Rennes"}]},{"@type":"WebSite","@id":"https:\/\/www.monteescalier.net\/france\/#website","url":"https:\/\/www.monteescalier.net\/france\/","name":"Monte escalier","description":"","publisher":{"@id":"https:\/\/www.monteescalier.net\/france\/#organization"},"potentialAction":[{"@type":"SearchAction","target":{"@type":"EntryPoint","urlTemplate":"https:\/\/www.monteescalier.net\/france\/?s={search_term_string}"},"query-input":{"@type":"PropertyValueSpecification","valueRequired":true,"valueName":"search_term_string"}}],"inLanguage":"fr-FR"},{"@type":"Organization","@id":"https:\/\/www.monteescalier.net\/france\/#organization","name":"monte-escalier.net","url":"https:\/\/www.monteescalier.net\/france\/","logo":{"@type":"ImageObject","inLanguage":"fr-FR","@id":"https:\/\/www.monteescalier.net\/france\/#\/schema\/logo\/image\/","url":"https:\/\/www.monteescalier.net\/france\/wp-content\/uploads\/2016\/10\/4devis-mont-escalier-500-500.gif","contentUrl":"https:\/\/www.monteescalier.net\/france\/wp-content\/uploads\/2016\/10\/4devis-mont-escalier-500-500.gif","width":500,"height":500,"caption":"monte-escalier.net"},"image":{"@id":"https:\/\/www.monteescalier.net\/france\/#\/schema\/logo\/image\/"}}]}},"_links":{"self":[{"href":"https:\/\/www.monteescalier.net\/france\/wp-json\/wp\/v2\/pages\/53","targetHints":{"allow":["GET"]}}],"collection":[{"href":"https:\/\/www.monteescalier.net\/france\/wp-json\/wp\/v2\/pages"}],"about":[{"href":"https:\/\/www.monteescalier.net\/france\/wp-json\/wp\/v2\/types\/page"}],"author":[{"embeddable":true,"href":"https:\/\/www.monteescalier.net\/france\/wp-json\/wp\/v2\/users\/1"}],"replies":[{"embeddable":true,"href":"https:\/\/www.monteescalier.net\/france\/wp-json\/wp\/v2\/comments?post=53"}],"version-history":[{"count":5,"href":"https:\/\/www.monteescalier.net\/france\/wp-json\/wp\/v2\/pages\/53\/revisions"}],"predecessor-version":[{"id":9089,"href":"https:\/\/www.monteescalier.net\/france\/wp-json\/wp\/v2\/pages\/53\/revisions\/9089"}],"wp:attachment":[{"href":"https:\/\/www.monteescalier.net\/france\/wp-json\/wp\/v2\/media?parent=53"}],"curies":[{"name":"wp","href":"https:\/\/api.w.org\/{rel}","templated":true}]}}

<div class='content-column one_half'><div style="padding-right:19px;"><h1>Le monte escalier en Ille et Vilaine</h1>
<p><b>Des professionnels proche de votre maison :</b><br />
<a href="https://www.monteescalier.net/france/monte-escalier-rennes/">Monte escalier à Rennes</a><br />
<a href="https://www.monteescalier.net/france/monte-escalier-fougeres/">Monte escalier à Fougères</a><br />
<a href="https://www.monteescalier.net/france/monte-escalier-saint-malo/">Monte escalier à Saint-Malo</a></p>
<p style="text-align: justify;">Plusieurs devis de monte escalier pour une installation en Ille et Vilaine, c&rsquo;est possible et facile grâce à monteescalier.net. Il vous suffit de remplir un des formulaires disponibles sur ce site et ainsi mettre en concurrence les meilleurs installateurs de monte escalier en Ille et Vilaine. Les professionnels du monte escalier d&rsquo;Ille et Vilaine vous contacteront très rapidement pour vous proposer leurs services et les modèles de monte escalier les plus adaptés à votre habitation.</p>
<p style="text-align: justify;">Pour un devis gratuit, remplissez notre formulaire de demande de devis : seuls les professionnels du monte escalier opérant dans le département de l&rsquo;Ille et Vilaine sélectionnés par monteescalier.net seront mis en contact avec vous pour vous guider dans votre choix et vous permettre de bénéficier de la meilleure installation de monte escalier au meilleur prix.</p>
<p style="text-align: justify;">A Rennes, Saint Malo ou Fougères, nos spécialistes du monte escalier en région Bretagne ne manqueront pas de vous faire des devis totalement gratuits et sans engagement de votre part : vous pourrez comparer ainsi les prix, les services et en particulier le service après vente (très important) des principaux acteurs du monte escalier en région Bretagne.</p>
<p style="text-align: justify;">Nos experts du monte escalier interviennent dans tout le département que vous soyez à Dinard, Cesson-Sévigné ou plus proches de Betton, Janzé ou encore Chantepie.</p>
<p style="text-align: justify;">Vous préférez être contacté par email ou recevoir directement une documentation de monte escalier par la poste à Pacé, Redon ou Bruz ? Pas de problèmes ! Signalez le sur nos formulaires en ligne. Investir dans un monte escalier n&rsquo;est pas anodin, prenez le temps de comparer et faites jouer la concurrence.</p>
<p>&nbsp;<br />
<a class="bt_lien" href="https://www.monteescalier.net/france/demande-de-devis/"></p>
<div class="bouton">Cliquez ici pour obtenir votre devis totalement gratuit</div></div></div><div class='content-column one_half last_column'><a href="https://www.monteescalier.net/devis-gratuit.php" target="_blank" rel="noopener"><img loading="lazy" decoding="async" class="alignnone size-full img_region" src="https://www.monteescalier.net/france/wp-content/uploads/2014/10/4devis-monte-escalier-photo-490.png" alt="ille et vilaine" width="507" height="485" /></a><br />
<img loading="lazy" decoding="async" class="alignnone size-full img_region_2" src="https://www.monteescalier.net/france/wp-content/uploads/2013/07/illeetvilaine.jpg" alt="ille et vilaine" width="507" height="485" /></div><div class='clear_column'></div></p>

<!-- This site is optimized with the Yoast SEO plugin v26.3 - https://yoast.com/wordpress/plugins/seo/ -->
<title>Monte escalier Ille-et-Vilaine, Rennes - Monte escalier</title>
<meta name="description" content="Trouvez facilement monte-escaliers à Rennes, Ille-et-Vilaine, Fougères, Saint-Malo." />
<meta name="robots" content="index, follow, max-snippet:-1, max-image-preview:large, max-video-preview:-1" />
<link rel="canonical" href="https://www.monteescalier.net/france/monte-escalier-ille-et-vilaine/" />
<meta property="og:locale" content="fr_FR" />
<meta property="og:type" content="article" />
<meta property="og:title" content="Monte escalier Ille-et-Vilaine, Rennes - Monte escalier" />
<meta property="og:description" content="Trouvez facilement monte-escaliers à Rennes, Ille-et-Vilaine, Fougères, Saint-Malo." />
<meta property="og:url" content="https://www.monteescalier.net/france/monte-escalier-ille-et-vilaine/" />
<meta property="og:site_name" content="Monte escalier" />
<meta property="article:modified_time" content="2024-05-15T15:44:18+00:00" />
<meta property="og:image" content="https://www.monteescalier.net/france/wp-content/uploads/2014/10/4devis-monte-escalier-photo-490.png" />
<meta name="twitter:card" content="summary_large_image" />
<meta name="twitter:label1" content="Durée de lecture estimée" />
	<meta name="twitter:data1" content="2 minutes" />
<script type="application/ld+json" class="yoast-schema-graph">{"@context":"https://schema.org","@graph":[{"@type":"WebPage","@id":"https://www.monteescalier.net/france/monte-escalier-ille-et-vilaine/","url":"https://www.monteescalier.net/france/monte-escalier-ille-et-vilaine/","name":"Monte escalier Ille-et-Vilaine, Rennes - Monte escalier","isPartOf":{"@id":"https://www.monteescalier.net/france/#website"},"primaryImageOfPage":{"@id":"https://www.monteescalier.net/france/monte-escalier-ille-et-vilaine/#primaryimage"},"image":{"@id":"https://www.monteescalier.net/france/monte-escalier-ille-et-vilaine/#primaryimage"},"thumbnailUrl":"https://www.monteescalier.net/france/wp-content/uploads/2014/10/4devis-monte-escalier-photo-490.png","datePublished":"2023-07-15T15:57:44+00:00","dateModified":"2024-05-15T15:44:18+00:00","description":"Trouvez facilement monte-escaliers à Rennes, Ille-et-Vilaine, Fougères, Saint-Malo.","breadcrumb":{"@id":"https://www.monteescalier.net/france/monte-escalier-ille-et-vilaine/#breadcrumb"},"inLanguage":"fr-FR","potentialAction":[{"@type":"ReadAction","target":["https://www.monteescalier.net/france/monte-escalier-ille-et-vilaine/"]}]},{"@type":"ImageObject","inLanguage":"fr-FR","@id":"https://www.monteescalier.net/france/monte-escalier-ille-et-vilaine/#primaryimage","url":"https://www.monteescalier.net/france/wp-content/uploads/2014/10/4devis-monte-escalier-photo-490.png","contentUrl":"https://www.monteescalier.net/france/wp-content/uploads/2014/10/4devis-monte-escalier-photo-490.png","width":490,"height":267},{"@type":"BreadcrumbList","@id":"https://www.monteescalier.net/france/monte-escalier-ille-et-vilaine/#breadcrumb","itemListElement":[{"@type":"ListItem","position":1,"name":"Accueil","item":"https://www.monteescalier.net/france/"},{"@type":"ListItem","position":2,"name":"Monte escalier Ille-et-Vilaine, Rennes"}]},{"@type":"WebSite","@id":"https://www.monteescalier.net/france/#website","url":"https://www.monteescalier.net/france/","name":"Monte escalier","description":"","publisher":{"@id":"https://www.monteescalier.net/france/#organization"},"potentialAction":[{"@type":"SearchAction","target":{"@type":"EntryPoint","urlTemplate":"https://www.monteescalier.net/france/?s={search_term_string}"},"query-input":{"@type":"PropertyValueSpecification","valueRequired":true,"valueName":"search_term_string"}}],"inLanguage":"fr-FR"},{"@type":"Organization","@id":"https://www.monteescalier.net/france/#organization","name":"monte-escalier.net","url":"https://www.monteescalier.net/france/","logo":{"@type":"ImageObject","inLanguage":"fr-FR","@id":"https://www.monteescalier.net/france/#/schema/logo/image/","url":"https://www.monteescalier.net/france/wp-content/uploads/2016/10/4devis-mont-escalier-500-500.gif","contentUrl":"https://www.monteescalier.net/france/wp-content/uploads/2016/10/4devis-mont-escalier-500-500.gif","width":500,"height":500,"caption":"monte-escalier.net"},"image":{"@id":"https://www.monteescalier.net/france/#/schema/logo/image/"}}]}</script>
<!-- / Yoast SEO plugin. -->

Trouvez facilement monte-escaliers à Rennes, Ille-et-Vilaine, Fougères, Saint-Malo.
