{"id":542,"date":"2023-08-02T10:33:52","date_gmt":"2023-08-02T09:33:52","guid":{"rendered":"https:\/\/www.monteescalier.net\/france\/?page_id=542"},"modified":"2024-05-15T16:56:31","modified_gmt":"2024-05-15T15:56:31","slug":"monte-escalier-moselle","status":"publish","type":"page","link":"https:\/\/www.monteescalier.net\/france\/monte-escalier-moselle\/","title":{"rendered":"Monte escalier Moselle, Metz"},"content":{"rendered":"<div class='content-column one_half'><div style=\"padding-right:19px;\"><h1>Acheter un monte escalier en Moselle<\/h1>\n<p><b>Des installateurs proche de votre ville :<\/b><br \/><a href=\"https:\/\/www.monteescalier.net\/france\/monte-escalier-metz\/\">Les monte escaliers vers Metz<\/a><br \/><a href=\"https:\/\/www.monteescalier.net\/france\/monte-escalier-chateau-salins\/\">Les monte escaliers vers Ch\u00e2teau-Salins<\/a><br \/><a href=\"https:\/\/www.monteescalier.net\/france\/monte-escalier-sarrebourg\/\">Les monte escaliers vers Sarrebourg<\/a><\/p>\n<p>Fatigu\u00e9 de monter et descendre les escaliers de votre maison en Moselle? Optez pour le monte escalier \u00e9lectrique. Le monte escalier s&rsquo;adapte sur la plupart des escaliers existants et vous offrira un confort et une simplicit\u00e9 d&rsquo;utilisation sans pareils.<\/p>\n<p>Vous ne savez pas \u00e0 qui vous adresser? Monteescalier.net va vous y aider en vous mettant en contact gratuitement avec sa s\u00e9lection de revendeurs et d&rsquo;installateurs de monte escalier en Moselle. Ainsi vous n&rsquo;aurez plus qu&rsquo;\u00e0 comparer leurs propositions et choisir celui qui vous apparait comme le meilleur rapport qualit\u00e9-prix.<\/p>\n<p>Pour profiter de ce service c&rsquo;est simple et gratuit : un formulaire rempli sur notre site et vous serez vite recontact\u00e9s par nos vendeurs partenaires. Nous sommes ind\u00e9pendants des installateurs, donc nous n&rsquo;avons aucun int\u00e9r\u00eat \u00e0 ce que vous travailliez avec l&rsquo;un plut\u00f4t qu&rsquo;un autre. Vous pouvez donc faire votre choix dans notre s\u00e9lection en toute libert\u00e9. Et si vous le souhaitez, ne rien choisir du tout : c&rsquo;est sans aucune oblifation d&rsquo;achat.<\/p>\n<p>Pour votre monte escalier \u00e0 Metz et sa p\u00e9riph\u00e9rie, Forbach, Saint Avold, Thionville, Sarreguemines, Yutz, Woippy, Fameck, Florange, Amn\u00e9ville, Hayange, Rombas, Creutzwald, Stiring Wendel ou Freyming Merlebach, choisissez les services gratuits de monte escalier.net : outre les demandes de devis gratuits vous pouvez b\u00e9n\u00e9ficier des conseils de nos pros par t\u00e9l\u00e9phone (via la demande de rappel) ou recevoir des informations sur les mod\u00e8les commercialis\u00e9s sous forme de brochures papier ou par email.<\/p>\n<p>&nbsp;<br \/>\n<a class=\"bt_lien\" href=\"https:\/\/www.monteescalier.net\/france\/demande-de-devis\/\"><\/p>\n<div class=\"bouton\">Cliquez ici pour recevoir des devis gratuitement<\/div>\n<p><\/a><\/p><\/div><\/div><div class='content-column one_half last_column'><a href=\"https:\/\/www.monteescalier.net\/devis-gratuit.php\" target=\"_blank\" rel=\"noopener\"><img loading=\"lazy\" decoding=\"async\" class=\"alignnone size-full img_region\" src=\"https:\/\/www.monteescalier.net\/france\/wp-content\/uploads\/2014\/10\/4devis-monte-escalier-photo-490.png\" alt=\"Moselle\" width=\"507\" height=\"485\" \/><\/a><br \/>\n<img loading=\"lazy\" decoding=\"async\" class=\"alignnone size-full img_region_2\" src=\"https:\/\/www.monteescalier.net\/france\/wp-content\/uploads\/2013\/08\/moselle.jpg\" alt=\"monte escalier moselle\" width=\"507\" height=\"485\" \/><\/div><div class='clear_column'><\/div><\/p>\n","protected":false},"excerpt":{"rendered":"","protected":false},"author":1,"featured_media":0,"parent":0,"menu_order":0,"comment_status":"open","ping_status":"closed","template":"template1.php","meta":{"_monsterinsights_skip_tracking":false,"_monsterinsights_sitenote_active":false,"_monsterinsights_sitenote_note":"","_monsterinsights_sitenote_category":0,"footnotes":""},"class_list":["post-542","page","type-page","status-publish","hentry"],"yoast_head":"<!-- This site is optimized with the Yoast SEO plugin v26.3 - https:\/\/yoast.com\/wordpress\/plugins\/seo\/ -->\n<title>Monte escalier Moselle, Metz - Monte escalier<\/title>\n<meta name=\"description\" content=\"Voici la liste de nos monte escaliers de qualit\u00e9 pr\u00e9sent en Moselle : Metz, Chateau-Salins, Sarrebourg.\" \/>\n<meta name=\"robots\" content=\"index, follow, max-snippet:-1, max-image-preview:large, max-video-preview:-1\" \/>\n<link rel=\"canonical\" href=\"https:\/\/www.monteescalier.net\/france\/monte-escalier-moselle\/\" \/>\n<meta property=\"og:locale\" content=\"fr_FR\" \/>\n<meta property=\"og:type\" content=\"article\" \/>\n<meta property=\"og:title\" content=\"Monte escalier Moselle, Metz - Monte escalier\" \/>\n<meta property=\"og:description\" content=\"Voici la liste de nos monte escaliers de qualit\u00e9 pr\u00e9sent en Moselle : Metz, Chateau-Salins, Sarrebourg.\" \/>\n<meta property=\"og:url\" content=\"https:\/\/www.monteescalier.net\/france\/monte-escalier-moselle\/\" \/>\n<meta property=\"og:site_name\" content=\"Monte escalier\" \/>\n<meta property=\"article:modified_time\" content=\"2024-05-15T15:56:31+00:00\" \/>\n<meta property=\"og:image\" content=\"https:\/\/www.monteescalier.net\/france\/wp-content\/uploads\/2014\/10\/4devis-monte-escalier-photo-490.png\" \/>\n<meta name=\"twitter:card\" content=\"summary_large_image\" \/>\n<meta name=\"twitter:label1\" content=\"Dur\u00e9e de lecture estim\u00e9e\" \/>\n\t<meta name=\"twitter:data1\" content=\"1 minute\" \/>\n<script type=\"application\/ld+json\" class=\"yoast-schema-graph\">{\"@context\":\"https:\/\/schema.org\",\"@graph\":[{\"@type\":\"WebPage\",\"@id\":\"https:\/\/www.monteescalier.net\/france\/monte-escalier-moselle\/\",\"url\":\"https:\/\/www.monteescalier.net\/france\/monte-escalier-moselle\/\",\"name\":\"Monte escalier Moselle, Metz - Monte escalier\",\"isPartOf\":{\"@id\":\"https:\/\/www.monteescalier.net\/france\/#website\"},\"primaryImageOfPage\":{\"@id\":\"https:\/\/www.monteescalier.net\/france\/monte-escalier-moselle\/#primaryimage\"},\"image\":{\"@id\":\"https:\/\/www.monteescalier.net\/france\/monte-escalier-moselle\/#primaryimage\"},\"thumbnailUrl\":\"https:\/\/www.monteescalier.net\/france\/wp-content\/uploads\/2014\/10\/4devis-monte-escalier-photo-490.png\",\"datePublished\":\"2023-08-02T09:33:52+00:00\",\"dateModified\":\"2024-05-15T15:56:31+00:00\",\"description\":\"Voici la liste de nos monte escaliers de qualit\u00e9 pr\u00e9sent en Moselle : Metz, Chateau-Salins, Sarrebourg.\",\"breadcrumb\":{\"@id\":\"https:\/\/www.monteescalier.net\/france\/monte-escalier-moselle\/#breadcrumb\"},\"inLanguage\":\"fr-FR\",\"potentialAction\":[{\"@type\":\"ReadAction\",\"target\":[\"https:\/\/www.monteescalier.net\/france\/monte-escalier-moselle\/\"]}]},{\"@type\":\"ImageObject\",\"inLanguage\":\"fr-FR\",\"@id\":\"https:\/\/www.monteescalier.net\/france\/monte-escalier-moselle\/#primaryimage\",\"url\":\"https:\/\/www.monteescalier.net\/france\/wp-content\/uploads\/2014\/10\/4devis-monte-escalier-photo-490.png\",\"contentUrl\":\"https:\/\/www.monteescalier.net\/france\/wp-content\/uploads\/2014\/10\/4devis-monte-escalier-photo-490.png\",\"width\":490,\"height\":267},{\"@type\":\"BreadcrumbList\",\"@id\":\"https:\/\/www.monteescalier.net\/france\/monte-escalier-moselle\/#breadcrumb\",\"itemListElement\":[{\"@type\":\"ListItem\",\"position\":1,\"name\":\"Accueil\",\"item\":\"https:\/\/www.monteescalier.net\/france\/\"},{\"@type\":\"ListItem\",\"position\":2,\"name\":\"Monte escalier Moselle, Metz\"}]},{\"@type\":\"WebSite\",\"@id\":\"https:\/\/www.monteescalier.net\/france\/#website\",\"url\":\"https:\/\/www.monteescalier.net\/france\/\",\"name\":\"Monte escalier\",\"description\":\"\",\"publisher\":{\"@id\":\"https:\/\/www.monteescalier.net\/france\/#organization\"},\"potentialAction\":[{\"@type\":\"SearchAction\",\"target\":{\"@type\":\"EntryPoint\",\"urlTemplate\":\"https:\/\/www.monteescalier.net\/france\/?s={search_term_string}\"},\"query-input\":{\"@type\":\"PropertyValueSpecification\",\"valueRequired\":true,\"valueName\":\"search_term_string\"}}],\"inLanguage\":\"fr-FR\"},{\"@type\":\"Organization\",\"@id\":\"https:\/\/www.monteescalier.net\/france\/#organization\",\"name\":\"monte-escalier.net\",\"url\":\"https:\/\/www.monteescalier.net\/france\/\",\"logo\":{\"@type\":\"ImageObject\",\"inLanguage\":\"fr-FR\",\"@id\":\"https:\/\/www.monteescalier.net\/france\/#\/schema\/logo\/image\/\",\"url\":\"https:\/\/www.monteescalier.net\/france\/wp-content\/uploads\/2016\/10\/4devis-mont-escalier-500-500.gif\",\"contentUrl\":\"https:\/\/www.monteescalier.net\/france\/wp-content\/uploads\/2016\/10\/4devis-mont-escalier-500-500.gif\",\"width\":500,\"height\":500,\"caption\":\"monte-escalier.net\"},\"image\":{\"@id\":\"https:\/\/www.monteescalier.net\/france\/#\/schema\/logo\/image\/\"}}]}<\/script>\n<!-- \/ Yoast SEO plugin. -->","yoast_head_json":{"title":"Monte escalier Moselle, Metz - Monte escalier","description":"Voici la liste de nos monte escaliers de qualit\u00e9 pr\u00e9sent en Moselle : Metz, Chateau-Salins, Sarrebourg.","robots":{"index":"index","follow":"follow","max-snippet":"max-snippet:-1","max-image-preview":"max-image-preview:large","max-video-preview":"max-video-preview:-1"},"canonical":"https:\/\/www.monteescalier.net\/france\/monte-escalier-moselle\/","og_locale":"fr_FR","og_type":"article","og_title":"Monte escalier Moselle, Metz - Monte escalier","og_description":"Voici la liste de nos monte escaliers de qualit\u00e9 pr\u00e9sent en Moselle : Metz, Chateau-Salins, Sarrebourg.","og_url":"https:\/\/www.monteescalier.net\/france\/monte-escalier-moselle\/","og_site_name":"Monte escalier","article_modified_time":"2024-05-15T15:56:31+00:00","og_image":[{"url":"https:\/\/www.monteescalier.net\/france\/wp-content\/uploads\/2014\/10\/4devis-monte-escalier-photo-490.png","type":"","width":"","height":""}],"twitter_card":"summary_large_image","twitter_misc":{"Dur\u00e9e de lecture estim\u00e9e":"1 minute"},"schema":{"@context":"https:\/\/schema.org","@graph":[{"@type":"WebPage","@id":"https:\/\/www.monteescalier.net\/france\/monte-escalier-moselle\/","url":"https:\/\/www.monteescalier.net\/france\/monte-escalier-moselle\/","name":"Monte escalier Moselle, Metz - Monte escalier","isPartOf":{"@id":"https:\/\/www.monteescalier.net\/france\/#website"},"primaryImageOfPage":{"@id":"https:\/\/www.monteescalier.net\/france\/monte-escalier-moselle\/#primaryimage"},"image":{"@id":"https:\/\/www.monteescalier.net\/france\/monte-escalier-moselle\/#primaryimage"},"thumbnailUrl":"https:\/\/www.monteescalier.net\/france\/wp-content\/uploads\/2014\/10\/4devis-monte-escalier-photo-490.png","datePublished":"2023-08-02T09:33:52+00:00","dateModified":"2024-05-15T15:56:31+00:00","description":"Voici la liste de nos monte escaliers de qualit\u00e9 pr\u00e9sent en Moselle : Metz, Chateau-Salins, Sarrebourg.","breadcrumb":{"@id":"https:\/\/www.monteescalier.net\/france\/monte-escalier-moselle\/#breadcrumb"},"inLanguage":"fr-FR","potentialAction":[{"@type":"ReadAction","target":["https:\/\/www.monteescalier.net\/france\/monte-escalier-moselle\/"]}]},{"@type":"ImageObject","inLanguage":"fr-FR","@id":"https:\/\/www.monteescalier.net\/france\/monte-escalier-moselle\/#primaryimage","url":"https:\/\/www.monteescalier.net\/france\/wp-content\/uploads\/2014\/10\/4devis-monte-escalier-photo-490.png","contentUrl":"https:\/\/www.monteescalier.net\/france\/wp-content\/uploads\/2014\/10\/4devis-monte-escalier-photo-490.png","width":490,"height":267},{"@type":"BreadcrumbList","@id":"https:\/\/www.monteescalier.net\/france\/monte-escalier-moselle\/#breadcrumb","itemListElement":[{"@type":"ListItem","position":1,"name":"Accueil","item":"https:\/\/www.monteescalier.net\/france\/"},{"@type":"ListItem","position":2,"name":"Monte escalier Moselle, Metz"}]},{"@type":"WebSite","@id":"https:\/\/www.monteescalier.net\/france\/#website","url":"https:\/\/www.monteescalier.net\/france\/","name":"Monte escalier","description":"","publisher":{"@id":"https:\/\/www.monteescalier.net\/france\/#organization"},"potentialAction":[{"@type":"SearchAction","target":{"@type":"EntryPoint","urlTemplate":"https:\/\/www.monteescalier.net\/france\/?s={search_term_string}"},"query-input":{"@type":"PropertyValueSpecification","valueRequired":true,"valueName":"search_term_string"}}],"inLanguage":"fr-FR"},{"@type":"Organization","@id":"https:\/\/www.monteescalier.net\/france\/#organization","name":"monte-escalier.net","url":"https:\/\/www.monteescalier.net\/france\/","logo":{"@type":"ImageObject","inLanguage":"fr-FR","@id":"https:\/\/www.monteescalier.net\/france\/#\/schema\/logo\/image\/","url":"https:\/\/www.monteescalier.net\/france\/wp-content\/uploads\/2016\/10\/4devis-mont-escalier-500-500.gif","contentUrl":"https:\/\/www.monteescalier.net\/france\/wp-content\/uploads\/2016\/10\/4devis-mont-escalier-500-500.gif","width":500,"height":500,"caption":"monte-escalier.net"},"image":{"@id":"https:\/\/www.monteescalier.net\/france\/#\/schema\/logo\/image\/"}}]}},"_links":{"self":[{"href":"https:\/\/www.monteescalier.net\/france\/wp-json\/wp\/v2\/pages\/542","targetHints":{"allow":["GET"]}}],"collection":[{"href":"https:\/\/www.monteescalier.net\/france\/wp-json\/wp\/v2\/pages"}],"about":[{"href":"https:\/\/www.monteescalier.net\/france\/wp-json\/wp\/v2\/types\/page"}],"author":[{"embeddable":true,"href":"https:\/\/www.monteescalier.net\/france\/wp-json\/wp\/v2\/users\/1"}],"replies":[{"embeddable":true,"href":"https:\/\/www.monteescalier.net\/france\/wp-json\/wp\/v2\/comments?post=542"}],"version-history":[{"count":4,"href":"https:\/\/www.monteescalier.net\/france\/wp-json\/wp\/v2\/pages\/542\/revisions"}],"predecessor-version":[{"id":9118,"href":"https:\/\/www.monteescalier.net\/france\/wp-json\/wp\/v2\/pages\/542\/revisions\/9118"}],"wp:attachment":[{"href":"https:\/\/www.monteescalier.net\/france\/wp-json\/wp\/v2\/media?parent=542"}],"curies":[{"name":"wp","href":"https:\/\/api.w.org\/{rel}","templated":true}]}}