{"id":585,"date":"2021-08-29T11:39:32","date_gmt":"2021-08-29T10:39:32","guid":{"rendered":"https:\/\/www.monteescalier.net\/france\/?page_id=585"},"modified":"2024-05-15T16:45:57","modified_gmt":"2024-05-15T15:45:57","slug":"monte-escalier-jura","status":"publish","type":"page","link":"https:\/\/www.monteescalier.net\/france\/monte-escalier-jura\/","title":{"rendered":"Monte escalier Jura, Lons-le-Saunier"},"content":{"rendered":"<div class='content-column one_half'><div style=\"padding-right:19px;\"><h1>Un monte escalier dans le Jura<\/h1>\n<p><b>Des vendeurs proche de votre commune :<\/b><br \/>\n<a href=\"https:\/\/www.monteescalier.net\/france\/monte-escalier-lons-le-saunier\/\">Les monte escaliers vers Lons-le-Saunier<\/a><br \/>\n<a href=\"https:\/\/www.monteescalier.net\/france\/monte-escalier-dole\/\">Les monte escaliers vers Dole<\/a><br \/>\n<a href=\"https:\/\/www.monteescalier.net\/france\/monte-escalier-saint-claude\/\">Les monte escaliers vers Saint-Claude<\/a><\/p>\n<p style=\"text-align: justify;\">Pour se procurer un monte-escalier chez vous dans le Jura, il est n\u00e9cessaire de trouver le bon revendeur : un installateur bien implant\u00e9 dans le Jura et qui saura vous conseiller dans le choix du meilleur mod\u00e8le, le plus adapt\u00e9 \u00e0 votre maison, et bien \u00e9videmment au meilleur prix.<\/p>\n<p style=\"text-align: justify;\">Monteescalier.net est sp\u00e9cialis\u00e9 dans la recherche des meilleurs revendeurs de monte escalier et peut vous aider \u00e0 faire le choix de votre installateur de monte escalier dans le Jura en vous mettant en contact avec une s\u00e9lection d&rsquo;installateurs ayant tous en commun de desservir le d\u00e9partement du Jura. A Lons le Saunier, Saint Claude, Morez, Tavaux, D\u00f4le, Champagnole ou Poligny les partenaires monteescalier.net sont pr\u00eats \u00e0 vous donner toutes les informations pour vous aider \u00e0 choisir votre monte escalier en toute ind\u00e9pendance.<\/p>\n<p style=\"text-align: justify;\">Notre service de mise en relation est totalement gratuit et sans aucune obligation d&rsquo;achat : comme pr\u00e9cis\u00e9 plus haut, nos installateurs de monte escalier partenaires desservent toutes les villes du d\u00e9partement y compris Arbois, Orgelet, Montmorot, Lavans les saint claude, Salins les Bains, Saint Lupicin, Les Rousses, Saint Amour, Damparis et Moirans en Montagne.<\/p>\n<p style=\"text-align: justify;\">Vous d\u00e9sirez avant tout avoir acc\u00e8s \u00e0 une documentation papier ou une documentation \u00e9lectronique sur les monte escaliers propos\u00e9s par nos installateurs partenaires, remplissez le formulaire appropri\u00e9 en saisissant vos coordonn\u00e9es de contacts et nos professionnels partenaires se feront un plaisir de vous r\u00e9pondre. Si vous pr\u00e9f\u00e9rez \u00eatre rappel\u00e9 par t\u00e9l\u00e9phone, c&rsquo;est possible \u00e9galement, compl\u00e9tez le formulaire de rappel et nos partenaires professionnels du monte escalier vous rappelleront pour discuter avec vous de votre projet monte escalier dans le Jura.<\/p>\n<p style=\"text-align: justify;\">S&rsquo;\u00e9quipez d&rsquo;un monte escalier dans le Jura, de qualit\u00e9 et au meilleur prix n&rsquo;aura jamais \u00e9t\u00e9 aussi simple.<\/p>\n<p>&nbsp;<\/p>\n<div class=\"bouton\">Cliquez ici pour obtenir plusieurs devis totalement gratuits<\/div><\/div><\/div><div class='content-column one_half last_column'><a href=\"https:\/\/www.monteescalier.net\/devis-gratuit.php\" target=\"_blank\" rel=\"noopener\"><img loading=\"lazy\" decoding=\"async\" class=\"alignnone size-full img_region\" src=\"https:\/\/www.monteescalier.net\/france\/wp-content\/uploads\/2014\/10\/4devis-monte-escalier-photo-490.png\" alt=\"Jura monte escalier\" width=\"507\" height=\"485\" \/><\/a><br \/>\n<img loading=\"lazy\" decoding=\"async\" class=\"alignnone size-full img_region_2\" src=\"https:\/\/www.monteescalier.net\/france\/wp-content\/uploads\/2013\/08\/jura.jpg\" alt=\"Monte escalier dans le jura\" width=\"507\" height=\"485\" \/><\/div><div class='clear_column'><\/div><\/p>\n","protected":false},"excerpt":{"rendered":"","protected":false},"author":1,"featured_media":0,"parent":0,"menu_order":0,"comment_status":"open","ping_status":"closed","template":"template2.php","meta":{"_monsterinsights_skip_tracking":false,"_monsterinsights_sitenote_active":false,"_monsterinsights_sitenote_note":"","_monsterinsights_sitenote_category":0,"footnotes":""},"class_list":["post-585","page","type-page","status-publish","hentry"],"yoast_head":"<!-- This site is optimized with the Yoast SEO plugin v26.3 - https:\/\/yoast.com\/wordpress\/plugins\/seo\/ -->\n<title>Monte escalier Jura, Lons-le-Saunier - Monte escalier<\/title>\n<meta name=\"description\" content=\"Voici nos meilleurs monte escalier pr\u00e9sent dans le Jura : Lons-le-Saunier, Dole, Saint-Claude.\" \/>\n<meta name=\"robots\" content=\"index, follow, max-snippet:-1, max-image-preview:large, max-video-preview:-1\" \/>\n<link rel=\"canonical\" href=\"https:\/\/www.monteescalier.net\/france\/monte-escalier-jura\/\" \/>\n<meta property=\"og:locale\" content=\"fr_FR\" \/>\n<meta property=\"og:type\" content=\"article\" \/>\n<meta property=\"og:title\" content=\"Monte escalier Jura, Lons-le-Saunier - Monte escalier\" \/>\n<meta property=\"og:description\" content=\"Voici nos meilleurs monte escalier pr\u00e9sent dans le Jura : Lons-le-Saunier, Dole, Saint-Claude.\" \/>\n<meta property=\"og:url\" content=\"https:\/\/www.monteescalier.net\/france\/monte-escalier-jura\/\" \/>\n<meta property=\"og:site_name\" content=\"Monte escalier\" \/>\n<meta property=\"article:modified_time\" content=\"2024-05-15T15:45:57+00:00\" \/>\n<meta property=\"og:image\" content=\"https:\/\/www.monteescalier.net\/france\/wp-content\/uploads\/2014\/10\/4devis-monte-escalier-photo-490.png\" \/>\n<meta name=\"twitter:card\" content=\"summary_large_image\" \/>\n<meta name=\"twitter:label1\" content=\"Dur\u00e9e de lecture estim\u00e9e\" \/>\n\t<meta name=\"twitter:data1\" content=\"2 minutes\" \/>\n<script type=\"application\/ld+json\" class=\"yoast-schema-graph\">{\"@context\":\"https:\/\/schema.org\",\"@graph\":[{\"@type\":\"WebPage\",\"@id\":\"https:\/\/www.monteescalier.net\/france\/monte-escalier-jura\/\",\"url\":\"https:\/\/www.monteescalier.net\/france\/monte-escalier-jura\/\",\"name\":\"Monte escalier Jura, Lons-le-Saunier - Monte escalier\",\"isPartOf\":{\"@id\":\"https:\/\/www.monteescalier.net\/france\/#website\"},\"primaryImageOfPage\":{\"@id\":\"https:\/\/www.monteescalier.net\/france\/monte-escalier-jura\/#primaryimage\"},\"image\":{\"@id\":\"https:\/\/www.monteescalier.net\/france\/monte-escalier-jura\/#primaryimage\"},\"thumbnailUrl\":\"https:\/\/www.monteescalier.net\/france\/wp-content\/uploads\/2014\/10\/4devis-monte-escalier-photo-490.png\",\"datePublished\":\"2021-08-29T10:39:32+00:00\",\"dateModified\":\"2024-05-15T15:45:57+00:00\",\"description\":\"Voici nos meilleurs monte escalier pr\u00e9sent dans le Jura : Lons-le-Saunier, Dole, Saint-Claude.\",\"breadcrumb\":{\"@id\":\"https:\/\/www.monteescalier.net\/france\/monte-escalier-jura\/#breadcrumb\"},\"inLanguage\":\"fr-FR\",\"potentialAction\":[{\"@type\":\"ReadAction\",\"target\":[\"https:\/\/www.monteescalier.net\/france\/monte-escalier-jura\/\"]}]},{\"@type\":\"ImageObject\",\"inLanguage\":\"fr-FR\",\"@id\":\"https:\/\/www.monteescalier.net\/france\/monte-escalier-jura\/#primaryimage\",\"url\":\"https:\/\/www.monteescalier.net\/france\/wp-content\/uploads\/2014\/10\/4devis-monte-escalier-photo-490.png\",\"contentUrl\":\"https:\/\/www.monteescalier.net\/france\/wp-content\/uploads\/2014\/10\/4devis-monte-escalier-photo-490.png\",\"width\":490,\"height\":267},{\"@type\":\"BreadcrumbList\",\"@id\":\"https:\/\/www.monteescalier.net\/france\/monte-escalier-jura\/#breadcrumb\",\"itemListElement\":[{\"@type\":\"ListItem\",\"position\":1,\"name\":\"Accueil\",\"item\":\"https:\/\/www.monteescalier.net\/france\/\"},{\"@type\":\"ListItem\",\"position\":2,\"name\":\"Monte escalier Jura, Lons-le-Saunier\"}]},{\"@type\":\"WebSite\",\"@id\":\"https:\/\/www.monteescalier.net\/france\/#website\",\"url\":\"https:\/\/www.monteescalier.net\/france\/\",\"name\":\"Monte escalier\",\"description\":\"\",\"publisher\":{\"@id\":\"https:\/\/www.monteescalier.net\/france\/#organization\"},\"potentialAction\":[{\"@type\":\"SearchAction\",\"target\":{\"@type\":\"EntryPoint\",\"urlTemplate\":\"https:\/\/www.monteescalier.net\/france\/?s={search_term_string}\"},\"query-input\":{\"@type\":\"PropertyValueSpecification\",\"valueRequired\":true,\"valueName\":\"search_term_string\"}}],\"inLanguage\":\"fr-FR\"},{\"@type\":\"Organization\",\"@id\":\"https:\/\/www.monteescalier.net\/france\/#organization\",\"name\":\"monte-escalier.net\",\"url\":\"https:\/\/www.monteescalier.net\/france\/\",\"logo\":{\"@type\":\"ImageObject\",\"inLanguage\":\"fr-FR\",\"@id\":\"https:\/\/www.monteescalier.net\/france\/#\/schema\/logo\/image\/\",\"url\":\"https:\/\/www.monteescalier.net\/france\/wp-content\/uploads\/2016\/10\/4devis-mont-escalier-500-500.gif\",\"contentUrl\":\"https:\/\/www.monteescalier.net\/france\/wp-content\/uploads\/2016\/10\/4devis-mont-escalier-500-500.gif\",\"width\":500,\"height\":500,\"caption\":\"monte-escalier.net\"},\"image\":{\"@id\":\"https:\/\/www.monteescalier.net\/france\/#\/schema\/logo\/image\/\"}}]}<\/script>\n<!-- \/ Yoast SEO plugin. -->","yoast_head_json":{"title":"Monte escalier Jura, Lons-le-Saunier - Monte escalier","description":"Voici nos meilleurs monte escalier pr\u00e9sent dans le Jura : Lons-le-Saunier, Dole, Saint-Claude.","robots":{"index":"index","follow":"follow","max-snippet":"max-snippet:-1","max-image-preview":"max-image-preview:large","max-video-preview":"max-video-preview:-1"},"canonical":"https:\/\/www.monteescalier.net\/france\/monte-escalier-jura\/","og_locale":"fr_FR","og_type":"article","og_title":"Monte escalier Jura, Lons-le-Saunier - Monte escalier","og_description":"Voici nos meilleurs monte escalier pr\u00e9sent dans le Jura : Lons-le-Saunier, Dole, Saint-Claude.","og_url":"https:\/\/www.monteescalier.net\/france\/monte-escalier-jura\/","og_site_name":"Monte escalier","article_modified_time":"2024-05-15T15:45:57+00:00","og_image":[{"url":"https:\/\/www.monteescalier.net\/france\/wp-content\/uploads\/2014\/10\/4devis-monte-escalier-photo-490.png","type":"","width":"","height":""}],"twitter_card":"summary_large_image","twitter_misc":{"Dur\u00e9e de lecture estim\u00e9e":"2 minutes"},"schema":{"@context":"https:\/\/schema.org","@graph":[{"@type":"WebPage","@id":"https:\/\/www.monteescalier.net\/france\/monte-escalier-jura\/","url":"https:\/\/www.monteescalier.net\/france\/monte-escalier-jura\/","name":"Monte escalier Jura, Lons-le-Saunier - Monte escalier","isPartOf":{"@id":"https:\/\/www.monteescalier.net\/france\/#website"},"primaryImageOfPage":{"@id":"https:\/\/www.monteescalier.net\/france\/monte-escalier-jura\/#primaryimage"},"image":{"@id":"https:\/\/www.monteescalier.net\/france\/monte-escalier-jura\/#primaryimage"},"thumbnailUrl":"https:\/\/www.monteescalier.net\/france\/wp-content\/uploads\/2014\/10\/4devis-monte-escalier-photo-490.png","datePublished":"2021-08-29T10:39:32+00:00","dateModified":"2024-05-15T15:45:57+00:00","description":"Voici nos meilleurs monte escalier pr\u00e9sent dans le Jura : Lons-le-Saunier, Dole, Saint-Claude.","breadcrumb":{"@id":"https:\/\/www.monteescalier.net\/france\/monte-escalier-jura\/#breadcrumb"},"inLanguage":"fr-FR","potentialAction":[{"@type":"ReadAction","target":["https:\/\/www.monteescalier.net\/france\/monte-escalier-jura\/"]}]},{"@type":"ImageObject","inLanguage":"fr-FR","@id":"https:\/\/www.monteescalier.net\/france\/monte-escalier-jura\/#primaryimage","url":"https:\/\/www.monteescalier.net\/france\/wp-content\/uploads\/2014\/10\/4devis-monte-escalier-photo-490.png","contentUrl":"https:\/\/www.monteescalier.net\/france\/wp-content\/uploads\/2014\/10\/4devis-monte-escalier-photo-490.png","width":490,"height":267},{"@type":"BreadcrumbList","@id":"https:\/\/www.monteescalier.net\/france\/monte-escalier-jura\/#breadcrumb","itemListElement":[{"@type":"ListItem","position":1,"name":"Accueil","item":"https:\/\/www.monteescalier.net\/france\/"},{"@type":"ListItem","position":2,"name":"Monte escalier Jura, Lons-le-Saunier"}]},{"@type":"WebSite","@id":"https:\/\/www.monteescalier.net\/france\/#website","url":"https:\/\/www.monteescalier.net\/france\/","name":"Monte escalier","description":"","publisher":{"@id":"https:\/\/www.monteescalier.net\/france\/#organization"},"potentialAction":[{"@type":"SearchAction","target":{"@type":"EntryPoint","urlTemplate":"https:\/\/www.monteescalier.net\/france\/?s={search_term_string}"},"query-input":{"@type":"PropertyValueSpecification","valueRequired":true,"valueName":"search_term_string"}}],"inLanguage":"fr-FR"},{"@type":"Organization","@id":"https:\/\/www.monteescalier.net\/france\/#organization","name":"monte-escalier.net","url":"https:\/\/www.monteescalier.net\/france\/","logo":{"@type":"ImageObject","inLanguage":"fr-FR","@id":"https:\/\/www.monteescalier.net\/france\/#\/schema\/logo\/image\/","url":"https:\/\/www.monteescalier.net\/france\/wp-content\/uploads\/2016\/10\/4devis-mont-escalier-500-500.gif","contentUrl":"https:\/\/www.monteescalier.net\/france\/wp-content\/uploads\/2016\/10\/4devis-mont-escalier-500-500.gif","width":500,"height":500,"caption":"monte-escalier.net"},"image":{"@id":"https:\/\/www.monteescalier.net\/france\/#\/schema\/logo\/image\/"}}]}},"_links":{"self":[{"href":"https:\/\/www.monteescalier.net\/france\/wp-json\/wp\/v2\/pages\/585","targetHints":{"allow":["GET"]}}],"collection":[{"href":"https:\/\/www.monteescalier.net\/france\/wp-json\/wp\/v2\/pages"}],"about":[{"href":"https:\/\/www.monteescalier.net\/france\/wp-json\/wp\/v2\/types\/page"}],"author":[{"embeddable":true,"href":"https:\/\/www.monteescalier.net\/france\/wp-json\/wp\/v2\/users\/1"}],"replies":[{"embeddable":true,"href":"https:\/\/www.monteescalier.net\/france\/wp-json\/wp\/v2\/comments?post=585"}],"version-history":[{"count":8,"href":"https:\/\/www.monteescalier.net\/france\/wp-json\/wp\/v2\/pages\/585\/revisions"}],"predecessor-version":[{"id":9093,"href":"https:\/\/www.monteescalier.net\/france\/wp-json\/wp\/v2\/pages\/585\/revisions\/9093"}],"wp:attachment":[{"href":"https:\/\/www.monteescalier.net\/france\/wp-json\/wp\/v2\/media?parent=585"}],"curies":[{"name":"wp","href":"https:\/\/api.w.org\/{rel}","templated":true}]}}