{"id":76,"date":"2023-07-16T10:10:28","date_gmt":"2023-07-16T09:10:28","guid":{"rendered":"https:\/\/www.monteescalier.net\/monteescalier\/?page_id=76"},"modified":"2024-05-15T16:44:47","modified_gmt":"2024-05-15T15:44:47","slug":"monte-escalier-indre-et-loire","status":"publish","type":"page","link":"https:\/\/www.monteescalier.net\/france\/monte-escalier-indre-et-loire\/","title":{"rendered":"Monte escalier Indre et Loire Tours"},"content":{"rendered":"<div class='content-column one_half'><div style=\"padding-right:19px;\"><h1>Acheter votre monte escalier en Indre et Loire<\/h1>\n<p><b>Des vendeurs proche de chez vous :<\/b><br \/><a href=\"https:\/\/www.monteescalier.net\/france\/monte-escalier-tours\/\">Monte escalier \u00e0 Tours<\/a><br \/><a href=\"https:\/\/www.monteescalier.net\/france\/monte-escalier-chinon\/\">Monte escalier \u00e0 Chinon<\/a><br \/><a href=\"https:\/\/www.monteescalier.net\/france\/monte-escalier-loches\/\">Monte escalier \u00e0 Loches<\/a><\/p>\n<p>Si vous \u00eates en qu\u00eate d&rsquo;un monte escalier dans le d\u00e9partement de l&rsquo;Indre et Loire, nous allons vous faire entrer en contact avec les revendeurs, fabricants et installateurs qui comptent dans le d\u00e9partement, et que nous avons s\u00e9lectionn\u00e9s pour vous dans l&rsquo;Indre et Loire.<\/p>\n<p>Envie d&rsquo;un devis de monte escalier \u00e0 Tours, Amboise, Saint Cyr sur Loire, Saint Avertin Montlouis sur Loire ou La Riche, l&rsquo;ensemble de nos vendeurs de monte escaliers partenaires sont pr\u00eats \u00e0 vous envoyer un devis gratuit et sans aucun engagement de votre part.<\/p>\n<p>De cette mani\u00e8re, vous pourrez ais\u00e9ment comparer les prix et les prestations propos\u00e9s par chacun d&rsquo;entre eux et choisir finalement la meilleure proposition de monte escalier en Indre et Loire pour votre maison ou appartement.<\/p>\n<p>Pour recevoir plusieurs devis, des  informations compl\u00e9mentaires ou de la doc. sur les monte escaliers, compl\u00e9tez simplement un de nos formulaires et vous serez mis en contact direct avec notre s\u00e9lection d&rsquo;installateurs de monte escaliers en Indre et Loire : de Luynes \u00e0 Chinon, de Jou\u00e9 les Tours \u00e0 Fondettes, et de Balan Mir\u00e9 \u00e0 Loches, quelle que soit votre commune en Indre et Loire , nos partenaires experts vendeurs de monte escalier peuvent s&rsquo;y d\u00e9placer pour installer et entretenir votre monte escalier : profitez  de tous les avantages d&rsquo;un service local tout en faisant jouer la concurrence globale !<\/p>\n<p>&nbsp;<br \/>\n<a class=\"bt_lien\" href=\"https:\/\/www.monteescalier.net\/france\/demande-de-devis\/\"><\/p>\n<div class=\"bouton\">Cliquez ici pour obtenir votre devis totalement gratuit<\/div>\n<p><\/a><br \/><\/div><\/div><div class='content-column one_half last_column'><img loading=\"lazy\" decoding=\"async\" src=\"https:\/\/www.monteescalier.net\/france\/wp-content\/uploads\/2013\/07\/indreetloire.jpg\" alt=\"indreetloire\" width=\"507\" height=\"485\" class=\"alignnone size-full img_region\" \/><br \/><\/div><div class='clear_column'><\/div><\/p>\n","protected":false},"excerpt":{"rendered":"","protected":false},"author":1,"featured_media":0,"parent":0,"menu_order":0,"comment_status":"open","ping_status":"closed","template":"template3.php","meta":{"_monsterinsights_skip_tracking":false,"_monsterinsights_sitenote_active":false,"_monsterinsights_sitenote_note":"","_monsterinsights_sitenote_category":0,"footnotes":""},"class_list":["post-76","page","type-page","status-publish","hentry"],"yoast_head":"<!-- This site is optimized with the Yoast SEO plugin v26.3 - https:\/\/yoast.com\/wordpress\/plugins\/seo\/ -->\n<title>Monte escalier Indre et Loire Tours - Monte escalier<\/title>\n<meta name=\"description\" content=\"Le monte escalier que vous recherchez en Indre-et-Loire : Tours, Chinon, Loches.\" \/>\n<meta name=\"robots\" content=\"index, follow, max-snippet:-1, max-image-preview:large, max-video-preview:-1\" \/>\n<link rel=\"canonical\" href=\"https:\/\/www.monteescalier.net\/france\/monte-escalier-indre-et-loire\/\" \/>\n<meta property=\"og:locale\" content=\"fr_FR\" \/>\n<meta property=\"og:type\" content=\"article\" \/>\n<meta property=\"og:title\" content=\"Monte escalier Indre et Loire Tours - Monte escalier\" \/>\n<meta property=\"og:description\" content=\"Le monte escalier que vous recherchez en Indre-et-Loire : Tours, Chinon, Loches.\" \/>\n<meta property=\"og:url\" content=\"https:\/\/www.monteescalier.net\/france\/monte-escalier-indre-et-loire\/\" \/>\n<meta property=\"og:site_name\" content=\"Monte escalier\" \/>\n<meta property=\"article:modified_time\" content=\"2024-05-15T15:44:47+00:00\" \/>\n<meta property=\"og:image\" content=\"https:\/\/www.monteescalier.net\/france\/wp-content\/uploads\/2013\/07\/indreetloire.jpg\" \/>\n<meta name=\"twitter:card\" content=\"summary_large_image\" \/>\n<meta name=\"twitter:label1\" content=\"Dur\u00e9e de lecture estim\u00e9e\" \/>\n\t<meta name=\"twitter:data1\" content=\"1 minute\" \/>\n<script type=\"application\/ld+json\" class=\"yoast-schema-graph\">{\"@context\":\"https:\/\/schema.org\",\"@graph\":[{\"@type\":\"WebPage\",\"@id\":\"https:\/\/www.monteescalier.net\/france\/monte-escalier-indre-et-loire\/\",\"url\":\"https:\/\/www.monteescalier.net\/france\/monte-escalier-indre-et-loire\/\",\"name\":\"Monte escalier Indre et Loire Tours - Monte escalier\",\"isPartOf\":{\"@id\":\"https:\/\/www.monteescalier.net\/france\/#website\"},\"primaryImageOfPage\":{\"@id\":\"https:\/\/www.monteescalier.net\/france\/monte-escalier-indre-et-loire\/#primaryimage\"},\"image\":{\"@id\":\"https:\/\/www.monteescalier.net\/france\/monte-escalier-indre-et-loire\/#primaryimage\"},\"thumbnailUrl\":\"https:\/\/www.monteescalier.net\/france\/wp-content\/uploads\/2013\/07\/indreetloire.jpg\",\"datePublished\":\"2023-07-16T09:10:28+00:00\",\"dateModified\":\"2024-05-15T15:44:47+00:00\",\"description\":\"Le monte escalier que vous recherchez en Indre-et-Loire : Tours, Chinon, Loches.\",\"breadcrumb\":{\"@id\":\"https:\/\/www.monteescalier.net\/france\/monte-escalier-indre-et-loire\/#breadcrumb\"},\"inLanguage\":\"fr-FR\",\"potentialAction\":[{\"@type\":\"ReadAction\",\"target\":[\"https:\/\/www.monteescalier.net\/france\/monte-escalier-indre-et-loire\/\"]}]},{\"@type\":\"ImageObject\",\"inLanguage\":\"fr-FR\",\"@id\":\"https:\/\/www.monteescalier.net\/france\/monte-escalier-indre-et-loire\/#primaryimage\",\"url\":\"https:\/\/www.monteescalier.net\/france\/wp-content\/uploads\/2013\/07\/indreetloire.jpg\",\"contentUrl\":\"https:\/\/www.monteescalier.net\/france\/wp-content\/uploads\/2013\/07\/indreetloire.jpg\",\"width\":507,\"height\":485},{\"@type\":\"BreadcrumbList\",\"@id\":\"https:\/\/www.monteescalier.net\/france\/monte-escalier-indre-et-loire\/#breadcrumb\",\"itemListElement\":[{\"@type\":\"ListItem\",\"position\":1,\"name\":\"Accueil\",\"item\":\"https:\/\/www.monteescalier.net\/france\/\"},{\"@type\":\"ListItem\",\"position\":2,\"name\":\"Monte escalier Indre et Loire Tours\"}]},{\"@type\":\"WebSite\",\"@id\":\"https:\/\/www.monteescalier.net\/france\/#website\",\"url\":\"https:\/\/www.monteescalier.net\/france\/\",\"name\":\"Monte escalier\",\"description\":\"\",\"publisher\":{\"@id\":\"https:\/\/www.monteescalier.net\/france\/#organization\"},\"potentialAction\":[{\"@type\":\"SearchAction\",\"target\":{\"@type\":\"EntryPoint\",\"urlTemplate\":\"https:\/\/www.monteescalier.net\/france\/?s={search_term_string}\"},\"query-input\":{\"@type\":\"PropertyValueSpecification\",\"valueRequired\":true,\"valueName\":\"search_term_string\"}}],\"inLanguage\":\"fr-FR\"},{\"@type\":\"Organization\",\"@id\":\"https:\/\/www.monteescalier.net\/france\/#organization\",\"name\":\"monte-escalier.net\",\"url\":\"https:\/\/www.monteescalier.net\/france\/\",\"logo\":{\"@type\":\"ImageObject\",\"inLanguage\":\"fr-FR\",\"@id\":\"https:\/\/www.monteescalier.net\/france\/#\/schema\/logo\/image\/\",\"url\":\"https:\/\/www.monteescalier.net\/france\/wp-content\/uploads\/2016\/10\/4devis-mont-escalier-500-500.gif\",\"contentUrl\":\"https:\/\/www.monteescalier.net\/france\/wp-content\/uploads\/2016\/10\/4devis-mont-escalier-500-500.gif\",\"width\":500,\"height\":500,\"caption\":\"monte-escalier.net\"},\"image\":{\"@id\":\"https:\/\/www.monteescalier.net\/france\/#\/schema\/logo\/image\/\"}}]}<\/script>\n<!-- \/ Yoast SEO plugin. -->","yoast_head_json":{"title":"Monte escalier Indre et Loire Tours - Monte escalier","description":"Le monte escalier que vous recherchez en Indre-et-Loire : Tours, Chinon, Loches.","robots":{"index":"index","follow":"follow","max-snippet":"max-snippet:-1","max-image-preview":"max-image-preview:large","max-video-preview":"max-video-preview:-1"},"canonical":"https:\/\/www.monteescalier.net\/france\/monte-escalier-indre-et-loire\/","og_locale":"fr_FR","og_type":"article","og_title":"Monte escalier Indre et Loire Tours - Monte escalier","og_description":"Le monte escalier que vous recherchez en Indre-et-Loire : Tours, Chinon, Loches.","og_url":"https:\/\/www.monteescalier.net\/france\/monte-escalier-indre-et-loire\/","og_site_name":"Monte escalier","article_modified_time":"2024-05-15T15:44:47+00:00","og_image":[{"url":"https:\/\/www.monteescalier.net\/france\/wp-content\/uploads\/2013\/07\/indreetloire.jpg","type":"","width":"","height":""}],"twitter_card":"summary_large_image","twitter_misc":{"Dur\u00e9e de lecture estim\u00e9e":"1 minute"},"schema":{"@context":"https:\/\/schema.org","@graph":[{"@type":"WebPage","@id":"https:\/\/www.monteescalier.net\/france\/monte-escalier-indre-et-loire\/","url":"https:\/\/www.monteescalier.net\/france\/monte-escalier-indre-et-loire\/","name":"Monte escalier Indre et Loire Tours - Monte escalier","isPartOf":{"@id":"https:\/\/www.monteescalier.net\/france\/#website"},"primaryImageOfPage":{"@id":"https:\/\/www.monteescalier.net\/france\/monte-escalier-indre-et-loire\/#primaryimage"},"image":{"@id":"https:\/\/www.monteescalier.net\/france\/monte-escalier-indre-et-loire\/#primaryimage"},"thumbnailUrl":"https:\/\/www.monteescalier.net\/france\/wp-content\/uploads\/2013\/07\/indreetloire.jpg","datePublished":"2023-07-16T09:10:28+00:00","dateModified":"2024-05-15T15:44:47+00:00","description":"Le monte escalier que vous recherchez en Indre-et-Loire : Tours, Chinon, Loches.","breadcrumb":{"@id":"https:\/\/www.monteescalier.net\/france\/monte-escalier-indre-et-loire\/#breadcrumb"},"inLanguage":"fr-FR","potentialAction":[{"@type":"ReadAction","target":["https:\/\/www.monteescalier.net\/france\/monte-escalier-indre-et-loire\/"]}]},{"@type":"ImageObject","inLanguage":"fr-FR","@id":"https:\/\/www.monteescalier.net\/france\/monte-escalier-indre-et-loire\/#primaryimage","url":"https:\/\/www.monteescalier.net\/france\/wp-content\/uploads\/2013\/07\/indreetloire.jpg","contentUrl":"https:\/\/www.monteescalier.net\/france\/wp-content\/uploads\/2013\/07\/indreetloire.jpg","width":507,"height":485},{"@type":"BreadcrumbList","@id":"https:\/\/www.monteescalier.net\/france\/monte-escalier-indre-et-loire\/#breadcrumb","itemListElement":[{"@type":"ListItem","position":1,"name":"Accueil","item":"https:\/\/www.monteescalier.net\/france\/"},{"@type":"ListItem","position":2,"name":"Monte escalier Indre et Loire Tours"}]},{"@type":"WebSite","@id":"https:\/\/www.monteescalier.net\/france\/#website","url":"https:\/\/www.monteescalier.net\/france\/","name":"Monte escalier","description":"","publisher":{"@id":"https:\/\/www.monteescalier.net\/france\/#organization"},"potentialAction":[{"@type":"SearchAction","target":{"@type":"EntryPoint","urlTemplate":"https:\/\/www.monteescalier.net\/france\/?s={search_term_string}"},"query-input":{"@type":"PropertyValueSpecification","valueRequired":true,"valueName":"search_term_string"}}],"inLanguage":"fr-FR"},{"@type":"Organization","@id":"https:\/\/www.monteescalier.net\/france\/#organization","name":"monte-escalier.net","url":"https:\/\/www.monteescalier.net\/france\/","logo":{"@type":"ImageObject","inLanguage":"fr-FR","@id":"https:\/\/www.monteescalier.net\/france\/#\/schema\/logo\/image\/","url":"https:\/\/www.monteescalier.net\/france\/wp-content\/uploads\/2016\/10\/4devis-mont-escalier-500-500.gif","contentUrl":"https:\/\/www.monteescalier.net\/france\/wp-content\/uploads\/2016\/10\/4devis-mont-escalier-500-500.gif","width":500,"height":500,"caption":"monte-escalier.net"},"image":{"@id":"https:\/\/www.monteescalier.net\/france\/#\/schema\/logo\/image\/"}}]}},"_links":{"self":[{"href":"https:\/\/www.monteescalier.net\/france\/wp-json\/wp\/v2\/pages\/76","targetHints":{"allow":["GET"]}}],"collection":[{"href":"https:\/\/www.monteescalier.net\/france\/wp-json\/wp\/v2\/pages"}],"about":[{"href":"https:\/\/www.monteescalier.net\/france\/wp-json\/wp\/v2\/types\/page"}],"author":[{"embeddable":true,"href":"https:\/\/www.monteescalier.net\/france\/wp-json\/wp\/v2\/users\/1"}],"replies":[{"embeddable":true,"href":"https:\/\/www.monteescalier.net\/france\/wp-json\/wp\/v2\/comments?post=76"}],"version-history":[{"count":2,"href":"https:\/\/www.monteescalier.net\/france\/wp-json\/wp\/v2\/pages\/76\/revisions"}],"predecessor-version":[{"id":9090,"href":"https:\/\/www.monteescalier.net\/france\/wp-json\/wp\/v2\/pages\/76\/revisions\/9090"}],"wp:attachment":[{"href":"https:\/\/www.monteescalier.net\/france\/wp-json\/wp\/v2\/media?parent=76"}],"curies":[{"name":"wp","href":"https:\/\/api.w.org\/{rel}","templated":true}]}}