{"id":89,"date":"2023-07-16T10:25:30","date_gmt":"2023-07-16T09:25:30","guid":{"rendered":"https:\/\/www.monteescalier.net\/monteescalier\/?page_id=89"},"modified":"2024-05-15T16:53:04","modified_gmt":"2024-05-15T15:53:04","slug":"monte-escalier-maine-et-loire","status":"publish","type":"page","link":"https:\/\/www.monteescalier.net\/france\/monte-escalier-maine-et-loire\/","title":{"rendered":"Monte escalier Maine et Loire, Angers"},"content":{"rendered":"<div class='content-column one_half'><div style=\"padding-right:19px;\"><h1>Installation d&rsquo;un monte escalier dans le Maine et Loire<\/h1>\n<p><b>Des \u00e9quipes de professionnels \u00e0 proximit\u00e9 :<\/b><br \/>\n<a href=\"https:\/\/www.monteescalier.net\/france\/monte-escalier-angers\/\">Monte escalier \u00e0 Angers<\/a><br \/>\n<a href=\"https:\/\/www.monteescalier.net\/france\/monte-escalier-saumur\/\">Monte escalier \u00e0 Saumur<\/a><br \/>\n<a href=\"https:\/\/www.monteescalier.net\/france\/monte-escalier-cholet\/\">Monte escalier \u00e0 Cholet<\/a><\/p>\n<p style=\"text-align: justify;\">Vous avez pour projet l\u2019installation d&rsquo;un monte-escalier chez vous dans le Maine et Loire? Vous \u00eates au bonne endroit, monteescalier.net vous accompagne dans la r\u00e9alisation de votre projet en vous permettant d&rsquo;entrer en contact directement avec une s\u00e9lection d&rsquo;installateurs, fabricants et revendeurs intervenant sur le d\u00e9partement du Maine et Loire.<\/p>\n<p style=\"text-align: justify;\">Remplissez un de nos formulaires de contact (un seul suffit!) et vous serez imm\u00e9diatement mis en relation avec notre \u00e9quipe d&rsquo;experts du monte escalier, repr\u00e9sentant diff\u00e9rentes marques et mod\u00e8les de monte escalier, ainsi que des installateurs confirm\u00e9s, qui pourront vous guider dans le choix de votre installation.<\/p>\n<p style=\"text-align: justify;\">A Angers, Saumur, Cholet, Tr\u00e9laz\u00e9 ou Avrill\u00e9, faites jouer la concurrence en interrogeant simultan\u00e9ment les meilleurs acteurs du monte escalier dans le d\u00e9partement du Maine et Loire.<\/p>\n<p style=\"text-align: justify;\">Conform\u00e9ment \u00e0 nos engagements, tous les revendeurs s&rsquo;engagent \u00e0 vous fournir gratuitement un devis sans engagement pour votre monte escalier que vous vous trouviez dans n&rsquo;importe quelle ville du d\u00e9partement : vous ne serez contact\u00e9 \u00ab\u00a0que\u00a0\u00bb par les installateurs qui couvrent votre zone g\u00e9ographique : de Chemill\u00e9 \u00e0 Segr\u00e9, de Douai la Fontaine \u00e0 Saint Barth\u00e9l\u00e9my d&rsquo;Anjou et de Beaufort en Vall\u00e9e \u00e0 Beaupr\u00e9au, les sp\u00e9cialistes du monte escalier en Maine et Loire sont pr\u00eats \u00e0 r\u00e9pondre \u00e0 tous vos besoins!<br \/>\nN&rsquo;h\u00e9sitez donc pas \u00e0 les contacter et profitez tr\u00e8s bient\u00f4t d&rsquo;un monte escalier de qualit\u00e9 dans votre maison.<\/p>\n<p>&nbsp;<\/p>\n<div class=\"bouton\">Cliquez ici pour obtenir des devis gratuits<\/div><\/div><\/div><div class='content-column one_half last_column'><a href=\"https:\/\/www.monteescalier.net\/devis-gratuit.php\" target=\"_blank\" rel=\"noopener\"><img loading=\"lazy\" decoding=\"async\" class=\"alignnone size-full img_region\" src=\"https:\/\/www.monteescalier.net\/france\/wp-content\/uploads\/2014\/10\/4devis-monte-escalier-photo-490.png\" alt=\"maine et loire\" width=\"507\" height=\"485\" \/><\/a><br \/>\n<img loading=\"lazy\" decoding=\"async\" class=\"alignnone size-full img_region_2\" src=\"https:\/\/www.monteescalier.net\/france\/wp-content\/uploads\/2013\/07\/maineetloire.jpg\" alt=\"maine et loire\" width=\"507\" height=\"485\" \/><\/div><div class='clear_column'><\/div><\/p>\n","protected":false},"excerpt":{"rendered":"","protected":false},"author":1,"featured_media":0,"parent":0,"menu_order":0,"comment_status":"open","ping_status":"closed","template":"template3.php","meta":{"_monsterinsights_skip_tracking":false,"_monsterinsights_sitenote_active":false,"_monsterinsights_sitenote_note":"","_monsterinsights_sitenote_category":0,"footnotes":""},"class_list":["post-89","page","type-page","status-publish","hentry"],"yoast_head":"<!-- This site is optimized with the Yoast SEO plugin v26.3 - https:\/\/yoast.com\/wordpress\/plugins\/seo\/ -->\n<title>Monte escalier Maine et Loire, Angers - Monte escalier<\/title>\n<meta name=\"description\" content=\"Nous avons plusieurs monte-escaliers a proximit\u00e9 de Maine et Loire, Angers, Saumur, Cholet .\" \/>\n<meta name=\"robots\" content=\"index, follow, max-snippet:-1, max-image-preview:large, max-video-preview:-1\" \/>\n<link rel=\"canonical\" href=\"https:\/\/www.monteescalier.net\/france\/monte-escalier-maine-et-loire\/\" \/>\n<meta property=\"og:locale\" content=\"fr_FR\" \/>\n<meta property=\"og:type\" content=\"article\" \/>\n<meta property=\"og:title\" content=\"Monte escalier Maine et Loire, Angers - Monte escalier\" \/>\n<meta property=\"og:description\" content=\"Nous avons plusieurs monte-escaliers a proximit\u00e9 de Maine et Loire, Angers, Saumur, Cholet .\" \/>\n<meta property=\"og:url\" content=\"https:\/\/www.monteescalier.net\/france\/monte-escalier-maine-et-loire\/\" \/>\n<meta property=\"og:site_name\" content=\"Monte escalier\" \/>\n<meta property=\"article:modified_time\" content=\"2024-05-15T15:53:04+00:00\" \/>\n<meta property=\"og:image\" content=\"https:\/\/www.monteescalier.net\/france\/wp-content\/uploads\/2014\/10\/4devis-monte-escalier-photo-490.png\" \/>\n<meta name=\"twitter:card\" content=\"summary_large_image\" \/>\n<meta name=\"twitter:label1\" content=\"Dur\u00e9e de lecture estim\u00e9e\" \/>\n\t<meta name=\"twitter:data1\" content=\"1 minute\" \/>\n<script type=\"application\/ld+json\" class=\"yoast-schema-graph\">{\"@context\":\"https:\/\/schema.org\",\"@graph\":[{\"@type\":\"WebPage\",\"@id\":\"https:\/\/www.monteescalier.net\/france\/monte-escalier-maine-et-loire\/\",\"url\":\"https:\/\/www.monteescalier.net\/france\/monte-escalier-maine-et-loire\/\",\"name\":\"Monte escalier Maine et Loire, Angers - Monte escalier\",\"isPartOf\":{\"@id\":\"https:\/\/www.monteescalier.net\/france\/#website\"},\"primaryImageOfPage\":{\"@id\":\"https:\/\/www.monteescalier.net\/france\/monte-escalier-maine-et-loire\/#primaryimage\"},\"image\":{\"@id\":\"https:\/\/www.monteescalier.net\/france\/monte-escalier-maine-et-loire\/#primaryimage\"},\"thumbnailUrl\":\"https:\/\/www.monteescalier.net\/france\/wp-content\/uploads\/2014\/10\/4devis-monte-escalier-photo-490.png\",\"datePublished\":\"2023-07-16T09:25:30+00:00\",\"dateModified\":\"2024-05-15T15:53:04+00:00\",\"description\":\"Nous avons plusieurs monte-escaliers a proximit\u00e9 de Maine et Loire, Angers, Saumur, Cholet .\",\"breadcrumb\":{\"@id\":\"https:\/\/www.monteescalier.net\/france\/monte-escalier-maine-et-loire\/#breadcrumb\"},\"inLanguage\":\"fr-FR\",\"potentialAction\":[{\"@type\":\"ReadAction\",\"target\":[\"https:\/\/www.monteescalier.net\/france\/monte-escalier-maine-et-loire\/\"]}]},{\"@type\":\"ImageObject\",\"inLanguage\":\"fr-FR\",\"@id\":\"https:\/\/www.monteescalier.net\/france\/monte-escalier-maine-et-loire\/#primaryimage\",\"url\":\"https:\/\/www.monteescalier.net\/france\/wp-content\/uploads\/2014\/10\/4devis-monte-escalier-photo-490.png\",\"contentUrl\":\"https:\/\/www.monteescalier.net\/france\/wp-content\/uploads\/2014\/10\/4devis-monte-escalier-photo-490.png\",\"width\":490,\"height\":267},{\"@type\":\"BreadcrumbList\",\"@id\":\"https:\/\/www.monteescalier.net\/france\/monte-escalier-maine-et-loire\/#breadcrumb\",\"itemListElement\":[{\"@type\":\"ListItem\",\"position\":1,\"name\":\"Accueil\",\"item\":\"https:\/\/www.monteescalier.net\/france\/\"},{\"@type\":\"ListItem\",\"position\":2,\"name\":\"Monte escalier Maine et Loire, Angers\"}]},{\"@type\":\"WebSite\",\"@id\":\"https:\/\/www.monteescalier.net\/france\/#website\",\"url\":\"https:\/\/www.monteescalier.net\/france\/\",\"name\":\"Monte escalier\",\"description\":\"\",\"publisher\":{\"@id\":\"https:\/\/www.monteescalier.net\/france\/#organization\"},\"potentialAction\":[{\"@type\":\"SearchAction\",\"target\":{\"@type\":\"EntryPoint\",\"urlTemplate\":\"https:\/\/www.monteescalier.net\/france\/?s={search_term_string}\"},\"query-input\":{\"@type\":\"PropertyValueSpecification\",\"valueRequired\":true,\"valueName\":\"search_term_string\"}}],\"inLanguage\":\"fr-FR\"},{\"@type\":\"Organization\",\"@id\":\"https:\/\/www.monteescalier.net\/france\/#organization\",\"name\":\"monte-escalier.net\",\"url\":\"https:\/\/www.monteescalier.net\/france\/\",\"logo\":{\"@type\":\"ImageObject\",\"inLanguage\":\"fr-FR\",\"@id\":\"https:\/\/www.monteescalier.net\/france\/#\/schema\/logo\/image\/\",\"url\":\"https:\/\/www.monteescalier.net\/france\/wp-content\/uploads\/2016\/10\/4devis-mont-escalier-500-500.gif\",\"contentUrl\":\"https:\/\/www.monteescalier.net\/france\/wp-content\/uploads\/2016\/10\/4devis-mont-escalier-500-500.gif\",\"width\":500,\"height\":500,\"caption\":\"monte-escalier.net\"},\"image\":{\"@id\":\"https:\/\/www.monteescalier.net\/france\/#\/schema\/logo\/image\/\"}}]}<\/script>\n<!-- \/ Yoast SEO plugin. -->","yoast_head_json":{"title":"Monte escalier Maine et Loire, Angers - Monte escalier","description":"Nous avons plusieurs monte-escaliers a proximit\u00e9 de Maine et Loire, Angers, Saumur, Cholet .","robots":{"index":"index","follow":"follow","max-snippet":"max-snippet:-1","max-image-preview":"max-image-preview:large","max-video-preview":"max-video-preview:-1"},"canonical":"https:\/\/www.monteescalier.net\/france\/monte-escalier-maine-et-loire\/","og_locale":"fr_FR","og_type":"article","og_title":"Monte escalier Maine et Loire, Angers - Monte escalier","og_description":"Nous avons plusieurs monte-escaliers a proximit\u00e9 de Maine et Loire, Angers, Saumur, Cholet .","og_url":"https:\/\/www.monteescalier.net\/france\/monte-escalier-maine-et-loire\/","og_site_name":"Monte escalier","article_modified_time":"2024-05-15T15:53:04+00:00","og_image":[{"url":"https:\/\/www.monteescalier.net\/france\/wp-content\/uploads\/2014\/10\/4devis-monte-escalier-photo-490.png","type":"","width":"","height":""}],"twitter_card":"summary_large_image","twitter_misc":{"Dur\u00e9e de lecture estim\u00e9e":"1 minute"},"schema":{"@context":"https:\/\/schema.org","@graph":[{"@type":"WebPage","@id":"https:\/\/www.monteescalier.net\/france\/monte-escalier-maine-et-loire\/","url":"https:\/\/www.monteescalier.net\/france\/monte-escalier-maine-et-loire\/","name":"Monte escalier Maine et Loire, Angers - Monte escalier","isPartOf":{"@id":"https:\/\/www.monteescalier.net\/france\/#website"},"primaryImageOfPage":{"@id":"https:\/\/www.monteescalier.net\/france\/monte-escalier-maine-et-loire\/#primaryimage"},"image":{"@id":"https:\/\/www.monteescalier.net\/france\/monte-escalier-maine-et-loire\/#primaryimage"},"thumbnailUrl":"https:\/\/www.monteescalier.net\/france\/wp-content\/uploads\/2014\/10\/4devis-monte-escalier-photo-490.png","datePublished":"2023-07-16T09:25:30+00:00","dateModified":"2024-05-15T15:53:04+00:00","description":"Nous avons plusieurs monte-escaliers a proximit\u00e9 de Maine et Loire, Angers, Saumur, Cholet .","breadcrumb":{"@id":"https:\/\/www.monteescalier.net\/france\/monte-escalier-maine-et-loire\/#breadcrumb"},"inLanguage":"fr-FR","potentialAction":[{"@type":"ReadAction","target":["https:\/\/www.monteescalier.net\/france\/monte-escalier-maine-et-loire\/"]}]},{"@type":"ImageObject","inLanguage":"fr-FR","@id":"https:\/\/www.monteescalier.net\/france\/monte-escalier-maine-et-loire\/#primaryimage","url":"https:\/\/www.monteescalier.net\/france\/wp-content\/uploads\/2014\/10\/4devis-monte-escalier-photo-490.png","contentUrl":"https:\/\/www.monteescalier.net\/france\/wp-content\/uploads\/2014\/10\/4devis-monte-escalier-photo-490.png","width":490,"height":267},{"@type":"BreadcrumbList","@id":"https:\/\/www.monteescalier.net\/france\/monte-escalier-maine-et-loire\/#breadcrumb","itemListElement":[{"@type":"ListItem","position":1,"name":"Accueil","item":"https:\/\/www.monteescalier.net\/france\/"},{"@type":"ListItem","position":2,"name":"Monte escalier Maine et Loire, Angers"}]},{"@type":"WebSite","@id":"https:\/\/www.monteescalier.net\/france\/#website","url":"https:\/\/www.monteescalier.net\/france\/","name":"Monte escalier","description":"","publisher":{"@id":"https:\/\/www.monteescalier.net\/france\/#organization"},"potentialAction":[{"@type":"SearchAction","target":{"@type":"EntryPoint","urlTemplate":"https:\/\/www.monteescalier.net\/france\/?s={search_term_string}"},"query-input":{"@type":"PropertyValueSpecification","valueRequired":true,"valueName":"search_term_string"}}],"inLanguage":"fr-FR"},{"@type":"Organization","@id":"https:\/\/www.monteescalier.net\/france\/#organization","name":"monte-escalier.net","url":"https:\/\/www.monteescalier.net\/france\/","logo":{"@type":"ImageObject","inLanguage":"fr-FR","@id":"https:\/\/www.monteescalier.net\/france\/#\/schema\/logo\/image\/","url":"https:\/\/www.monteescalier.net\/france\/wp-content\/uploads\/2016\/10\/4devis-mont-escalier-500-500.gif","contentUrl":"https:\/\/www.monteescalier.net\/france\/wp-content\/uploads\/2016\/10\/4devis-mont-escalier-500-500.gif","width":500,"height":500,"caption":"monte-escalier.net"},"image":{"@id":"https:\/\/www.monteescalier.net\/france\/#\/schema\/logo\/image\/"}}]}},"_links":{"self":[{"href":"https:\/\/www.monteescalier.net\/france\/wp-json\/wp\/v2\/pages\/89","targetHints":{"allow":["GET"]}}],"collection":[{"href":"https:\/\/www.monteescalier.net\/france\/wp-json\/wp\/v2\/pages"}],"about":[{"href":"https:\/\/www.monteescalier.net\/france\/wp-json\/wp\/v2\/types\/page"}],"author":[{"embeddable":true,"href":"https:\/\/www.monteescalier.net\/france\/wp-json\/wp\/v2\/users\/1"}],"replies":[{"embeddable":true,"href":"https:\/\/www.monteescalier.net\/france\/wp-json\/wp\/v2\/comments?post=89"}],"version-history":[{"count":7,"href":"https:\/\/www.monteescalier.net\/france\/wp-json\/wp\/v2\/pages\/89\/revisions"}],"predecessor-version":[{"id":9112,"href":"https:\/\/www.monteescalier.net\/france\/wp-json\/wp\/v2\/pages\/89\/revisions\/9112"}],"wp:attachment":[{"href":"https:\/\/www.monteescalier.net\/france\/wp-json\/wp\/v2\/media?parent=89"}],"curies":[{"name":"wp","href":"https:\/\/api.w.org\/{rel}","templated":true}]}}

<div class='content-column one_half'><div style="padding-right:19px;"><h1>Installation d&rsquo;un monte escalier dans le Maine et Loire</h1>
<p><b>Des équipes de professionnels à proximité :</b><br />
<a href="https://www.monteescalier.net/france/monte-escalier-angers/">Monte escalier à Angers</a><br />
<a href="https://www.monteescalier.net/france/monte-escalier-saumur/">Monte escalier à Saumur</a><br />
<a href="https://www.monteescalier.net/france/monte-escalier-cholet/">Monte escalier à Cholet</a></p>
<p style="text-align: justify;">Vous avez pour projet l’installation d&rsquo;un monte-escalier chez vous dans le Maine et Loire? Vous êtes au bonne endroit, monteescalier.net vous accompagne dans la réalisation de votre projet en vous permettant d&rsquo;entrer en contact directement avec une sélection d&rsquo;installateurs, fabricants et revendeurs intervenant sur le département du Maine et Loire.</p>
<p style="text-align: justify;">Remplissez un de nos formulaires de contact (un seul suffit!) et vous serez immédiatement mis en relation avec notre équipe d&rsquo;experts du monte escalier, représentant différentes marques et modèles de monte escalier, ainsi que des installateurs confirmés, qui pourront vous guider dans le choix de votre installation.</p>
<p style="text-align: justify;">A Angers, Saumur, Cholet, Trélazé ou Avrillé, faites jouer la concurrence en interrogeant simultanément les meilleurs acteurs du monte escalier dans le département du Maine et Loire.</p>
<p style="text-align: justify;">Conformément à nos engagements, tous les revendeurs s&rsquo;engagent à vous fournir gratuitement un devis sans engagement pour votre monte escalier que vous vous trouviez dans n&rsquo;importe quelle ville du département : vous ne serez contacté « que » par les installateurs qui couvrent votre zone géographique : de Chemillé à Segré, de Douai la Fontaine à Saint Barthélémy d&rsquo;Anjou et de Beaufort en Vallée à Beaupréau, les spécialistes du monte escalier en Maine et Loire sont prêts à répondre à tous vos besoins!<br />
N&rsquo;hésitez donc pas à les contacter et profitez très bientôt d&rsquo;un monte escalier de qualité dans votre maison.</p>
<p>&nbsp;</p>
<div class="bouton">Cliquez ici pour obtenir des devis gratuits</div></div></div><div class='content-column one_half last_column'><a href="https://www.monteescalier.net/devis-gratuit.php" target="_blank" rel="noopener"><img loading="lazy" decoding="async" class="alignnone size-full img_region" src="https://www.monteescalier.net/france/wp-content/uploads/2014/10/4devis-monte-escalier-photo-490.png" alt="maine et loire" width="507" height="485" /></a><br />
<img loading="lazy" decoding="async" class="alignnone size-full img_region_2" src="https://www.monteescalier.net/france/wp-content/uploads/2013/07/maineetloire.jpg" alt="maine et loire" width="507" height="485" /></div><div class='clear_column'></div></p>

<!-- This site is optimized with the Yoast SEO plugin v26.3 - https://yoast.com/wordpress/plugins/seo/ -->
<title>Monte escalier Maine et Loire, Angers - Monte escalier</title>
<meta name="description" content="Nous avons plusieurs monte-escaliers a proximité de Maine et Loire, Angers, Saumur, Cholet ." />
<meta name="robots" content="index, follow, max-snippet:-1, max-image-preview:large, max-video-preview:-1" />
<link rel="canonical" href="https://www.monteescalier.net/france/monte-escalier-maine-et-loire/" />
<meta property="og:locale" content="fr_FR" />
<meta property="og:type" content="article" />
<meta property="og:title" content="Monte escalier Maine et Loire, Angers - Monte escalier" />
<meta property="og:description" content="Nous avons plusieurs monte-escaliers a proximité de Maine et Loire, Angers, Saumur, Cholet ." />
<meta property="og:url" content="https://www.monteescalier.net/france/monte-escalier-maine-et-loire/" />
<meta property="og:site_name" content="Monte escalier" />
<meta property="article:modified_time" content="2024-05-15T15:53:04+00:00" />
<meta property="og:image" content="https://www.monteescalier.net/france/wp-content/uploads/2014/10/4devis-monte-escalier-photo-490.png" />
<meta name="twitter:card" content="summary_large_image" />
<meta name="twitter:label1" content="Durée de lecture estimée" />
	<meta name="twitter:data1" content="1 minute" />
<script type="application/ld+json" class="yoast-schema-graph">{"@context":"https://schema.org","@graph":[{"@type":"WebPage","@id":"https://www.monteescalier.net/france/monte-escalier-maine-et-loire/","url":"https://www.monteescalier.net/france/monte-escalier-maine-et-loire/","name":"Monte escalier Maine et Loire, Angers - Monte escalier","isPartOf":{"@id":"https://www.monteescalier.net/france/#website"},"primaryImageOfPage":{"@id":"https://www.monteescalier.net/france/monte-escalier-maine-et-loire/#primaryimage"},"image":{"@id":"https://www.monteescalier.net/france/monte-escalier-maine-et-loire/#primaryimage"},"thumbnailUrl":"https://www.monteescalier.net/france/wp-content/uploads/2014/10/4devis-monte-escalier-photo-490.png","datePublished":"2023-07-16T09:25:30+00:00","dateModified":"2024-05-15T15:53:04+00:00","description":"Nous avons plusieurs monte-escaliers a proximité de Maine et Loire, Angers, Saumur, Cholet .","breadcrumb":{"@id":"https://www.monteescalier.net/france/monte-escalier-maine-et-loire/#breadcrumb"},"inLanguage":"fr-FR","potentialAction":[{"@type":"ReadAction","target":["https://www.monteescalier.net/france/monte-escalier-maine-et-loire/"]}]},{"@type":"ImageObject","inLanguage":"fr-FR","@id":"https://www.monteescalier.net/france/monte-escalier-maine-et-loire/#primaryimage","url":"https://www.monteescalier.net/france/wp-content/uploads/2014/10/4devis-monte-escalier-photo-490.png","contentUrl":"https://www.monteescalier.net/france/wp-content/uploads/2014/10/4devis-monte-escalier-photo-490.png","width":490,"height":267},{"@type":"BreadcrumbList","@id":"https://www.monteescalier.net/france/monte-escalier-maine-et-loire/#breadcrumb","itemListElement":[{"@type":"ListItem","position":1,"name":"Accueil","item":"https://www.monteescalier.net/france/"},{"@type":"ListItem","position":2,"name":"Monte escalier Maine et Loire, Angers"}]},{"@type":"WebSite","@id":"https://www.monteescalier.net/france/#website","url":"https://www.monteescalier.net/france/","name":"Monte escalier","description":"","publisher":{"@id":"https://www.monteescalier.net/france/#organization"},"potentialAction":[{"@type":"SearchAction","target":{"@type":"EntryPoint","urlTemplate":"https://www.monteescalier.net/france/?s={search_term_string}"},"query-input":{"@type":"PropertyValueSpecification","valueRequired":true,"valueName":"search_term_string"}}],"inLanguage":"fr-FR"},{"@type":"Organization","@id":"https://www.monteescalier.net/france/#organization","name":"monte-escalier.net","url":"https://www.monteescalier.net/france/","logo":{"@type":"ImageObject","inLanguage":"fr-FR","@id":"https://www.monteescalier.net/france/#/schema/logo/image/","url":"https://www.monteescalier.net/france/wp-content/uploads/2016/10/4devis-mont-escalier-500-500.gif","contentUrl":"https://www.monteescalier.net/france/wp-content/uploads/2016/10/4devis-mont-escalier-500-500.gif","width":500,"height":500,"caption":"monte-escalier.net"},"image":{"@id":"https://www.monteescalier.net/france/#/schema/logo/image/"}}]}</script>
<!-- / Yoast SEO plugin. -->

Nous avons plusieurs monte-escaliers a proximité de Maine et Loire, Angers, Saumur, Cholet .
