{"id":918,"date":"2021-02-26T10:47:10","date_gmt":"2021-02-26T09:47:10","guid":{"rendered":"https:\/\/www.monteescalier.net\/france\/?page_id=918"},"modified":"2021-11-08T16:24:48","modified_gmt":"2021-11-08T15:24:48","slug":"monte-escalier-strasbourg","status":"publish","type":"page","link":"https:\/\/www.monteescalier.net\/france\/monte-escalier-strasbourg\/","title":{"rendered":"Monte escalier Strasbourg"},"content":{"rendered":"<h1>Obtenez des devis de monte escalier \u00e0 Strasbourg<\/h1>\n<div class=\"boite_texte\">\n<div style=\"text-align: justify;\">Vous d\u00e9sirez acheter un monte escalier \u00e0 Strasbourg. Pour r\u00e9ussir votre achat, vous avez tout int\u00e9r\u00eat \u00e0 consulter plusieurs installateurs, d&rsquo;une part pour v\u00e9rifier que la solution technique qu&rsquo;ils vous proposent et la plus adapt\u00e9e \u00e0 votre besoin et d&rsquo;autre part pour avoir une id\u00e9e tr\u00e8s pr\u00e9cise des prix pratiqu\u00e9s, non pas en g\u00e9n\u00e9ral mais pour votre propre projet. \u00a0Si vous r\u00e9ussissez \u00e0 obtenir plusieurs devis d&rsquo;entreprises diff\u00e9rentes, vous aurez certainement plus de possibilit\u00e9s pour n\u00e9gocier \u00e0 la baisse l&rsquo;achat de votre monte escalier, ou obtenir des services suppl\u00e9mentaires commes par exemple une garantie \u00e9tendue.<\/div>\n<h2>\u00a0Comment obtenir des devis de monte escalier<\/h2>\n<p style=\"text-align: justify;\">Le moyen d&rsquo;avoir des devis le plus \u00e9vident est de contacter un par un les installateurs alsaciens pour obtenir aupr\u00e8s de chacun d&rsquo;eux, un devis. Ca va prendre un certain temps et vous n&rsquo;aurez pas vraiment d&rsquo;informations sur ces entreprises. Ont elle bonne r\u00e9putation ? Pratiquent t&rsquo;elles des tarifs attractifs ? et plein d&rsquo;autres questions encore !<\/p>\n<p style=\"text-align: justify;\">C&rsquo;est pour cette raison que nous avons cr\u00e9\u00e9 Monteescalier.net : qui sommes nous ? simplement un portail mettant en rapport les gens int\u00e9ress\u00e9s par l&rsquo;achat d&rsquo;un monte escalier et les professionnels\u00a0du monte escalier. \u00a0Attention, nous ne sommes affili\u00e9s \u00e0 personne, nous ne d\u00e9pendons ni d&rsquo;une grande marque, ni d&rsquo;un r\u00e9seau de distribution. Nous avons \u00e9tabli pour chaque ville une liste de prestataires avec qui, nous pensons que vous pouvez travailler en toute confiance. Nous n&rsquo;avons pas la pr\u00e9tention de dire que notre liste est la meilleure (m\u00eame si souvent nous le pensons tr\u00e8s forts), mais nous avons l&rsquo;intention de vous convaincre d&rsquo;une mani\u00e8re tr\u00e8s simple avec 2 arguments : le premier c&rsquo;est que vous allez acc\u00e9der gratuitement \u00e0 notre s\u00e9lection d&rsquo;installateurs de monte escalier sur Strasbourg, et le deuxi\u00e8me c&rsquo;est que vous ne serez pas engag\u00e9 par un quelconque contrat : si les prestataires que nous avons s\u00e9lectionn\u00e9 pour vous ne vous conviennent pas, vous restez totalement libres, \u00e0 tout moment, de vous tourner vers d&rsquo;autres installateurs de monte escalier.<\/p>\n<p>&nbsp;<\/p>\n<div align=\"center\">\n<div id=\"attachment_6795\" style=\"width: 310px\" class=\"wp-caption aligncenter\"><a href=\"https:\/\/www.monteescalier.net\/france\/wp-content\/uploads\/2013\/09\/strasbourg-petite-france.jpg\"><img loading=\"lazy\" decoding=\"async\" aria-describedby=\"caption-attachment-6795\" class=\"size-medium wp-image-6795\" src=\"https:\/\/www.monteescalier.net\/france\/wp-content\/uploads\/2013\/09\/strasbourg-petite-france-300x168.jpg\" alt=\"Strasbourg, quartier Petite France\" width=\"300\" height=\"168\" srcset=\"https:\/\/www.monteescalier.net\/france\/wp-content\/uploads\/2013\/09\/strasbourg-petite-france-300x168.jpg 300w, https:\/\/www.monteescalier.net\/france\/wp-content\/uploads\/2013\/09\/strasbourg-petite-france-1024x575.jpg 1024w, https:\/\/www.monteescalier.net\/france\/wp-content\/uploads\/2013\/09\/strasbourg-petite-france.jpg 1280w\" sizes=\"auto, (max-width: 300px) 100vw, 300px\" \/><\/a><p id=\"caption-attachment-6795\" class=\"wp-caption-text\">Strasbourg, quartier Petite France<\/p><\/div>\n<\/div>\n<\/div>\n<div style=\"text-align: justify;\"><\/div>\n<h2 style=\"text-align: justify;\">Comment fonctionne notre service de mise en relation avec les vendeurs de monte escalier<\/h2>\n<div style=\"text-align: justify;\"><\/div>\n<div class=\"boite_texte\">\n<div style=\"text-align: justify;\">Notre formule est simple et totalement transparente. De votre c\u00f4t\u00e9 vous remplissez le formulaire de demande de devis qui se trouve en haut de cette page. De notre c\u00f4t\u00e9 nous transmettrons vos coordonn\u00e9es \u00e0 notre liste d&rsquo;installateurs alsaciens, \u00e0 eux, et \u00e0 personne d&rsquo;autres, nous ne ferons aucun autre usage de vos donn\u00e9es et nous nous engageons \u00e0 ne pas le faire : c&rsquo;est important non?<\/div>\n<div style=\"text-align: justify;\"><\/div>\n<div style=\"text-align: justify;\"><\/div>\n<p>Ensuite il ne vous restera qu&rsquo;\u00e0 patienter&#8230;pas tr\u00e8s longtemps car nos prestataires partenaires sont connus pour leur r\u00e9activit\u00e9. Vous serez alors contact\u00e9 par la pr\u00e9s\u00e9lection d&rsquo;installateurs, qui vous proposeront chacun un devis et une \u00e9tude sp\u00e9cifique sur l&rsquo;installation de votre monte escalier. Une proposition vous convient ? Tr\u00e8s bien, vous pouvez signer librement avec l&rsquo;installateur de votre choix, cela ne nous concerne pas : nous ne touchons pas de commissions sur les ventes, c&rsquo;est triste, mais cela garantit notre ind\u00e9pendance !<\/p>\n<h2>Le formulaire de demande de rappel pour les demandes techniques<\/h2>\n<div style=\"text-align: justify;\">Un seul formulaire \u00e0 compl\u00e9ter pour \u00eatre rappel\u00e9 par des professionnels du monte escalier, c&rsquo;est le deuxi\u00e8me service totalement gratuit que nous vous proposons avec la demande de rappel. C&rsquo;est la garantie d&rsquo;\u00eatre rappel\u00e9 tr\u00e8s vite par plusieurs installateurs de monte escalier qui pourront ainsi vous proposer des solutions individualis\u00e9es aux questions que vous vous posez certainement.<\/div>\n<p>Pourquoi perdre votre temps \u00e0 une recherche fastidieuse alors\u00a0que tous nos services sont enti\u00e8rement gratuits. Nous avons fait le travail de pr\u00e9selection de votre installateur de \u00a0monte escalier \u00e0 Strasbourg. Utilisez nos services ne vous co\u00fbtera rien et ne vous engagera \u00e0 rien&#8230; alors pourquoi ne pas tenter le coup ! Laissez nous vos coordonn\u00e9es et testez nos services sans engagement.<\/p>\n<\/div>\n<p>&nbsp;<\/p>\n<div class=\"titre_liens\">A consulter aussi en Alsace:<\/div>\n<div class=\"boite_liens\"><a href=\"https:\/\/www.monteescalier.net\/france\/monte-escalier-haguenau\">Monte escalier Haguenau<\/a><br \/>\n<a href=\"https:\/\/www.monteescalier.net\/france\/monte-escalier-schiltigheim\">Monte escalier Schiltigheim<\/a><br \/>\n<a href=\"https:\/\/www.monteescalier.net\/france\/monte-escalier-illkirch-graffenstaden\">Monte escalier Illkirch-Graffenstaden<\/a><br \/>\n<a href=\"https:\/\/www.monteescalier.net\/france\/monte-escalier-selestat\">Monte escalier S\u00e9lestat<\/a><br \/>\n<a href=\"https:\/\/www.monteescalier.net\/france\/monte-escalier-bischheim\">Monte escalier Bischheim<\/a><\/div>\n<div class=\"boite_liens\"><\/div>\n<div class=\"boite_liens\">Fiche mise \u00e0 jour le 02\/11\/2016<\/div>\n","protected":false},"excerpt":{"rendered":"<p>Obtenez des devis de monte escalier \u00e0 Strasbourg Vous d\u00e9sirez acheter un monte escalier \u00e0 Strasbourg. Pour r\u00e9ussir votre achat, vous avez tout int\u00e9r\u00eat \u00e0 consulter plusieurs installateurs, d&rsquo;une part pour v\u00e9rifier que la solution technique qu&rsquo;ils vous proposent et la plus adapt\u00e9e \u00e0 votre besoin et d&rsquo;autre part pour avoir une id\u00e9e tr\u00e8s pr\u00e9cise [&hellip;]<\/p>\n","protected":false},"author":1,"featured_media":0,"parent":0,"menu_order":0,"comment_status":"closed","ping_status":"open","template":"template_ville_1.php","meta":{"_monsterinsights_skip_tracking":false,"_monsterinsights_sitenote_active":false,"_monsterinsights_sitenote_note":"","_monsterinsights_sitenote_category":0,"footnotes":""},"class_list":["post-918","page","type-page","status-publish","hentry"],"yoast_head":"<!-- This site is optimized with the Yoast SEO plugin v26.3 - https:\/\/yoast.com\/wordpress\/plugins\/seo\/ -->\n<title>Monte escalier Strasbourg - Monte escalier<\/title>\n<meta name=\"description\" content=\"Concr\u00e9tisez votre projet de monte-escalier \u00e0 Strasbourg gr\u00e2ce a nos experts disponible selon votre convenance\" \/>\n<meta name=\"robots\" content=\"index, follow, max-snippet:-1, max-image-preview:large, max-video-preview:-1\" \/>\n<link rel=\"canonical\" href=\"https:\/\/www.monteescalier.net\/france\/monte-escalier-strasbourg\/\" \/>\n<meta property=\"og:locale\" content=\"fr_FR\" \/>\n<meta property=\"og:type\" content=\"article\" \/>\n<meta property=\"og:title\" content=\"Monte escalier Strasbourg - Monte escalier\" \/>\n<meta property=\"og:description\" content=\"Concr\u00e9tisez votre projet de monte-escalier \u00e0 Strasbourg gr\u00e2ce a nos experts disponible selon votre convenance\" \/>\n<meta property=\"og:url\" content=\"https:\/\/www.monteescalier.net\/france\/monte-escalier-strasbourg\/\" \/>\n<meta property=\"og:site_name\" content=\"Monte escalier\" \/>\n<meta property=\"article:modified_time\" content=\"2021-11-08T15:24:48+00:00\" \/>\n<meta property=\"og:image\" content=\"https:\/\/www.monteescalier.net\/france\/wp-content\/uploads\/2013\/09\/strasbourg-petite-france-300x168.jpg\" \/>\n<meta name=\"twitter:card\" content=\"summary_large_image\" \/>\n<meta name=\"twitter:label1\" content=\"Dur\u00e9e de lecture estim\u00e9e\" \/>\n\t<meta name=\"twitter:data1\" content=\"3 minutes\" \/>\n<script type=\"application\/ld+json\" class=\"yoast-schema-graph\">{\"@context\":\"https:\/\/schema.org\",\"@graph\":[{\"@type\":\"WebPage\",\"@id\":\"https:\/\/www.monteescalier.net\/france\/monte-escalier-strasbourg\/\",\"url\":\"https:\/\/www.monteescalier.net\/france\/monte-escalier-strasbourg\/\",\"name\":\"Monte escalier Strasbourg - Monte escalier\",\"isPartOf\":{\"@id\":\"https:\/\/www.monteescalier.net\/france\/#website\"},\"primaryImageOfPage\":{\"@id\":\"https:\/\/www.monteescalier.net\/france\/monte-escalier-strasbourg\/#primaryimage\"},\"image\":{\"@id\":\"https:\/\/www.monteescalier.net\/france\/monte-escalier-strasbourg\/#primaryimage\"},\"thumbnailUrl\":\"https:\/\/www.monteescalier.net\/france\/wp-content\/uploads\/2013\/09\/strasbourg-petite-france-300x168.jpg\",\"datePublished\":\"2021-02-26T09:47:10+00:00\",\"dateModified\":\"2021-11-08T15:24:48+00:00\",\"description\":\"Concr\u00e9tisez votre projet de monte-escalier \u00e0 Strasbourg gr\u00e2ce a nos experts disponible selon votre convenance\",\"breadcrumb\":{\"@id\":\"https:\/\/www.monteescalier.net\/france\/monte-escalier-strasbourg\/#breadcrumb\"},\"inLanguage\":\"fr-FR\",\"potentialAction\":[{\"@type\":\"ReadAction\",\"target\":[\"https:\/\/www.monteescalier.net\/france\/monte-escalier-strasbourg\/\"]}]},{\"@type\":\"ImageObject\",\"inLanguage\":\"fr-FR\",\"@id\":\"https:\/\/www.monteescalier.net\/france\/monte-escalier-strasbourg\/#primaryimage\",\"url\":\"https:\/\/www.monteescalier.net\/france\/wp-content\/uploads\/2013\/09\/strasbourg-petite-france.jpg\",\"contentUrl\":\"https:\/\/www.monteescalier.net\/france\/wp-content\/uploads\/2013\/09\/strasbourg-petite-france.jpg\",\"width\":1280,\"height\":719,\"caption\":\"Strasbourg, quartier Petite France\"},{\"@type\":\"BreadcrumbList\",\"@id\":\"https:\/\/www.monteescalier.net\/france\/monte-escalier-strasbourg\/#breadcrumb\",\"itemListElement\":[{\"@type\":\"ListItem\",\"position\":1,\"name\":\"Accueil\",\"item\":\"https:\/\/www.monteescalier.net\/france\/\"},{\"@type\":\"ListItem\",\"position\":2,\"name\":\"Monte escalier Strasbourg\"}]},{\"@type\":\"WebSite\",\"@id\":\"https:\/\/www.monteescalier.net\/france\/#website\",\"url\":\"https:\/\/www.monteescalier.net\/france\/\",\"name\":\"Monte escalier\",\"description\":\"\",\"publisher\":{\"@id\":\"https:\/\/www.monteescalier.net\/france\/#organization\"},\"potentialAction\":[{\"@type\":\"SearchAction\",\"target\":{\"@type\":\"EntryPoint\",\"urlTemplate\":\"https:\/\/www.monteescalier.net\/france\/?s={search_term_string}\"},\"query-input\":{\"@type\":\"PropertyValueSpecification\",\"valueRequired\":true,\"valueName\":\"search_term_string\"}}],\"inLanguage\":\"fr-FR\"},{\"@type\":\"Organization\",\"@id\":\"https:\/\/www.monteescalier.net\/france\/#organization\",\"name\":\"monte-escalier.net\",\"url\":\"https:\/\/www.monteescalier.net\/france\/\",\"logo\":{\"@type\":\"ImageObject\",\"inLanguage\":\"fr-FR\",\"@id\":\"https:\/\/www.monteescalier.net\/france\/#\/schema\/logo\/image\/\",\"url\":\"https:\/\/www.monteescalier.net\/france\/wp-content\/uploads\/2016\/10\/4devis-mont-escalier-500-500.gif\",\"contentUrl\":\"https:\/\/www.monteescalier.net\/france\/wp-content\/uploads\/2016\/10\/4devis-mont-escalier-500-500.gif\",\"width\":500,\"height\":500,\"caption\":\"monte-escalier.net\"},\"image\":{\"@id\":\"https:\/\/www.monteescalier.net\/france\/#\/schema\/logo\/image\/\"}}]}<\/script>\n<!-- \/ Yoast SEO plugin. -->","yoast_head_json":{"title":"Monte escalier Strasbourg - Monte escalier","description":"Concr\u00e9tisez votre projet de monte-escalier \u00e0 Strasbourg gr\u00e2ce a nos experts disponible selon votre convenance","robots":{"index":"index","follow":"follow","max-snippet":"max-snippet:-1","max-image-preview":"max-image-preview:large","max-video-preview":"max-video-preview:-1"},"canonical":"https:\/\/www.monteescalier.net\/france\/monte-escalier-strasbourg\/","og_locale":"fr_FR","og_type":"article","og_title":"Monte escalier Strasbourg - Monte escalier","og_description":"Concr\u00e9tisez votre projet de monte-escalier \u00e0 Strasbourg gr\u00e2ce a nos experts disponible selon votre convenance","og_url":"https:\/\/www.monteescalier.net\/france\/monte-escalier-strasbourg\/","og_site_name":"Monte escalier","article_modified_time":"2021-11-08T15:24:48+00:00","og_image":[{"url":"https:\/\/www.monteescalier.net\/france\/wp-content\/uploads\/2013\/09\/strasbourg-petite-france-300x168.jpg","type":"","width":"","height":""}],"twitter_card":"summary_large_image","twitter_misc":{"Dur\u00e9e de lecture estim\u00e9e":"3 minutes"},"schema":{"@context":"https:\/\/schema.org","@graph":[{"@type":"WebPage","@id":"https:\/\/www.monteescalier.net\/france\/monte-escalier-strasbourg\/","url":"https:\/\/www.monteescalier.net\/france\/monte-escalier-strasbourg\/","name":"Monte escalier Strasbourg - Monte escalier","isPartOf":{"@id":"https:\/\/www.monteescalier.net\/france\/#website"},"primaryImageOfPage":{"@id":"https:\/\/www.monteescalier.net\/france\/monte-escalier-strasbourg\/#primaryimage"},"image":{"@id":"https:\/\/www.monteescalier.net\/france\/monte-escalier-strasbourg\/#primaryimage"},"thumbnailUrl":"https:\/\/www.monteescalier.net\/france\/wp-content\/uploads\/2013\/09\/strasbourg-petite-france-300x168.jpg","datePublished":"2021-02-26T09:47:10+00:00","dateModified":"2021-11-08T15:24:48+00:00","description":"Concr\u00e9tisez votre projet de monte-escalier \u00e0 Strasbourg gr\u00e2ce a nos experts disponible selon votre convenance","breadcrumb":{"@id":"https:\/\/www.monteescalier.net\/france\/monte-escalier-strasbourg\/#breadcrumb"},"inLanguage":"fr-FR","potentialAction":[{"@type":"ReadAction","target":["https:\/\/www.monteescalier.net\/france\/monte-escalier-strasbourg\/"]}]},{"@type":"ImageObject","inLanguage":"fr-FR","@id":"https:\/\/www.monteescalier.net\/france\/monte-escalier-strasbourg\/#primaryimage","url":"https:\/\/www.monteescalier.net\/france\/wp-content\/uploads\/2013\/09\/strasbourg-petite-france.jpg","contentUrl":"https:\/\/www.monteescalier.net\/france\/wp-content\/uploads\/2013\/09\/strasbourg-petite-france.jpg","width":1280,"height":719,"caption":"Strasbourg, quartier Petite France"},{"@type":"BreadcrumbList","@id":"https:\/\/www.monteescalier.net\/france\/monte-escalier-strasbourg\/#breadcrumb","itemListElement":[{"@type":"ListItem","position":1,"name":"Accueil","item":"https:\/\/www.monteescalier.net\/france\/"},{"@type":"ListItem","position":2,"name":"Monte escalier Strasbourg"}]},{"@type":"WebSite","@id":"https:\/\/www.monteescalier.net\/france\/#website","url":"https:\/\/www.monteescalier.net\/france\/","name":"Monte escalier","description":"","publisher":{"@id":"https:\/\/www.monteescalier.net\/france\/#organization"},"potentialAction":[{"@type":"SearchAction","target":{"@type":"EntryPoint","urlTemplate":"https:\/\/www.monteescalier.net\/france\/?s={search_term_string}"},"query-input":{"@type":"PropertyValueSpecification","valueRequired":true,"valueName":"search_term_string"}}],"inLanguage":"fr-FR"},{"@type":"Organization","@id":"https:\/\/www.monteescalier.net\/france\/#organization","name":"monte-escalier.net","url":"https:\/\/www.monteescalier.net\/france\/","logo":{"@type":"ImageObject","inLanguage":"fr-FR","@id":"https:\/\/www.monteescalier.net\/france\/#\/schema\/logo\/image\/","url":"https:\/\/www.monteescalier.net\/france\/wp-content\/uploads\/2016\/10\/4devis-mont-escalier-500-500.gif","contentUrl":"https:\/\/www.monteescalier.net\/france\/wp-content\/uploads\/2016\/10\/4devis-mont-escalier-500-500.gif","width":500,"height":500,"caption":"monte-escalier.net"},"image":{"@id":"https:\/\/www.monteescalier.net\/france\/#\/schema\/logo\/image\/"}}]}},"_links":{"self":[{"href":"https:\/\/www.monteescalier.net\/france\/wp-json\/wp\/v2\/pages\/918","targetHints":{"allow":["GET"]}}],"collection":[{"href":"https:\/\/www.monteescalier.net\/france\/wp-json\/wp\/v2\/pages"}],"about":[{"href":"https:\/\/www.monteescalier.net\/france\/wp-json\/wp\/v2\/types\/page"}],"author":[{"embeddable":true,"href":"https:\/\/www.monteescalier.net\/france\/wp-json\/wp\/v2\/users\/1"}],"replies":[{"embeddable":true,"href":"https:\/\/www.monteescalier.net\/france\/wp-json\/wp\/v2\/comments?post=918"}],"version-history":[{"count":3,"href":"https:\/\/www.monteescalier.net\/france\/wp-json\/wp\/v2\/pages\/918\/revisions"}],"predecessor-version":[{"id":7328,"href":"https:\/\/www.monteescalier.net\/france\/wp-json\/wp\/v2\/pages\/918\/revisions\/7328"}],"wp:attachment":[{"href":"https:\/\/www.monteescalier.net\/france\/wp-json\/wp\/v2\/media?parent=918"}],"curies":[{"name":"wp","href":"https:\/\/api.w.org\/{rel}","templated":true}]}}