{"id":923,"date":"2021-02-12T10:47:10","date_gmt":"2021-02-12T09:47:10","guid":{"rendered":"https:\/\/www.monteescalier.net\/france\/?page_id=923"},"modified":"2021-11-08T17:23:53","modified_gmt":"2021-11-08T16:23:53","slug":"monte-escalier-reims","status":"publish","type":"page","link":"https:\/\/www.monteescalier.net\/france\/monte-escalier-reims\/","title":{"rendered":"Monte escalier Reims"},"content":{"rendered":"<h1>Le choix d&rsquo;un monte escalier \u00e0 Reims<\/h1>\n<div class=\"boite_texte\">\n<pre style=\"text-align: justify;\">Article \u00e0 jour le 28\/11\/2016<\/pre>\n<div style=\"text-align: justify;\"><\/div>\n<div style=\"text-align: justify;\">Vous devez\u00a0am\u00e9nager votre maison avec une solution d&rsquo;aide \u00e0 la mobilit\u00e9\u00a0et vous avez choisi de faire installer dans votre maison,un monte escalier. Vous avez raison c&rsquo;est aujourd&rsquo;hui sans doute la meilleure solution pour les particuliers ayant des difficult\u00e9s de mobilit\u00e9 (ou d&rsquo;\u00e9quilibre) afin de profiter des \u00e9tages de votre maison sans prendre le moindre risque. Il y a bien entendu \u00e0 Reims plusieurs installateurs et revendeurs de monte escalier, qu&rsquo;ils repr\u00e9sentent des entreprises locales ou des distributeurs nationaux. Vous vous demandez certainement vers qui vous allez tourner? \u00a0Sur ce point pr\u00e9cis nous pouvons vous aider : non pas en vous imposant (ou en essayant de vous imposer!) un prestataire mais plut\u00f4t en vous donnant tous les outils pour faire un choix \u00e9clair\u00e9 et judicieux.<\/div>\n<h2>\u00a0Que fait monteescalier.net ?<\/h2>\n<div style=\"text-align: justify;\">Monteescalier.net est un site\u00a0mettant en rapport les personnes int\u00e9ress\u00e9es \u00e7 s&rsquo;\u00e9quiper d&rsquo;un monte escalier et les vendeurs\/installateurs \u00a0de monte escalier.\u00a0Nous travaillons sur toute la France et nous avons \u00e9tabli\u00a0pour chaque ville, d\u00e9partement, r\u00e9gion, une liste de prestataires tri\u00e9s sur le volet que nous mettons en contact avec vous. Comme des centaines de personnes l&rsquo;ont fait avant vous, vous pouvez faire confiance \u00e0 monteescalier.net pour vous offrir un vrai luxe : le choix !<\/div>\n<\/div>\n<div style=\"text-align: justify;\"><\/div>\n<div style=\"text-align: justify;\">\n<p>En effet nous ne d\u00e9pendons pas d&rsquo;un groupe, d&rsquo;une marque, ni d&rsquo;un distributeur : avec nous c&rsquo;est l&rsquo;assurance de l&rsquo;ind\u00e9pendance vis \u00e0 vis des installateurs : la preuve, nous ne toucherons aucune commission si vous achetez votre monte escalier chez un installateur que nous vous avons recommand\u00e9. Notre r\u00f4le se limite \u00e0 vous mettre en relation et aussi, c&rsquo;est tr\u00e8s important \u00e0 vous laisser libres de prendre vos propres d\u00e9cisions concernant l&rsquo;achat de VOTRE monte escalier \u00e0 Reims.<\/p>\n<\/div>\n<h2 style=\"text-align: justify;\">Comment fonctionne monteescalier.net ?<\/h2>\n<div style=\"text-align: justify;\">\n<p>Comment mieux comparer qu&rsquo;en examinant des propositions concr\u00e8tes ? Une seule demande de devis sur notre site et vous obtiendrez plusieurs devis de diff\u00e9rents prestataires vous proposant diff\u00e9rents mod\u00e8les de monte escalier. Pour ce faire, il vous suffit de nous donner vos coordonn\u00e9es (que nous n&rsquo;utiliserons pas pour un autre usage, quel qu&rsquo;il soit) en remplissant le formulaire de demande de devis en haut de cet article et vous serez mis en relation sans interm\u00e9diaire avec 4 ou 5 installateurs de monte escalier travaillant en Champagne dans la r\u00e9gion de Reims.<\/p>\n<\/div>\n<div class=\"boite_texte\">\n<div style=\"text-align: justify;\">Demande de doc, demande de rappel (nos 2 autres gratuits) et demande de de devis\u00a0sont des services totalement gratuits sur monteescalier.net, pas de co\u00fbt cach\u00e9s, pas d&rsquo;obligations. Vos demandes sont directement envoy\u00e9es \u00e0 nos prestataires partenaires desservant la ville de Reims et sa r\u00e9gion. Libre \u00e0 vous de signer avec celui de votre choix, ou aucun d&rsquo;entre eux si leurs propositions ne vous conviennent pas.<\/div>\n<p>&nbsp;<\/p>\n<\/div>\n<div class=\"titre_liens\">Retrouvez les services monteescalier.net dans d&rsquo;autres villes du d\u00e9partement de la Marne<\/div>\n<div class=\"boite_liens\"><a href=\"https:\/\/www.monteescalier.net\/france\/monte-escalier-chalons-en-champagne\">Monte escalier Ch\u00e2lons-en-Champagne<\/a><br \/>\n<a href=\"https:\/\/www.monteescalier.net\/france\/monte-escalier-epernay\">Monte escalier \u00c9pernay<\/a><br \/>\n<a href=\"https:\/\/www.monteescalier.net\/france\/monte-escalier-vitry-le-francois\">Monte escalier Vitry-le-Fran\u00e7ois<\/a><br \/>\n<a href=\"https:\/\/www.monteescalier.net\/france\/monte-escalier-tinqueux\">Monte escalier Tinqueux<\/a><br \/>\n<a href=\"https:\/\/www.monteescalier.net\/france\/monte-escalier-betheny\">Monte escalier B\u00e9theny<\/a><\/div>\n","protected":false},"excerpt":{"rendered":"<p>Le choix d&rsquo;un monte escalier \u00e0 Reims Article \u00e0 jour le 28\/11\/2016 Vous devez\u00a0am\u00e9nager votre maison avec une solution d&rsquo;aide \u00e0 la mobilit\u00e9\u00a0et vous avez choisi de faire installer dans votre maison,un monte escalier. Vous avez raison c&rsquo;est aujourd&rsquo;hui sans doute la meilleure solution pour les particuliers ayant des difficult\u00e9s de mobilit\u00e9 (ou d&rsquo;\u00e9quilibre) afin [&hellip;]<\/p>\n","protected":false},"author":1,"featured_media":0,"parent":0,"menu_order":0,"comment_status":"closed","ping_status":"open","template":"template_ville_20.php","meta":{"_monsterinsights_skip_tracking":false,"_monsterinsights_sitenote_active":false,"_monsterinsights_sitenote_note":"","_monsterinsights_sitenote_category":0,"footnotes":""},"class_list":["post-923","page","type-page","status-publish","hentry"],"yoast_head":"<!-- This site is optimized with the Yoast SEO plugin v26.3 - https:\/\/yoast.com\/wordpress\/plugins\/seo\/ -->\n<title>Monte escalier Reims - Monte escalier<\/title>\n<meta name=\"description\" content=\"Trouvez le meilleur artisan Monte escalier en ligne \u00e0 Reims\" \/>\n<meta name=\"robots\" content=\"index, follow, max-snippet:-1, max-image-preview:large, max-video-preview:-1\" \/>\n<link rel=\"canonical\" href=\"https:\/\/www.monteescalier.net\/france\/monte-escalier-reims\/\" \/>\n<meta property=\"og:locale\" content=\"fr_FR\" \/>\n<meta property=\"og:type\" content=\"article\" \/>\n<meta property=\"og:title\" content=\"Monte escalier Reims - Monte escalier\" \/>\n<meta property=\"og:description\" content=\"Trouvez le meilleur artisan Monte escalier en ligne \u00e0 Reims\" \/>\n<meta property=\"og:url\" content=\"https:\/\/www.monteescalier.net\/france\/monte-escalier-reims\/\" \/>\n<meta property=\"og:site_name\" content=\"Monte escalier\" \/>\n<meta property=\"article:modified_time\" content=\"2021-11-08T16:23:53+00:00\" \/>\n<meta name=\"twitter:card\" content=\"summary_large_image\" \/>\n<meta name=\"twitter:label1\" content=\"Dur\u00e9e de lecture estim\u00e9e\" \/>\n\t<meta name=\"twitter:data1\" content=\"3 minutes\" \/>\n<script type=\"application\/ld+json\" class=\"yoast-schema-graph\">{\"@context\":\"https:\/\/schema.org\",\"@graph\":[{\"@type\":\"WebPage\",\"@id\":\"https:\/\/www.monteescalier.net\/france\/monte-escalier-reims\/\",\"url\":\"https:\/\/www.monteescalier.net\/france\/monte-escalier-reims\/\",\"name\":\"Monte escalier Reims - Monte escalier\",\"isPartOf\":{\"@id\":\"https:\/\/www.monteescalier.net\/france\/#website\"},\"datePublished\":\"2021-02-12T09:47:10+00:00\",\"dateModified\":\"2021-11-08T16:23:53+00:00\",\"description\":\"Trouvez le meilleur artisan Monte escalier en ligne \u00e0 Reims\",\"breadcrumb\":{\"@id\":\"https:\/\/www.monteescalier.net\/france\/monte-escalier-reims\/#breadcrumb\"},\"inLanguage\":\"fr-FR\",\"potentialAction\":[{\"@type\":\"ReadAction\",\"target\":[\"https:\/\/www.monteescalier.net\/france\/monte-escalier-reims\/\"]}]},{\"@type\":\"BreadcrumbList\",\"@id\":\"https:\/\/www.monteescalier.net\/france\/monte-escalier-reims\/#breadcrumb\",\"itemListElement\":[{\"@type\":\"ListItem\",\"position\":1,\"name\":\"Accueil\",\"item\":\"https:\/\/www.monteescalier.net\/france\/\"},{\"@type\":\"ListItem\",\"position\":2,\"name\":\"Monte escalier Reims\"}]},{\"@type\":\"WebSite\",\"@id\":\"https:\/\/www.monteescalier.net\/france\/#website\",\"url\":\"https:\/\/www.monteescalier.net\/france\/\",\"name\":\"Monte escalier\",\"description\":\"\",\"publisher\":{\"@id\":\"https:\/\/www.monteescalier.net\/france\/#organization\"},\"potentialAction\":[{\"@type\":\"SearchAction\",\"target\":{\"@type\":\"EntryPoint\",\"urlTemplate\":\"https:\/\/www.monteescalier.net\/france\/?s={search_term_string}\"},\"query-input\":{\"@type\":\"PropertyValueSpecification\",\"valueRequired\":true,\"valueName\":\"search_term_string\"}}],\"inLanguage\":\"fr-FR\"},{\"@type\":\"Organization\",\"@id\":\"https:\/\/www.monteescalier.net\/france\/#organization\",\"name\":\"monte-escalier.net\",\"url\":\"https:\/\/www.monteescalier.net\/france\/\",\"logo\":{\"@type\":\"ImageObject\",\"inLanguage\":\"fr-FR\",\"@id\":\"https:\/\/www.monteescalier.net\/france\/#\/schema\/logo\/image\/\",\"url\":\"https:\/\/www.monteescalier.net\/france\/wp-content\/uploads\/2016\/10\/4devis-mont-escalier-500-500.gif\",\"contentUrl\":\"https:\/\/www.monteescalier.net\/france\/wp-content\/uploads\/2016\/10\/4devis-mont-escalier-500-500.gif\",\"width\":500,\"height\":500,\"caption\":\"monte-escalier.net\"},\"image\":{\"@id\":\"https:\/\/www.monteescalier.net\/france\/#\/schema\/logo\/image\/\"}}]}<\/script>\n<!-- \/ Yoast SEO plugin. -->","yoast_head_json":{"title":"Monte escalier Reims - Monte escalier","description":"Trouvez le meilleur artisan Monte escalier en ligne \u00e0 Reims","robots":{"index":"index","follow":"follow","max-snippet":"max-snippet:-1","max-image-preview":"max-image-preview:large","max-video-preview":"max-video-preview:-1"},"canonical":"https:\/\/www.monteescalier.net\/france\/monte-escalier-reims\/","og_locale":"fr_FR","og_type":"article","og_title":"Monte escalier Reims - Monte escalier","og_description":"Trouvez le meilleur artisan Monte escalier en ligne \u00e0 Reims","og_url":"https:\/\/www.monteescalier.net\/france\/monte-escalier-reims\/","og_site_name":"Monte escalier","article_modified_time":"2021-11-08T16:23:53+00:00","twitter_card":"summary_large_image","twitter_misc":{"Dur\u00e9e de lecture estim\u00e9e":"3 minutes"},"schema":{"@context":"https:\/\/schema.org","@graph":[{"@type":"WebPage","@id":"https:\/\/www.monteescalier.net\/france\/monte-escalier-reims\/","url":"https:\/\/www.monteescalier.net\/france\/monte-escalier-reims\/","name":"Monte escalier Reims - Monte escalier","isPartOf":{"@id":"https:\/\/www.monteescalier.net\/france\/#website"},"datePublished":"2021-02-12T09:47:10+00:00","dateModified":"2021-11-08T16:23:53+00:00","description":"Trouvez le meilleur artisan Monte escalier en ligne \u00e0 Reims","breadcrumb":{"@id":"https:\/\/www.monteescalier.net\/france\/monte-escalier-reims\/#breadcrumb"},"inLanguage":"fr-FR","potentialAction":[{"@type":"ReadAction","target":["https:\/\/www.monteescalier.net\/france\/monte-escalier-reims\/"]}]},{"@type":"BreadcrumbList","@id":"https:\/\/www.monteescalier.net\/france\/monte-escalier-reims\/#breadcrumb","itemListElement":[{"@type":"ListItem","position":1,"name":"Accueil","item":"https:\/\/www.monteescalier.net\/france\/"},{"@type":"ListItem","position":2,"name":"Monte escalier Reims"}]},{"@type":"WebSite","@id":"https:\/\/www.monteescalier.net\/france\/#website","url":"https:\/\/www.monteescalier.net\/france\/","name":"Monte escalier","description":"","publisher":{"@id":"https:\/\/www.monteescalier.net\/france\/#organization"},"potentialAction":[{"@type":"SearchAction","target":{"@type":"EntryPoint","urlTemplate":"https:\/\/www.monteescalier.net\/france\/?s={search_term_string}"},"query-input":{"@type":"PropertyValueSpecification","valueRequired":true,"valueName":"search_term_string"}}],"inLanguage":"fr-FR"},{"@type":"Organization","@id":"https:\/\/www.monteescalier.net\/france\/#organization","name":"monte-escalier.net","url":"https:\/\/www.monteescalier.net\/france\/","logo":{"@type":"ImageObject","inLanguage":"fr-FR","@id":"https:\/\/www.monteescalier.net\/france\/#\/schema\/logo\/image\/","url":"https:\/\/www.monteescalier.net\/france\/wp-content\/uploads\/2016\/10\/4devis-mont-escalier-500-500.gif","contentUrl":"https:\/\/www.monteescalier.net\/france\/wp-content\/uploads\/2016\/10\/4devis-mont-escalier-500-500.gif","width":500,"height":500,"caption":"monte-escalier.net"},"image":{"@id":"https:\/\/www.monteescalier.net\/france\/#\/schema\/logo\/image\/"}}]}},"_links":{"self":[{"href":"https:\/\/www.monteescalier.net\/france\/wp-json\/wp\/v2\/pages\/923","targetHints":{"allow":["GET"]}}],"collection":[{"href":"https:\/\/www.monteescalier.net\/france\/wp-json\/wp\/v2\/pages"}],"about":[{"href":"https:\/\/www.monteescalier.net\/france\/wp-json\/wp\/v2\/types\/page"}],"author":[{"embeddable":true,"href":"https:\/\/www.monteescalier.net\/france\/wp-json\/wp\/v2\/users\/1"}],"replies":[{"embeddable":true,"href":"https:\/\/www.monteescalier.net\/france\/wp-json\/wp\/v2\/comments?post=923"}],"version-history":[{"count":5,"href":"https:\/\/www.monteescalier.net\/france\/wp-json\/wp\/v2\/pages\/923\/revisions"}],"predecessor-version":[{"id":7406,"href":"https:\/\/www.monteescalier.net\/france\/wp-json\/wp\/v2\/pages\/923\/revisions\/7406"}],"wp:attachment":[{"href":"https:\/\/www.monteescalier.net\/france\/wp-json\/wp\/v2\/media?parent=923"}],"curies":[{"name":"wp","href":"https:\/\/api.w.org\/{rel}","templated":true}]}}