{"id":929,"date":"2021-02-26T10:47:10","date_gmt":"2021-02-26T09:47:10","guid":{"rendered":"https:\/\/www.monteescalier.net\/france\/?page_id=929"},"modified":"2021-11-09T10:34:55","modified_gmt":"2021-11-09T09:34:55","slug":"monte-escalier-angers","status":"publish","type":"page","link":"https:\/\/www.monteescalier.net\/france\/monte-escalier-angers\/","title":{"rendered":"Monte escalier Angers"},"content":{"rendered":"<h1>Quel vendeur de monte escalier choisir \u00e0 Angers ?<\/h1>\n<div class=\"boite_texte\">\n<div style=\"text-align: justify;\">Vous souhaitez faire installer un monte escalier \u00e0 Angers, mais pour cela vous allez devoir passer par un installateur car cela n\u00e9cessite pour l&rsquo;installer plus que des connaissances en bricolage&#8230;Nous vous d\u00e9conseillons vivement de l&rsquo;installer vous-m\u00eames : n&rsquo;oubliez jamais que vous pourriez mettre en danger la personne qui sera amen\u00e9e \u00e0 s&rsquo;en servir, ce qui est exactement le contraire de ce que vous \u00eates venus chercher, c&rsquo;est \u00e0 dire monter et descendre ses escaliers en toute s\u00e9curit\u00e9.<\/div>\n<\/div>\n<div style=\"text-align: justify;\"><\/div>\n<h2 style=\"text-align: justify;\">Comment choisir son installateur de monte escalier ?<\/h2>\n<div class=\"boite_texte\">\n<div style=\"text-align: justify;\">Vous le savez peut-\u00eatre, mais dans la r\u00e9gion, il y a de nombreuses entreprises sp\u00e9cialis\u00e9es dans l&rsquo;installation \u00e0 domicile de monte escalier et plus largement de solutions de mobilit\u00e9. Mais comment faire le tri entre les prestataires : lesquels sont s\u00e9rieux ? comp\u00e9titifs en prix? et lesquels sont les plus r\u00e9actifs en cas de probl\u00e8me.<\/div>\n<div style=\"text-align: justify;\"><\/div>\n<div style=\"text-align: justify;\">Avec\u00a0monteescalier.net vous allez pouvoir mettre plusieurs\u00a0prestataires travaillant dans la r\u00e9gion Angevine en concurrence et ainsi pouvoir constater noir sur blanc les diff\u00e9rences de prix et de service propos\u00e9s pour l&rsquo;installation de votre monte escalier.\u00a0Monteescalier.net est un portail mettant en contact les acheteurs potentiels de monte escalier et les vendeurs de monte escalier. Passer par notre site est en cons\u00e9quence une opportunit\u00e9 en une seule demande de recevoir 4 ou 5 devis sans avoir \u00e0 contacter les prestataires un par un. Vous gagnez du temps&#8230;sans perdre d&rsquo;argent car le service est totalement gratuit.<\/div>\n<h2>Demande de rappel pour un monte escalier<\/h2>\n<div style=\"text-align: justify;\">Le monte escalier c&rsquo;est presque toujours du sur mesure, chaque demeure est diff\u00e9rente et a ses propres sp\u00e9cificit\u00e9s. Dans la tr\u00e8s grande majorit\u00e9 des cas l&rsquo;installation du monte escalier est possible chez vous. Pour vous en assurer remplissez une demande de rappel (en notant au pr\u00e9alable les dimensions de votre escalier). Plusieurs installateurs vous rappelleront sans d\u00e9lai, pour discuter avec vous du type de monte escalier qui s&rsquo;adaptera le mieux \u00e0 votre demeure \u00e0 Angers. M\u00eame si votre escalier est \u00e9troit, plusieurs installateurs pourront vous proposer des solutions : certains monte escalier modernes peuvent s&rsquo;installer dans des escalier de 70cm de large seulement !<\/div>\n<\/div>\n<div style=\"text-align: justify;\"><\/div>\n<h2 style=\"text-align: justify;\">A quoi vous engagez-vous en utilisant notre service<\/h2>\n<div style=\"text-align: justify;\"><\/div>\n<div class=\"boite_texte\">\n<div style=\"text-align: justify;\">Vous pensez certainement que nous allons vous faire payer ces services&#8230;et bien non ! Tous nos services de mise en relation avec notre s\u00e9lection de vendeurs de monte escalier \u00e0 Angers sont enti\u00e8rement gratuits et vous n&rsquo;\u00eates en aucun cas oblig\u00e9 d&rsquo;acheter quoi que ce soit aupr\u00e8s des revendeurs que nous vous conseillons. Nous vous demandons simplement d&rsquo;\u00eatre courtois avec les installateurs avec lesquels nous vous mettons en relation. Ils jouent le jeu donc le moins que l&rsquo;on puisse faire c&rsquo;est de leur r\u00e9server le meilleur accueil !<\/div>\n<p>&nbsp;<\/p>\n<\/div>\n<div class=\"titre_liens\">Nos autres services de monte escalier dans le d\u00e9partement du Maine et Loire<\/div>\n<div class=\"boite_liens\"><a href=\"https:\/\/www.monteescalier.net\/france\/monte-escalier-cholet\">Monte escalier Cholet<\/a><br \/>\n<a href=\"https:\/\/www.monteescalier.net\/france\/monte-escalier-saumur\">Monte escalier Saumur<\/a><br \/>\n<a href=\"https:\/\/www.monteescalier.net\/france\/monte-escalier-avrille\">Monte escalier Avrill\u00e9<\/a><br \/>\n<a href=\"https:\/\/www.monteescalier.net\/france\/monte-escalier-trelaze\">Monte escalier Tr\u00e9laz\u00e9<\/a><br \/>\n<a href=\"https:\/\/www.monteescalier.net\/france\/monte-escalier-les-ponts-de-ce\">Monte escalier Ponts-de-C\u00e9<\/a><\/div>\n","protected":false},"excerpt":{"rendered":"<p>Quel vendeur de monte escalier choisir \u00e0 Angers ? Vous souhaitez faire installer un monte escalier \u00e0 Angers, mais pour cela vous allez devoir passer par un installateur car cela n\u00e9cessite pour l&rsquo;installer plus que des connaissances en bricolage&#8230;Nous vous d\u00e9conseillons vivement de l&rsquo;installer vous-m\u00eames : n&rsquo;oubliez jamais que vous pourriez mettre en danger la [&hellip;]<\/p>\n","protected":false},"author":1,"featured_media":0,"parent":0,"menu_order":0,"comment_status":"closed","ping_status":"open","template":"template_ville_12.php","meta":{"_monsterinsights_skip_tracking":false,"_monsterinsights_sitenote_active":false,"_monsterinsights_sitenote_note":"","_monsterinsights_sitenote_category":0,"footnotes":""},"class_list":["post-929","page","type-page","status-publish","hentry"],"yoast_head":"<!-- This site is optimized with the Yoast SEO plugin v26.3 - https:\/\/yoast.com\/wordpress\/plugins\/seo\/ -->\n<title>Monte escalier Angers - Monte escalier<\/title>\n<meta name=\"description\" content=\"Monte escalier \u00e0 Angers (49) : Trouvez un de nos partenaires installeurs en quelques clics\" \/>\n<meta name=\"robots\" content=\"index, follow, max-snippet:-1, max-image-preview:large, max-video-preview:-1\" \/>\n<link rel=\"canonical\" href=\"https:\/\/www.monteescalier.net\/france\/monte-escalier-angers\/\" \/>\n<meta property=\"og:locale\" content=\"fr_FR\" \/>\n<meta property=\"og:type\" content=\"article\" \/>\n<meta property=\"og:title\" content=\"Monte escalier Angers - Monte escalier\" \/>\n<meta property=\"og:description\" content=\"Monte escalier \u00e0 Angers (49) : Trouvez un de nos partenaires installeurs en quelques clics\" \/>\n<meta property=\"og:url\" content=\"https:\/\/www.monteescalier.net\/france\/monte-escalier-angers\/\" \/>\n<meta property=\"og:site_name\" content=\"Monte escalier\" \/>\n<meta property=\"article:modified_time\" content=\"2021-11-09T09:34:55+00:00\" \/>\n<meta name=\"twitter:card\" content=\"summary_large_image\" \/>\n<meta name=\"twitter:label1\" content=\"Dur\u00e9e de lecture estim\u00e9e\" \/>\n\t<meta name=\"twitter:data1\" content=\"2 minutes\" \/>\n<script type=\"application\/ld+json\" class=\"yoast-schema-graph\">{\"@context\":\"https:\/\/schema.org\",\"@graph\":[{\"@type\":\"WebPage\",\"@id\":\"https:\/\/www.monteescalier.net\/france\/monte-escalier-angers\/\",\"url\":\"https:\/\/www.monteescalier.net\/france\/monte-escalier-angers\/\",\"name\":\"Monte escalier Angers - Monte escalier\",\"isPartOf\":{\"@id\":\"https:\/\/www.monteescalier.net\/france\/#website\"},\"datePublished\":\"2021-02-26T09:47:10+00:00\",\"dateModified\":\"2021-11-09T09:34:55+00:00\",\"description\":\"Monte escalier \u00e0 Angers (49) : Trouvez un de nos partenaires installeurs en quelques clics\",\"breadcrumb\":{\"@id\":\"https:\/\/www.monteescalier.net\/france\/monte-escalier-angers\/#breadcrumb\"},\"inLanguage\":\"fr-FR\",\"potentialAction\":[{\"@type\":\"ReadAction\",\"target\":[\"https:\/\/www.monteescalier.net\/france\/monte-escalier-angers\/\"]}]},{\"@type\":\"BreadcrumbList\",\"@id\":\"https:\/\/www.monteescalier.net\/france\/monte-escalier-angers\/#breadcrumb\",\"itemListElement\":[{\"@type\":\"ListItem\",\"position\":1,\"name\":\"Accueil\",\"item\":\"https:\/\/www.monteescalier.net\/france\/\"},{\"@type\":\"ListItem\",\"position\":2,\"name\":\"Monte escalier Angers\"}]},{\"@type\":\"WebSite\",\"@id\":\"https:\/\/www.monteescalier.net\/france\/#website\",\"url\":\"https:\/\/www.monteescalier.net\/france\/\",\"name\":\"Monte escalier\",\"description\":\"\",\"publisher\":{\"@id\":\"https:\/\/www.monteescalier.net\/france\/#organization\"},\"potentialAction\":[{\"@type\":\"SearchAction\",\"target\":{\"@type\":\"EntryPoint\",\"urlTemplate\":\"https:\/\/www.monteescalier.net\/france\/?s={search_term_string}\"},\"query-input\":{\"@type\":\"PropertyValueSpecification\",\"valueRequired\":true,\"valueName\":\"search_term_string\"}}],\"inLanguage\":\"fr-FR\"},{\"@type\":\"Organization\",\"@id\":\"https:\/\/www.monteescalier.net\/france\/#organization\",\"name\":\"monte-escalier.net\",\"url\":\"https:\/\/www.monteescalier.net\/france\/\",\"logo\":{\"@type\":\"ImageObject\",\"inLanguage\":\"fr-FR\",\"@id\":\"https:\/\/www.monteescalier.net\/france\/#\/schema\/logo\/image\/\",\"url\":\"https:\/\/www.monteescalier.net\/france\/wp-content\/uploads\/2016\/10\/4devis-mont-escalier-500-500.gif\",\"contentUrl\":\"https:\/\/www.monteescalier.net\/france\/wp-content\/uploads\/2016\/10\/4devis-mont-escalier-500-500.gif\",\"width\":500,\"height\":500,\"caption\":\"monte-escalier.net\"},\"image\":{\"@id\":\"https:\/\/www.monteescalier.net\/france\/#\/schema\/logo\/image\/\"}}]}<\/script>\n<!-- \/ Yoast SEO plugin. -->","yoast_head_json":{"title":"Monte escalier Angers - Monte escalier","description":"Monte escalier \u00e0 Angers (49) : Trouvez un de nos partenaires installeurs en quelques clics","robots":{"index":"index","follow":"follow","max-snippet":"max-snippet:-1","max-image-preview":"max-image-preview:large","max-video-preview":"max-video-preview:-1"},"canonical":"https:\/\/www.monteescalier.net\/france\/monte-escalier-angers\/","og_locale":"fr_FR","og_type":"article","og_title":"Monte escalier Angers - Monte escalier","og_description":"Monte escalier \u00e0 Angers (49) : Trouvez un de nos partenaires installeurs en quelques clics","og_url":"https:\/\/www.monteescalier.net\/france\/monte-escalier-angers\/","og_site_name":"Monte escalier","article_modified_time":"2021-11-09T09:34:55+00:00","twitter_card":"summary_large_image","twitter_misc":{"Dur\u00e9e de lecture estim\u00e9e":"2 minutes"},"schema":{"@context":"https:\/\/schema.org","@graph":[{"@type":"WebPage","@id":"https:\/\/www.monteescalier.net\/france\/monte-escalier-angers\/","url":"https:\/\/www.monteescalier.net\/france\/monte-escalier-angers\/","name":"Monte escalier Angers - Monte escalier","isPartOf":{"@id":"https:\/\/www.monteescalier.net\/france\/#website"},"datePublished":"2021-02-26T09:47:10+00:00","dateModified":"2021-11-09T09:34:55+00:00","description":"Monte escalier \u00e0 Angers (49) : Trouvez un de nos partenaires installeurs en quelques clics","breadcrumb":{"@id":"https:\/\/www.monteescalier.net\/france\/monte-escalier-angers\/#breadcrumb"},"inLanguage":"fr-FR","potentialAction":[{"@type":"ReadAction","target":["https:\/\/www.monteescalier.net\/france\/monte-escalier-angers\/"]}]},{"@type":"BreadcrumbList","@id":"https:\/\/www.monteescalier.net\/france\/monte-escalier-angers\/#breadcrumb","itemListElement":[{"@type":"ListItem","position":1,"name":"Accueil","item":"https:\/\/www.monteescalier.net\/france\/"},{"@type":"ListItem","position":2,"name":"Monte escalier Angers"}]},{"@type":"WebSite","@id":"https:\/\/www.monteescalier.net\/france\/#website","url":"https:\/\/www.monteescalier.net\/france\/","name":"Monte escalier","description":"","publisher":{"@id":"https:\/\/www.monteescalier.net\/france\/#organization"},"potentialAction":[{"@type":"SearchAction","target":{"@type":"EntryPoint","urlTemplate":"https:\/\/www.monteescalier.net\/france\/?s={search_term_string}"},"query-input":{"@type":"PropertyValueSpecification","valueRequired":true,"valueName":"search_term_string"}}],"inLanguage":"fr-FR"},{"@type":"Organization","@id":"https:\/\/www.monteescalier.net\/france\/#organization","name":"monte-escalier.net","url":"https:\/\/www.monteescalier.net\/france\/","logo":{"@type":"ImageObject","inLanguage":"fr-FR","@id":"https:\/\/www.monteescalier.net\/france\/#\/schema\/logo\/image\/","url":"https:\/\/www.monteescalier.net\/france\/wp-content\/uploads\/2016\/10\/4devis-mont-escalier-500-500.gif","contentUrl":"https:\/\/www.monteescalier.net\/france\/wp-content\/uploads\/2016\/10\/4devis-mont-escalier-500-500.gif","width":500,"height":500,"caption":"monte-escalier.net"},"image":{"@id":"https:\/\/www.monteescalier.net\/france\/#\/schema\/logo\/image\/"}}]}},"_links":{"self":[{"href":"https:\/\/www.monteescalier.net\/france\/wp-json\/wp\/v2\/pages\/929","targetHints":{"allow":["GET"]}}],"collection":[{"href":"https:\/\/www.monteescalier.net\/france\/wp-json\/wp\/v2\/pages"}],"about":[{"href":"https:\/\/www.monteescalier.net\/france\/wp-json\/wp\/v2\/types\/page"}],"author":[{"embeddable":true,"href":"https:\/\/www.monteescalier.net\/france\/wp-json\/wp\/v2\/users\/1"}],"replies":[{"embeddable":true,"href":"https:\/\/www.monteescalier.net\/france\/wp-json\/wp\/v2\/comments?post=929"}],"version-history":[{"count":4,"href":"https:\/\/www.monteescalier.net\/france\/wp-json\/wp\/v2\/pages\/929\/revisions"}],"predecessor-version":[{"id":7257,"href":"https:\/\/www.monteescalier.net\/france\/wp-json\/wp\/v2\/pages\/929\/revisions\/7257"}],"wp:attachment":[{"href":"https:\/\/www.monteescalier.net\/france\/wp-json\/wp\/v2\/media?parent=929"}],"curies":[{"name":"wp","href":"https:\/\/api.w.org\/{rel}","templated":true}]}}