{"id":933,"date":"2021-01-26T10:47:10","date_gmt":"2021-01-26T09:47:10","guid":{"rendered":"https:\/\/www.monteescalier.net\/france\/?page_id=933"},"modified":"2021-11-09T10:51:19","modified_gmt":"2021-11-09T09:51:19","slug":"monte-escalier-villeurbanne","status":"publish","type":"page","link":"https:\/\/www.monteescalier.net\/france\/monte-escalier-villeurbanne\/","title":{"rendered":"Monte escalier Villeurbanne"},"content":{"rendered":"<h1>Faire installer un monte escalier \u00e0 Villeurbanne<\/h1>\n<div class=\"boite_texte\">\n<div style=\"text-align: justify;\">Vous \u00eates d\u00e9cid\u00e9s \u00e0 faire l&rsquo;acquisition d&rsquo;un monte escalier \u00e0 Villeurbanne, mais il vous rest \u00e0 choisir l&rsquo;installateur qui pourra vous faire la meilleure proposition, en terme de prix, de services, et de garantie. Comment faire pour le d\u00e9nicher?<\/div>\n<h2>\u00a0La m\u00e9thode monteescalier.net : la garantie d&rsquo;un achat \u00a0de monte escalier r\u00e9ussi !<\/h2>\n<div style=\"text-align: justify;\">Monteescalier.net est un portail mettant en relation les acheteurs de monte escalier et les vendeurs de monte escalier. Passer par notre site est en cons\u00e9quence l&rsquo;assurance de pouvoir \u00eatre mis en relation avec les \u00a0vendeurs de monte escalier de Villeurbanne. Pas tous cependant ! Nous avons d\u00e9j\u00e0 effectu\u00e9 un pr\u00e9selection afin de vous faciliter le travail. Petite pr\u00e9cision: nous sommes ind\u00e9pendants, nous ne vendons pas de monte escalier et ne sommes li\u00e9s \u00e0 aucune marque ou aucun r\u00e9seau de distribution. Notre s\u00e9lection vaut ce qu&rsquo;elle vaut, mais nous pensons qu&rsquo;elle sera au final votre meilleur choix. Pensez vous que les centaines d&rsquo;utilisateurs qui nous ont d\u00e9j\u00e0 fait confiance se soient tous tromp\u00e9s?<\/div>\n<h2>\u00a0Les services monte escalier en d\u00e9tail<\/h2>\n<div style=\"text-align: justify;\">\n<p>Pour choisir votre revendeur de monte escalier \u00e0 Villeurbanne, le plus facile est de pouvoir disposer de plusieurs devis \u00e9manant de diff\u00e9rentes soci\u00e9t\u00e9. C&rsquo;est justement ce que nous vous proposons. Remplissez une demande de devis (formulaire en haut de cette page : nom, pr\u00e9nom, adresse, tel et mail c&rsquo;est tout ! et nos partenaires vous rappeleront pour vous faire chacun leur meilleure offre pour votre monte escalier \u00e0 Villeurbanne.<\/p>\n<\/div>\n<div style=\"text-align: justify;\">\n<p>Chaque installation de monte escalier \u00e9tant sp\u00e9cifique, vous pouvez \u00eatre amen\u00e9 \u00e0 vouloir en parler avec de v\u00e9ritables experts, professionnels de l&rsquo;installation de monte escalier \u00e0 Villeurbanne. Pour vous faciliter la t\u00e2che, utilisez notre service de demande de rappel, un formulaire avec vos coordonn\u00e9es \u00e0 remplir et vous serez tr\u00e8s vite rappel\u00e9s par nos partenaire dans votre d\u00e9partement.<\/p>\n<\/div>\n<div style=\"text-align: justify;\">Plusieurs parmi\u00a0nos partenaires installateurs disposent de documentation sur les mod\u00e8les de monte escalier qu&rsquo;ils commercialisent. Ils peuvent vous les faire parvenir par courrier ou par email selon votre pr\u00e9f\u00e9rence. Pour les recevoir remplissez vite une demande de documentation sur notre site.<\/div>\n<p>&nbsp;<\/p>\n<div style=\"text-align: justify;\">Pour rappel tous nos services sont totalement gratuits pour les acheteurs\u00a0de monte escalier. N&rsquo;h\u00e9sitez pas \u00e0 remplir un formulaire, c&rsquo;est \u00e9galement sans engagement.<\/div>\n<\/div>\n<p>&nbsp;<\/p>\n<div class=\"titre_liens\">Retrouvez nos offres dans les villes voisines en Rh\u00f4ne Alpes:<\/div>\n<div class=\"boite_liens\"><a href=\"https:\/\/www.monteescalier.net\/france\/monte-escalier-venissieux\">Monte escalier V\u00e9nissieux<\/a><br \/>\n<a href=\"https:\/\/www.monteescalier.net\/france\/monte-escalier-saint-priest\">Monte escalier Saint-Priest<\/a><br \/>\n<a href=\"https:\/\/www.monteescalier.net\/france\/monte-escalier-caluire-et-cuire\">Monte escalier Caluire-et-Cuire<\/a><br \/>\n<a href=\"https:\/\/www.monteescalier.net\/france\/monte-escalier-vaulx-en-velin\">Monte escalier Vaulx-en-Velin<\/a><br \/>\n<a href=\"https:\/\/www.monteescalier.net\/france\/monte-escalier-bron\">Monte escalier Bron<\/a><\/div>\n<div class=\"boite_liens\">Mis \u00e0 jour le 28\/10\/2016<\/div>\n","protected":false},"excerpt":{"rendered":"<p>Faire installer un monte escalier \u00e0 Villeurbanne Vous \u00eates d\u00e9cid\u00e9s \u00e0 faire l&rsquo;acquisition d&rsquo;un monte escalier \u00e0 Villeurbanne, mais il vous rest \u00e0 choisir l&rsquo;installateur qui pourra vous faire la meilleure proposition, en terme de prix, de services, et de garantie. Comment faire pour le d\u00e9nicher? \u00a0La m\u00e9thode monteescalier.net : la garantie d&rsquo;un achat \u00a0de [&hellip;]<\/p>\n","protected":false},"author":1,"featured_media":0,"parent":0,"menu_order":0,"comment_status":"closed","ping_status":"open","template":"template_ville_17.php","meta":{"_monsterinsights_skip_tracking":false,"_monsterinsights_sitenote_active":false,"_monsterinsights_sitenote_note":"","_monsterinsights_sitenote_category":0,"footnotes":""},"class_list":["post-933","page","type-page","status-publish","hentry"],"yoast_head":"<!-- This site is optimized with the Yoast SEO plugin v26.3 - https:\/\/yoast.com\/wordpress\/plugins\/seo\/ -->\n<title>Monte escalier Villeurbanne - Monte escalier<\/title>\n<meta name=\"description\" content=\"Trouvez votre monte-escaliers \u00e0 Villeurbanne gr\u00e2ce a l&#039;aide de nos partenaires installeurs\" \/>\n<meta name=\"robots\" content=\"index, follow, max-snippet:-1, max-image-preview:large, max-video-preview:-1\" \/>\n<link rel=\"canonical\" href=\"https:\/\/www.monteescalier.net\/france\/monte-escalier-villeurbanne\/\" \/>\n<meta property=\"og:locale\" content=\"fr_FR\" \/>\n<meta property=\"og:type\" content=\"article\" \/>\n<meta property=\"og:title\" content=\"Monte escalier Villeurbanne - Monte escalier\" \/>\n<meta property=\"og:description\" content=\"Trouvez votre monte-escaliers \u00e0 Villeurbanne gr\u00e2ce a l&#039;aide de nos partenaires installeurs\" \/>\n<meta property=\"og:url\" content=\"https:\/\/www.monteescalier.net\/france\/monte-escalier-villeurbanne\/\" \/>\n<meta property=\"og:site_name\" content=\"Monte escalier\" \/>\n<meta property=\"article:modified_time\" content=\"2021-11-09T09:51:19+00:00\" \/>\n<meta name=\"twitter:card\" content=\"summary_large_image\" \/>\n<meta name=\"twitter:label1\" content=\"Dur\u00e9e de lecture estim\u00e9e\" \/>\n\t<meta name=\"twitter:data1\" content=\"2 minutes\" \/>\n<script type=\"application\/ld+json\" class=\"yoast-schema-graph\">{\"@context\":\"https:\/\/schema.org\",\"@graph\":[{\"@type\":\"WebPage\",\"@id\":\"https:\/\/www.monteescalier.net\/france\/monte-escalier-villeurbanne\/\",\"url\":\"https:\/\/www.monteescalier.net\/france\/monte-escalier-villeurbanne\/\",\"name\":\"Monte escalier Villeurbanne - Monte escalier\",\"isPartOf\":{\"@id\":\"https:\/\/www.monteescalier.net\/france\/#website\"},\"datePublished\":\"2021-01-26T09:47:10+00:00\",\"dateModified\":\"2021-11-09T09:51:19+00:00\",\"description\":\"Trouvez votre monte-escaliers \u00e0 Villeurbanne gr\u00e2ce a l'aide de nos partenaires installeurs\",\"breadcrumb\":{\"@id\":\"https:\/\/www.monteescalier.net\/france\/monte-escalier-villeurbanne\/#breadcrumb\"},\"inLanguage\":\"fr-FR\",\"potentialAction\":[{\"@type\":\"ReadAction\",\"target\":[\"https:\/\/www.monteescalier.net\/france\/monte-escalier-villeurbanne\/\"]}]},{\"@type\":\"BreadcrumbList\",\"@id\":\"https:\/\/www.monteescalier.net\/france\/monte-escalier-villeurbanne\/#breadcrumb\",\"itemListElement\":[{\"@type\":\"ListItem\",\"position\":1,\"name\":\"Accueil\",\"item\":\"https:\/\/www.monteescalier.net\/france\/\"},{\"@type\":\"ListItem\",\"position\":2,\"name\":\"Monte escalier Villeurbanne\"}]},{\"@type\":\"WebSite\",\"@id\":\"https:\/\/www.monteescalier.net\/france\/#website\",\"url\":\"https:\/\/www.monteescalier.net\/france\/\",\"name\":\"Monte escalier\",\"description\":\"\",\"publisher\":{\"@id\":\"https:\/\/www.monteescalier.net\/france\/#organization\"},\"potentialAction\":[{\"@type\":\"SearchAction\",\"target\":{\"@type\":\"EntryPoint\",\"urlTemplate\":\"https:\/\/www.monteescalier.net\/france\/?s={search_term_string}\"},\"query-input\":{\"@type\":\"PropertyValueSpecification\",\"valueRequired\":true,\"valueName\":\"search_term_string\"}}],\"inLanguage\":\"fr-FR\"},{\"@type\":\"Organization\",\"@id\":\"https:\/\/www.monteescalier.net\/france\/#organization\",\"name\":\"monte-escalier.net\",\"url\":\"https:\/\/www.monteescalier.net\/france\/\",\"logo\":{\"@type\":\"ImageObject\",\"inLanguage\":\"fr-FR\",\"@id\":\"https:\/\/www.monteescalier.net\/france\/#\/schema\/logo\/image\/\",\"url\":\"https:\/\/www.monteescalier.net\/france\/wp-content\/uploads\/2016\/10\/4devis-mont-escalier-500-500.gif\",\"contentUrl\":\"https:\/\/www.monteescalier.net\/france\/wp-content\/uploads\/2016\/10\/4devis-mont-escalier-500-500.gif\",\"width\":500,\"height\":500,\"caption\":\"monte-escalier.net\"},\"image\":{\"@id\":\"https:\/\/www.monteescalier.net\/france\/#\/schema\/logo\/image\/\"}}]}<\/script>\n<!-- \/ Yoast SEO plugin. -->","yoast_head_json":{"title":"Monte escalier Villeurbanne - Monte escalier","description":"Trouvez votre monte-escaliers \u00e0 Villeurbanne gr\u00e2ce a l'aide de nos partenaires installeurs","robots":{"index":"index","follow":"follow","max-snippet":"max-snippet:-1","max-image-preview":"max-image-preview:large","max-video-preview":"max-video-preview:-1"},"canonical":"https:\/\/www.monteescalier.net\/france\/monte-escalier-villeurbanne\/","og_locale":"fr_FR","og_type":"article","og_title":"Monte escalier Villeurbanne - Monte escalier","og_description":"Trouvez votre monte-escaliers \u00e0 Villeurbanne gr\u00e2ce a l'aide de nos partenaires installeurs","og_url":"https:\/\/www.monteescalier.net\/france\/monte-escalier-villeurbanne\/","og_site_name":"Monte escalier","article_modified_time":"2021-11-09T09:51:19+00:00","twitter_card":"summary_large_image","twitter_misc":{"Dur\u00e9e de lecture estim\u00e9e":"2 minutes"},"schema":{"@context":"https:\/\/schema.org","@graph":[{"@type":"WebPage","@id":"https:\/\/www.monteescalier.net\/france\/monte-escalier-villeurbanne\/","url":"https:\/\/www.monteescalier.net\/france\/monte-escalier-villeurbanne\/","name":"Monte escalier Villeurbanne - Monte escalier","isPartOf":{"@id":"https:\/\/www.monteescalier.net\/france\/#website"},"datePublished":"2021-01-26T09:47:10+00:00","dateModified":"2021-11-09T09:51:19+00:00","description":"Trouvez votre monte-escaliers \u00e0 Villeurbanne gr\u00e2ce a l'aide de nos partenaires installeurs","breadcrumb":{"@id":"https:\/\/www.monteescalier.net\/france\/monte-escalier-villeurbanne\/#breadcrumb"},"inLanguage":"fr-FR","potentialAction":[{"@type":"ReadAction","target":["https:\/\/www.monteescalier.net\/france\/monte-escalier-villeurbanne\/"]}]},{"@type":"BreadcrumbList","@id":"https:\/\/www.monteescalier.net\/france\/monte-escalier-villeurbanne\/#breadcrumb","itemListElement":[{"@type":"ListItem","position":1,"name":"Accueil","item":"https:\/\/www.monteescalier.net\/france\/"},{"@type":"ListItem","position":2,"name":"Monte escalier Villeurbanne"}]},{"@type":"WebSite","@id":"https:\/\/www.monteescalier.net\/france\/#website","url":"https:\/\/www.monteescalier.net\/france\/","name":"Monte escalier","description":"","publisher":{"@id":"https:\/\/www.monteescalier.net\/france\/#organization"},"potentialAction":[{"@type":"SearchAction","target":{"@type":"EntryPoint","urlTemplate":"https:\/\/www.monteescalier.net\/france\/?s={search_term_string}"},"query-input":{"@type":"PropertyValueSpecification","valueRequired":true,"valueName":"search_term_string"}}],"inLanguage":"fr-FR"},{"@type":"Organization","@id":"https:\/\/www.monteescalier.net\/france\/#organization","name":"monte-escalier.net","url":"https:\/\/www.monteescalier.net\/france\/","logo":{"@type":"ImageObject","inLanguage":"fr-FR","@id":"https:\/\/www.monteescalier.net\/france\/#\/schema\/logo\/image\/","url":"https:\/\/www.monteescalier.net\/france\/wp-content\/uploads\/2016\/10\/4devis-mont-escalier-500-500.gif","contentUrl":"https:\/\/www.monteescalier.net\/france\/wp-content\/uploads\/2016\/10\/4devis-mont-escalier-500-500.gif","width":500,"height":500,"caption":"monte-escalier.net"},"image":{"@id":"https:\/\/www.monteescalier.net\/france\/#\/schema\/logo\/image\/"}}]}},"_links":{"self":[{"href":"https:\/\/www.monteescalier.net\/france\/wp-json\/wp\/v2\/pages\/933","targetHints":{"allow":["GET"]}}],"collection":[{"href":"https:\/\/www.monteescalier.net\/france\/wp-json\/wp\/v2\/pages"}],"about":[{"href":"https:\/\/www.monteescalier.net\/france\/wp-json\/wp\/v2\/types\/page"}],"author":[{"embeddable":true,"href":"https:\/\/www.monteescalier.net\/france\/wp-json\/wp\/v2\/users\/1"}],"replies":[{"embeddable":true,"href":"https:\/\/www.monteescalier.net\/france\/wp-json\/wp\/v2\/comments?post=933"}],"version-history":[{"count":6,"href":"https:\/\/www.monteescalier.net\/france\/wp-json\/wp\/v2\/pages\/933\/revisions"}],"predecessor-version":[{"id":7425,"href":"https:\/\/www.monteescalier.net\/france\/wp-json\/wp\/v2\/pages\/933\/revisions\/7425"}],"wp:attachment":[{"href":"https:\/\/www.monteescalier.net\/france\/wp-json\/wp\/v2\/media?parent=933"}],"curies":[{"name":"wp","href":"https:\/\/api.w.org\/{rel}","templated":true}]}}