{"id":934,"date":"2021-03-12T10:47:10","date_gmt":"2021-03-12T09:47:10","guid":{"rendered":"https:\/\/www.monteescalier.net\/france\/?page_id=934"},"modified":"2021-11-09T10:46:48","modified_gmt":"2021-11-09T09:46:48","slug":"monte-escalier-nimes","status":"publish","type":"page","link":"https:\/\/www.monteescalier.net\/france\/monte-escalier-nimes\/","title":{"rendered":"Monte escalier N\u00eemes"},"content":{"rendered":"<h1>Plusieurs devis de monte escalier \u00e0 N\u00eemes en une seule demande!<\/h1>\n<div class=\"boite_texte\">\n<div style=\"text-align: justify;\">Fiche mise \u00e0 jour le 08\/11\/2016 \u00e0 17h02<\/div>\n<div style=\"text-align: justify;\"><\/div>\n<div style=\"text-align: justify;\">Vous avez choisi de faire installer un monte escalier dans votre maison \u00e0\u00a0N\u00eemes, une fois cette \u00e9tape act\u00e9e, il va falloir trouver un prestataire pour vous le vendre et pour vous l&rsquo;installer. En effet, le monte escalier se compose d&rsquo;un rail qui doit \u00eatre fix\u00e9 sur le c\u00f4t\u00e9 de votre escalier et d&rsquo;un fauteuil monte escalier qui lui, va coulisser de ghaut en bas et de bas en haut sur ce rail. S&rsquo;il y a des diff\u00e9rences d&rsquo;une marque \u00e0 l&rsquo;autre, avec notamment des mod\u00e8les monorail et double rail, le principe du rail, du fauteuil et de la n\u00e9cessit\u00e9 de faire appel \u00e0 un installateur qualifi\u00e9 demeure dans tous les cas.<\/div>\n<h2>\u00a0Grande marque de monte escalier ou artisan de quartier?<\/h2>\n<div style=\"text-align: justify;\">A qui s&rsquo;adresser \u00e0 N\u00eemes pour son monte escalier. C&rsquo;est une bonne question. Vous connaissez s\u00fbrement par le biais de pubs t\u00e9l\u00e9 ou dans les magazines des grandes marques nationales ou internationales de monte escalier, mais vous savez aussi que ce n&rsquo;est pas parce qu&rsquo;on passe \u00e0 la TV qu&rsquo;on vend des produits de meilleure qualit\u00e9&#8230;sans m\u00eame parler de prix. De notre point de vue, vous ne devriez \u00a0\u00e9carter aucuune hypoth\u00e8se et juger sur pi\u00e8ce; c&rsquo;est la philosophie de ce site : chez Monteescalier.net, on a cherch\u00e9 la formule pour vous permettre de trouver votre monte escalier au meilleur prix&#8230;et sans nous vanter, nous pensons avoir trouv\u00e9 en cr\u00e9ant ce portail o\u00f9 se recontrentles\u00a0acheteurs et les vendeurs de monte escalier. Utiliser notre site, c&rsquo;est la garantie d&rsquo;avoir le choix mais aussi la garantie de rester libre dans le choix de votre monte escalier et de votre installateur de monte escalier \u00e0 N\u00eemes et dans la r\u00e9gion nimoise.<\/div>\n<h2>\u00a0Chez Monteescalier.net : une demande de devis = 5 devis de monte escalier!<\/h2>\n<div style=\"text-align: justify;\">Pour s\u00e9l\u00e9ectionner votre installateur de monte escalier \u00e0\u00a0\u00e0 N\u00eemes, il vous faut des \u00a0devis \u00e9manant de diff\u00e9rentes soci\u00e9t\u00e9s et applicables \u00e0 votre installation. Ce n&rsquo;est pas le prix du monte escalier de votre voisin qui vous int\u00e9resse, mais bien le votre. Nous pouvons vous obtenir gratuitement et rapidement 4 ou 5 devis personnalis\u00e9s aupr\u00e8s de prestataires s\u00e9rieusement s\u00e9lectionn\u00e9s sur N\u00eemes. N&rsquo;ayant pas d&rsquo;attaches avec ces prestataires, notre s\u00e9lection n&rsquo;en sera que plus libre et bas\u00e9e sur vos vrais pr\u00e9occupations : rapport qualit\u00e9 prix du monte escalier, garanties offertes par l&rsquo;installateur, marques propos\u00e9es, qualit\u00e9 du conseil avant vente&#8230;bref tout ce qui est important pour vous est important pour nous.<\/div>\n<h2>\u00a0Comment obtenir vos devis<\/h2>\n<div style=\"text-align: justify;\">C&rsquo;est tr\u00e8s simple: remplissez le formulaire de demande de devis en haut de cette page et c&rsquo;est tout. Nous transmettrons vos coordonn\u00e9es \u00e0 nos installateurs s\u00e9lectionn\u00e9s dans le Gard (et \u00e0 personne d&rsquo;autre!) et ceux-ci vous rappelleront tr\u00e8s vite pour parler avec vous de votre projet, en v\u00e9rifier la faisabilit\u00e9, vous conseiller sur les aides possibles et les d\u00e9marches \u00e0 effectuer et bien s\u00fbr vous communiquer une proposition financi\u00e8re pour la vente et l&rsquo;installation de votre monte escalier. Avoir des sp\u00e9cialistes du monte escalier au t\u00e9l\u00e9phone pour discuter de votre projet, c&rsquo;est aussi l&rsquo;occasion de confronter les prjets et les solutions techniques.\u00a0Apr\u00e8s avoir \u00e9cout\u00e9 toutes les propositions (merci de laisser sa chance \u00e0 tous ces prestataires qui jouent le jeu !), vous n&rsquo;aurez plus qu&rsquo;\u00e0 faire votre choix sur des crit\u00e8res parfaitement objectifs.<\/div>\n<\/div>\n<h2 style=\"text-align: justify;\">Prix de la prestation<\/h2>\n<div class=\"boite_texte\">\n<p style=\"text-align: justify;\">Ne faites plus la chasse aux prestataires, laissez notre service de mise en relation faire le travail pour vous. C&rsquo;est int\u00e9gralement gratuit et cela vous permettra d&rsquo;\u00eatre mis tr\u00e8s rapidement en relation avec notre liste de professionnels du monte escalier de N\u00eemes et sa r\u00e9gion, sans efforts, ni contraintes&#8230; difficile de vous proposer mieux non? Notre service n&rsquo;est non seulement pas payant, mais nous ne sommes pas commissionn\u00e9 sur les ventes, et vous ne prenez aucun engagement en sollicitant ces devis, si ce n&rsquo;est, et c&rsquo;est la moindre des choses, de laisser nos partenaires installateurs vous pr\u00e9senter leur projet pour VOTRE monte escalier.<\/p>\n<\/div>\n<div class=\"titre_liens\">Nos offres monteescalier.net \u00e0 proximit\u00e9 de N\u00eemes<\/div>\n<div class=\"boite_liens\"><a href=\"https:\/\/www.monteescalier.net\/france\/monte-escalier-ales\">Monte escalier Al\u00e8s<\/a><br \/>\n<a href=\"https:\/\/www.monteescalier.net\/france\/monte-escalier-bagnols-sur-ceze\">Monte escalier Bagnols-sur-C\u00e8ze<\/a><br \/>\n<a href=\"https:\/\/www.monteescalier.net\/france\/monte-escalier-beaucaire\">Monte escalier Beaucaire<\/a><br \/>\n<a href=\"https:\/\/www.monteescalier.net\/france\/monte-escalier-saint-gilles\">Monte escalier Saint-Gilles<\/a><br \/>\n<a href=\"https:\/\/www.monteescalier.net\/france\/monte-escalier-villeneuve-les-avignon\">Monte escalier Villeneuve-l\u00e8s-Avignon<\/a><\/div>\n","protected":false},"excerpt":{"rendered":"<p>Plusieurs devis de monte escalier \u00e0 N\u00eemes en une seule demande! Fiche mise \u00e0 jour le 08\/11\/2016 \u00e0 17h02 Vous avez choisi de faire installer un monte escalier dans votre maison \u00e0\u00a0N\u00eemes, une fois cette \u00e9tape act\u00e9e, il va falloir trouver un prestataire pour vous le vendre et pour vous l&rsquo;installer. En effet, le monte [&hellip;]<\/p>\n","protected":false},"author":1,"featured_media":0,"parent":0,"menu_order":0,"comment_status":"closed","ping_status":"open","template":"template_ville_18.php","meta":{"_monsterinsights_skip_tracking":false,"_monsterinsights_sitenote_active":false,"_monsterinsights_sitenote_note":"","_monsterinsights_sitenote_category":0,"footnotes":""},"class_list":["post-934","page","type-page","status-publish","hentry"],"yoast_head":"<!-- This site is optimized with the Yoast SEO plugin v26.3 - https:\/\/yoast.com\/wordpress\/plugins\/seo\/ -->\n<title>Monte escalier N\u00eemes - Monte escalier<\/title>\n<meta name=\"description\" content=\"Trouvez facilement un de nos partenaires installeurs pour r\u00e9aliser l&#039;installation de votre monte-escaliers \u00e0 N\u00eemes\" \/>\n<meta name=\"robots\" content=\"index, follow, max-snippet:-1, max-image-preview:large, max-video-preview:-1\" \/>\n<link rel=\"canonical\" href=\"https:\/\/www.monteescalier.net\/france\/monte-escalier-nimes\/\" \/>\n<meta property=\"og:locale\" content=\"fr_FR\" \/>\n<meta property=\"og:type\" content=\"article\" \/>\n<meta property=\"og:title\" content=\"Monte escalier N\u00eemes - Monte escalier\" \/>\n<meta property=\"og:description\" content=\"Trouvez facilement un de nos partenaires installeurs pour r\u00e9aliser l&#039;installation de votre monte-escaliers \u00e0 N\u00eemes\" \/>\n<meta property=\"og:url\" content=\"https:\/\/www.monteescalier.net\/france\/monte-escalier-nimes\/\" \/>\n<meta property=\"og:site_name\" content=\"Monte escalier\" \/>\n<meta property=\"article:modified_time\" content=\"2021-11-09T09:46:48+00:00\" \/>\n<meta name=\"twitter:card\" content=\"summary_large_image\" \/>\n<meta name=\"twitter:label1\" content=\"Dur\u00e9e de lecture estim\u00e9e\" \/>\n\t<meta name=\"twitter:data1\" content=\"4 minutes\" \/>\n<script type=\"application\/ld+json\" class=\"yoast-schema-graph\">{\"@context\":\"https:\/\/schema.org\",\"@graph\":[{\"@type\":\"WebPage\",\"@id\":\"https:\/\/www.monteescalier.net\/france\/monte-escalier-nimes\/\",\"url\":\"https:\/\/www.monteescalier.net\/france\/monte-escalier-nimes\/\",\"name\":\"Monte escalier N\u00eemes - Monte escalier\",\"isPartOf\":{\"@id\":\"https:\/\/www.monteescalier.net\/france\/#website\"},\"datePublished\":\"2021-03-12T09:47:10+00:00\",\"dateModified\":\"2021-11-09T09:46:48+00:00\",\"description\":\"Trouvez facilement un de nos partenaires installeurs pour r\u00e9aliser l'installation de votre monte-escaliers \u00e0 N\u00eemes\",\"breadcrumb\":{\"@id\":\"https:\/\/www.monteescalier.net\/france\/monte-escalier-nimes\/#breadcrumb\"},\"inLanguage\":\"fr-FR\",\"potentialAction\":[{\"@type\":\"ReadAction\",\"target\":[\"https:\/\/www.monteescalier.net\/france\/monte-escalier-nimes\/\"]}]},{\"@type\":\"BreadcrumbList\",\"@id\":\"https:\/\/www.monteescalier.net\/france\/monte-escalier-nimes\/#breadcrumb\",\"itemListElement\":[{\"@type\":\"ListItem\",\"position\":1,\"name\":\"Accueil\",\"item\":\"https:\/\/www.monteescalier.net\/france\/\"},{\"@type\":\"ListItem\",\"position\":2,\"name\":\"Monte escalier N\u00eemes\"}]},{\"@type\":\"WebSite\",\"@id\":\"https:\/\/www.monteescalier.net\/france\/#website\",\"url\":\"https:\/\/www.monteescalier.net\/france\/\",\"name\":\"Monte escalier\",\"description\":\"\",\"publisher\":{\"@id\":\"https:\/\/www.monteescalier.net\/france\/#organization\"},\"potentialAction\":[{\"@type\":\"SearchAction\",\"target\":{\"@type\":\"EntryPoint\",\"urlTemplate\":\"https:\/\/www.monteescalier.net\/france\/?s={search_term_string}\"},\"query-input\":{\"@type\":\"PropertyValueSpecification\",\"valueRequired\":true,\"valueName\":\"search_term_string\"}}],\"inLanguage\":\"fr-FR\"},{\"@type\":\"Organization\",\"@id\":\"https:\/\/www.monteescalier.net\/france\/#organization\",\"name\":\"monte-escalier.net\",\"url\":\"https:\/\/www.monteescalier.net\/france\/\",\"logo\":{\"@type\":\"ImageObject\",\"inLanguage\":\"fr-FR\",\"@id\":\"https:\/\/www.monteescalier.net\/france\/#\/schema\/logo\/image\/\",\"url\":\"https:\/\/www.monteescalier.net\/france\/wp-content\/uploads\/2016\/10\/4devis-mont-escalier-500-500.gif\",\"contentUrl\":\"https:\/\/www.monteescalier.net\/france\/wp-content\/uploads\/2016\/10\/4devis-mont-escalier-500-500.gif\",\"width\":500,\"height\":500,\"caption\":\"monte-escalier.net\"},\"image\":{\"@id\":\"https:\/\/www.monteescalier.net\/france\/#\/schema\/logo\/image\/\"}}]}<\/script>\n<!-- \/ Yoast SEO plugin. -->","yoast_head_json":{"title":"Monte escalier N\u00eemes - Monte escalier","description":"Trouvez facilement un de nos partenaires installeurs pour r\u00e9aliser l'installation de votre monte-escaliers \u00e0 N\u00eemes","robots":{"index":"index","follow":"follow","max-snippet":"max-snippet:-1","max-image-preview":"max-image-preview:large","max-video-preview":"max-video-preview:-1"},"canonical":"https:\/\/www.monteescalier.net\/france\/monte-escalier-nimes\/","og_locale":"fr_FR","og_type":"article","og_title":"Monte escalier N\u00eemes - Monte escalier","og_description":"Trouvez facilement un de nos partenaires installeurs pour r\u00e9aliser l'installation de votre monte-escaliers \u00e0 N\u00eemes","og_url":"https:\/\/www.monteescalier.net\/france\/monte-escalier-nimes\/","og_site_name":"Monte escalier","article_modified_time":"2021-11-09T09:46:48+00:00","twitter_card":"summary_large_image","twitter_misc":{"Dur\u00e9e de lecture estim\u00e9e":"4 minutes"},"schema":{"@context":"https:\/\/schema.org","@graph":[{"@type":"WebPage","@id":"https:\/\/www.monteescalier.net\/france\/monte-escalier-nimes\/","url":"https:\/\/www.monteescalier.net\/france\/monte-escalier-nimes\/","name":"Monte escalier N\u00eemes - Monte escalier","isPartOf":{"@id":"https:\/\/www.monteescalier.net\/france\/#website"},"datePublished":"2021-03-12T09:47:10+00:00","dateModified":"2021-11-09T09:46:48+00:00","description":"Trouvez facilement un de nos partenaires installeurs pour r\u00e9aliser l'installation de votre monte-escaliers \u00e0 N\u00eemes","breadcrumb":{"@id":"https:\/\/www.monteescalier.net\/france\/monte-escalier-nimes\/#breadcrumb"},"inLanguage":"fr-FR","potentialAction":[{"@type":"ReadAction","target":["https:\/\/www.monteescalier.net\/france\/monte-escalier-nimes\/"]}]},{"@type":"BreadcrumbList","@id":"https:\/\/www.monteescalier.net\/france\/monte-escalier-nimes\/#breadcrumb","itemListElement":[{"@type":"ListItem","position":1,"name":"Accueil","item":"https:\/\/www.monteescalier.net\/france\/"},{"@type":"ListItem","position":2,"name":"Monte escalier N\u00eemes"}]},{"@type":"WebSite","@id":"https:\/\/www.monteescalier.net\/france\/#website","url":"https:\/\/www.monteescalier.net\/france\/","name":"Monte escalier","description":"","publisher":{"@id":"https:\/\/www.monteescalier.net\/france\/#organization"},"potentialAction":[{"@type":"SearchAction","target":{"@type":"EntryPoint","urlTemplate":"https:\/\/www.monteescalier.net\/france\/?s={search_term_string}"},"query-input":{"@type":"PropertyValueSpecification","valueRequired":true,"valueName":"search_term_string"}}],"inLanguage":"fr-FR"},{"@type":"Organization","@id":"https:\/\/www.monteescalier.net\/france\/#organization","name":"monte-escalier.net","url":"https:\/\/www.monteescalier.net\/france\/","logo":{"@type":"ImageObject","inLanguage":"fr-FR","@id":"https:\/\/www.monteescalier.net\/france\/#\/schema\/logo\/image\/","url":"https:\/\/www.monteescalier.net\/france\/wp-content\/uploads\/2016\/10\/4devis-mont-escalier-500-500.gif","contentUrl":"https:\/\/www.monteescalier.net\/france\/wp-content\/uploads\/2016\/10\/4devis-mont-escalier-500-500.gif","width":500,"height":500,"caption":"monte-escalier.net"},"image":{"@id":"https:\/\/www.monteescalier.net\/france\/#\/schema\/logo\/image\/"}}]}},"_links":{"self":[{"href":"https:\/\/www.monteescalier.net\/france\/wp-json\/wp\/v2\/pages\/934","targetHints":{"allow":["GET"]}}],"collection":[{"href":"https:\/\/www.monteescalier.net\/france\/wp-json\/wp\/v2\/pages"}],"about":[{"href":"https:\/\/www.monteescalier.net\/france\/wp-json\/wp\/v2\/types\/page"}],"author":[{"embeddable":true,"href":"https:\/\/www.monteescalier.net\/france\/wp-json\/wp\/v2\/users\/1"}],"replies":[{"embeddable":true,"href":"https:\/\/www.monteescalier.net\/france\/wp-json\/wp\/v2\/comments?post=934"}],"version-history":[{"count":3,"href":"https:\/\/www.monteescalier.net\/france\/wp-json\/wp\/v2\/pages\/934\/revisions"}],"predecessor-version":[{"id":7341,"href":"https:\/\/www.monteescalier.net\/france\/wp-json\/wp\/v2\/pages\/934\/revisions\/7341"}],"wp:attachment":[{"href":"https:\/\/www.monteescalier.net\/france\/wp-json\/wp\/v2\/media?parent=934"}],"curies":[{"name":"wp","href":"https:\/\/api.w.org\/{rel}","templated":true}]}}