{"id":935,"date":"2021-03-26T10:47:10","date_gmt":"2021-03-26T09:47:10","guid":{"rendered":"https:\/\/www.monteescalier.net\/france\/?page_id=935"},"modified":"2021-11-09T12:17:35","modified_gmt":"2021-11-09T11:17:35","slug":"monte-escalier-limoges","status":"publish","type":"page","link":"https:\/\/www.monteescalier.net\/france\/monte-escalier-limoges\/","title":{"rendered":"Monte escalier Limoges"},"content":{"rendered":"<h1>Choisir\u00a0un vendeur de monte escalier \u00e0 Limoges<\/h1>\n<pre>Article mis \u00e0 jour le 08\/11\/2016<\/pre>\n<div class=\"boite_texte\">\n<div style=\"text-align: justify;\">La d\u00e9cision est prise : Vous allez commander \u00a0un monte escalier \u00e0 Limoges, pour \u00e9quiper votre maison et ainsi profiter de l&rsquo;tage (ou des \u00e9tages) sans prendre le moindre risque ou vous fatiguer inutilement. C&rsquo;est une sage d\u00e9cision qui devrait vous rendre la vie plus facile et accessoirement de rester dans votre maison, ce qui pour beaucoup d&rsquo;entre nous et une des composantes du bien-\u00eatre. Reste \u00e0 trouver le monte escalier et l&rsquo;installateur qui va venir vous le poser. \u00a0A Limoges, et dans la Haute Vienne plus g\u00e9n\u00e9ralement, vous trouverez plusieurs vendeurs et installateurs de monte escalier. Mais comment faire un choix entre ces diff\u00e9rents prestataires : faut-il favoriser le g\u00e9ant mondial du monte escalier, un prestataire r\u00e9gional ou un artisan au niveau local. Qui sera le moins cher? le plus cher? celui qui vous apportera le meilleur conseil et la meilleure assistance en cas de panne de votre appareil?<\/div>\n<h2>\u00a0Choisir un installateur de monte escalier<\/h2>\n<div style=\"text-align: justify;\">Vous pouvez faire confiance \u00e0 la chance, mais nous vous recommandons d&rsquo;utiliser une autre m\u00e9thode pour laquelle nous pouvons gracieusement vous assister. Monteescalier.net est un site qui vous met en relation avec les vendeurs de monte escalier dans votre r\u00e9gion. Notre m\u00e9thode est simple, nous s\u00e9lectionnons des prestataires sur les principaux crit\u00e8res de qualit\u00e9, de prix et de service et nous les mettons en relation avec vous. Vu que nous sommes totalement ind\u00e9pendants des marques de monte escalier, des distributeurs et des installateurs, notre jugement n&rsquo;est pas orient\u00e9. Si vous passez par nos services, vous serez mis en contact avec des installateurs dont nous pensons qu&rsquo;ils peuvent r\u00e9pondre le mieux possible\u00e0 votre probl\u00e9matique monte escalier et \u00e0 vos attentes en la mani\u00e8re.<\/div>\n<\/div>\n<div style=\"text-align: justify;\"><\/div>\n<h2 style=\"text-align: justify;\">Comment \u00e7a marche ?<\/h2>\n<div class=\"boite_texte\">\n<p style=\"text-align: justify;\">Pour choisir votre revendeur de monte escalier \u00e0 Limoges, la meilleure m\u00e9thode est de pouvoir disposer de plusieurs devis \u00e9manant de diff\u00e9rentes soci\u00e9t\u00e9s. C&rsquo;est justement ce que nous vous proposons. Remplissez une demande de devis et nos partenaires vous feront chacun leur meilleure offre pour votre monte escalier \u00e0 Limoges. Vous n&rsquo;aurez pas \u00e0 attendre longtemps avant qu&rsquo;ils ne vous rappellent. Vous verrez alors que la mise en concurrence peut avoir du bon. Elle pourrait, en effet, vous permettre d&rsquo;obtenir un meilleur prix que si vous n&rsquo;aviez consult\u00e9 qu&rsquo;un prestataire au hasard. Prenez le temps de bien comparer les offres et faites votre choix en toute libert\u00e9. Une fois que vous \u00eates mis en relation avec les installateurs de monte escalier, nous n&rsquo;intervenons plus, nous ne vendons pas non plus vos donn\u00e9es \u00e0 d&rsquo;autres fins. La seule chose qui nous int\u00e9resse est de vous mettre en contact avec les meilleurs installateurs de monte escalier de la r\u00e9gion. Si vous finissez par acheter un monte escalier chez un des prestataires que nous vous avons recommand\u00e9, bravo \u00e0 vous, vous en serez tr\u00e8s certainement satisfait. Pour autant, vous ne nous devrez rien : nous ne touchons pas de commissions sur les ventes de monte escalier.<\/p>\n<div style=\"text-align: justify;\">\n<p>Vous avez des questions \u00ab\u00a0avant vente\u00a0\u00bb? Sans vous d\u00e9placer, via notre formulaire de demande de rappel vous allez pouvoir poser toutes vos questions techniques. Une fois compl\u00e9t\u00e9 avec vos coordonn\u00e9es, les\u00a0experts du monte escalier sur Limoges, vous rappelleront tr\u00e8s vite pour \u00e9changer avec vous sur votre futur monte escalier.<\/p>\n<\/div>\n<div style=\"text-align: justify;\">Pourquoi aller chercher ailleurs alors que tous nos services sont enti\u00e8rement gratuits. Nous avons fait le travail de pr\u00e9selection de votre prestataire monte escalier \u00e0 Limoges. Utilisez nos services ne vous co\u00fbtera rien et ne vous engagera \u00e0 rien&#8230; alors pourquoi ne pas nous faire confiance comme des centaines de particuliers l&rsquo;ont d\u00e9j\u00e0 fait avant vous\u00a0! Laissez nous vos coordonn\u00e9es et testez nos services sans engagement.<\/div>\n<p>&nbsp;<\/p>\n<\/div>\n<div class=\"titre_liens\">Autres liens int\u00e9ressants vers nos offres dans les villes voisines de Limoges<\/div>\n<div class=\"boite_liens\"><a href=\"https:\/\/www.monteescalier.net\/france\/monte-escalier-saint-junien\">Monte escalier Saint-Junien<\/a><br \/>\n<a href=\"https:\/\/www.monteescalier.net\/france\/monte-escalier-panazol\">Monte escalier Panazol<\/a><br \/>\n<a href=\"https:\/\/www.monteescalier.net\/france\/monte-escalier-couzeix\">Monte escalier Couzeix<\/a><br \/>\n<a href=\"https:\/\/www.monteescalier.net\/france\/monte-escalier-isle\">Monte escalier Isle<\/a><br \/>\n<a href=\"https:\/\/www.monteescalier.net\/france\/monte-escalier-saint-yrieix-la-perche\">Monte escalier Saint-Yrieix-la-Perche<\/a><\/div>\n","protected":false},"excerpt":{"rendered":"<p>Choisir\u00a0un vendeur de monte escalier \u00e0 Limoges Article mis \u00e0 jour le 08\/11\/2016 La d\u00e9cision est prise : Vous allez commander \u00a0un monte escalier \u00e0 Limoges, pour \u00e9quiper votre maison et ainsi profiter de l&rsquo;tage (ou des \u00e9tages) sans prendre le moindre risque ou vous fatiguer inutilement. C&rsquo;est une sage d\u00e9cision qui devrait vous rendre [&hellip;]<\/p>\n","protected":false},"author":1,"featured_media":0,"parent":0,"menu_order":0,"comment_status":"closed","ping_status":"open","template":"","meta":{"_monsterinsights_skip_tracking":false,"_monsterinsights_sitenote_active":false,"_monsterinsights_sitenote_note":"","_monsterinsights_sitenote_category":0,"footnotes":""},"class_list":["post-935","page","type-page","status-publish","hentry"],"yoast_head":"<!-- This site is optimized with the Yoast SEO plugin v26.3 - https:\/\/yoast.com\/wordpress\/plugins\/seo\/ -->\n<title>Monte escalier Limoges - Monte escalier<\/title>\n<meta name=\"description\" content=\"Fiez-vous \u00e0 votre monte-escalier \u00e0 Limoges pour retrouver votre pleine autonomie gr\u00e2ce a nos partenaires installeur .\" \/>\n<meta name=\"robots\" content=\"index, follow, max-snippet:-1, max-image-preview:large, max-video-preview:-1\" \/>\n<link rel=\"canonical\" href=\"https:\/\/www.monteescalier.net\/france\/monte-escalier-limoges\/\" \/>\n<meta property=\"og:locale\" content=\"fr_FR\" \/>\n<meta property=\"og:type\" content=\"article\" \/>\n<meta property=\"og:title\" content=\"Monte escalier Limoges - Monte escalier\" \/>\n<meta property=\"og:description\" content=\"Fiez-vous \u00e0 votre monte-escalier \u00e0 Limoges pour retrouver votre pleine autonomie gr\u00e2ce a nos partenaires installeur .\" \/>\n<meta property=\"og:url\" content=\"https:\/\/www.monteescalier.net\/france\/monte-escalier-limoges\/\" \/>\n<meta property=\"og:site_name\" content=\"Monte escalier\" \/>\n<meta property=\"article:modified_time\" content=\"2021-11-09T11:17:35+00:00\" \/>\n<meta name=\"twitter:card\" content=\"summary_large_image\" \/>\n<meta name=\"twitter:label1\" content=\"Dur\u00e9e de lecture estim\u00e9e\" \/>\n\t<meta name=\"twitter:data1\" content=\"3 minutes\" \/>\n<script type=\"application\/ld+json\" class=\"yoast-schema-graph\">{\"@context\":\"https:\/\/schema.org\",\"@graph\":[{\"@type\":\"WebPage\",\"@id\":\"https:\/\/www.monteescalier.net\/france\/monte-escalier-limoges\/\",\"url\":\"https:\/\/www.monteescalier.net\/france\/monte-escalier-limoges\/\",\"name\":\"Monte escalier Limoges - Monte escalier\",\"isPartOf\":{\"@id\":\"https:\/\/www.monteescalier.net\/france\/#website\"},\"datePublished\":\"2021-03-26T09:47:10+00:00\",\"dateModified\":\"2021-11-09T11:17:35+00:00\",\"description\":\"Fiez-vous \u00e0 votre monte-escalier \u00e0 Limoges pour retrouver votre pleine autonomie gr\u00e2ce a nos partenaires installeur .\",\"breadcrumb\":{\"@id\":\"https:\/\/www.monteescalier.net\/france\/monte-escalier-limoges\/#breadcrumb\"},\"inLanguage\":\"fr-FR\",\"potentialAction\":[{\"@type\":\"ReadAction\",\"target\":[\"https:\/\/www.monteescalier.net\/france\/monte-escalier-limoges\/\"]}]},{\"@type\":\"BreadcrumbList\",\"@id\":\"https:\/\/www.monteescalier.net\/france\/monte-escalier-limoges\/#breadcrumb\",\"itemListElement\":[{\"@type\":\"ListItem\",\"position\":1,\"name\":\"Accueil\",\"item\":\"https:\/\/www.monteescalier.net\/france\/\"},{\"@type\":\"ListItem\",\"position\":2,\"name\":\"Monte escalier Limoges\"}]},{\"@type\":\"WebSite\",\"@id\":\"https:\/\/www.monteescalier.net\/france\/#website\",\"url\":\"https:\/\/www.monteescalier.net\/france\/\",\"name\":\"Monte escalier\",\"description\":\"\",\"publisher\":{\"@id\":\"https:\/\/www.monteescalier.net\/france\/#organization\"},\"potentialAction\":[{\"@type\":\"SearchAction\",\"target\":{\"@type\":\"EntryPoint\",\"urlTemplate\":\"https:\/\/www.monteescalier.net\/france\/?s={search_term_string}\"},\"query-input\":{\"@type\":\"PropertyValueSpecification\",\"valueRequired\":true,\"valueName\":\"search_term_string\"}}],\"inLanguage\":\"fr-FR\"},{\"@type\":\"Organization\",\"@id\":\"https:\/\/www.monteescalier.net\/france\/#organization\",\"name\":\"monte-escalier.net\",\"url\":\"https:\/\/www.monteescalier.net\/france\/\",\"logo\":{\"@type\":\"ImageObject\",\"inLanguage\":\"fr-FR\",\"@id\":\"https:\/\/www.monteescalier.net\/france\/#\/schema\/logo\/image\/\",\"url\":\"https:\/\/www.monteescalier.net\/france\/wp-content\/uploads\/2016\/10\/4devis-mont-escalier-500-500.gif\",\"contentUrl\":\"https:\/\/www.monteescalier.net\/france\/wp-content\/uploads\/2016\/10\/4devis-mont-escalier-500-500.gif\",\"width\":500,\"height\":500,\"caption\":\"monte-escalier.net\"},\"image\":{\"@id\":\"https:\/\/www.monteescalier.net\/france\/#\/schema\/logo\/image\/\"}}]}<\/script>\n<!-- \/ Yoast SEO plugin. -->","yoast_head_json":{"title":"Monte escalier Limoges - Monte escalier","description":"Fiez-vous \u00e0 votre monte-escalier \u00e0 Limoges pour retrouver votre pleine autonomie gr\u00e2ce a nos partenaires installeur .","robots":{"index":"index","follow":"follow","max-snippet":"max-snippet:-1","max-image-preview":"max-image-preview:large","max-video-preview":"max-video-preview:-1"},"canonical":"https:\/\/www.monteescalier.net\/france\/monte-escalier-limoges\/","og_locale":"fr_FR","og_type":"article","og_title":"Monte escalier Limoges - Monte escalier","og_description":"Fiez-vous \u00e0 votre monte-escalier \u00e0 Limoges pour retrouver votre pleine autonomie gr\u00e2ce a nos partenaires installeur .","og_url":"https:\/\/www.monteescalier.net\/france\/monte-escalier-limoges\/","og_site_name":"Monte escalier","article_modified_time":"2021-11-09T11:17:35+00:00","twitter_card":"summary_large_image","twitter_misc":{"Dur\u00e9e de lecture estim\u00e9e":"3 minutes"},"schema":{"@context":"https:\/\/schema.org","@graph":[{"@type":"WebPage","@id":"https:\/\/www.monteescalier.net\/france\/monte-escalier-limoges\/","url":"https:\/\/www.monteescalier.net\/france\/monte-escalier-limoges\/","name":"Monte escalier Limoges - Monte escalier","isPartOf":{"@id":"https:\/\/www.monteescalier.net\/france\/#website"},"datePublished":"2021-03-26T09:47:10+00:00","dateModified":"2021-11-09T11:17:35+00:00","description":"Fiez-vous \u00e0 votre monte-escalier \u00e0 Limoges pour retrouver votre pleine autonomie gr\u00e2ce a nos partenaires installeur .","breadcrumb":{"@id":"https:\/\/www.monteescalier.net\/france\/monte-escalier-limoges\/#breadcrumb"},"inLanguage":"fr-FR","potentialAction":[{"@type":"ReadAction","target":["https:\/\/www.monteescalier.net\/france\/monte-escalier-limoges\/"]}]},{"@type":"BreadcrumbList","@id":"https:\/\/www.monteescalier.net\/france\/monte-escalier-limoges\/#breadcrumb","itemListElement":[{"@type":"ListItem","position":1,"name":"Accueil","item":"https:\/\/www.monteescalier.net\/france\/"},{"@type":"ListItem","position":2,"name":"Monte escalier Limoges"}]},{"@type":"WebSite","@id":"https:\/\/www.monteescalier.net\/france\/#website","url":"https:\/\/www.monteescalier.net\/france\/","name":"Monte escalier","description":"","publisher":{"@id":"https:\/\/www.monteescalier.net\/france\/#organization"},"potentialAction":[{"@type":"SearchAction","target":{"@type":"EntryPoint","urlTemplate":"https:\/\/www.monteescalier.net\/france\/?s={search_term_string}"},"query-input":{"@type":"PropertyValueSpecification","valueRequired":true,"valueName":"search_term_string"}}],"inLanguage":"fr-FR"},{"@type":"Organization","@id":"https:\/\/www.monteescalier.net\/france\/#organization","name":"monte-escalier.net","url":"https:\/\/www.monteescalier.net\/france\/","logo":{"@type":"ImageObject","inLanguage":"fr-FR","@id":"https:\/\/www.monteescalier.net\/france\/#\/schema\/logo\/image\/","url":"https:\/\/www.monteescalier.net\/france\/wp-content\/uploads\/2016\/10\/4devis-mont-escalier-500-500.gif","contentUrl":"https:\/\/www.monteescalier.net\/france\/wp-content\/uploads\/2016\/10\/4devis-mont-escalier-500-500.gif","width":500,"height":500,"caption":"monte-escalier.net"},"image":{"@id":"https:\/\/www.monteescalier.net\/france\/#\/schema\/logo\/image\/"}}]}},"_links":{"self":[{"href":"https:\/\/www.monteescalier.net\/france\/wp-json\/wp\/v2\/pages\/935","targetHints":{"allow":["GET"]}}],"collection":[{"href":"https:\/\/www.monteescalier.net\/france\/wp-json\/wp\/v2\/pages"}],"about":[{"href":"https:\/\/www.monteescalier.net\/france\/wp-json\/wp\/v2\/types\/page"}],"author":[{"embeddable":true,"href":"https:\/\/www.monteescalier.net\/france\/wp-json\/wp\/v2\/users\/1"}],"replies":[{"embeddable":true,"href":"https:\/\/www.monteescalier.net\/france\/wp-json\/wp\/v2\/comments?post=935"}],"version-history":[{"count":4,"href":"https:\/\/www.monteescalier.net\/france\/wp-json\/wp\/v2\/pages\/935\/revisions"}],"predecessor-version":[{"id":7340,"href":"https:\/\/www.monteescalier.net\/france\/wp-json\/wp\/v2\/pages\/935\/revisions\/7340"}],"wp:attachment":[{"href":"https:\/\/www.monteescalier.net\/france\/wp-json\/wp\/v2\/media?parent=935"}],"curies":[{"name":"wp","href":"https:\/\/api.w.org\/{rel}","templated":true}]}}