{"id":942,"date":"2021-02-26T10:47:11","date_gmt":"2021-02-26T09:47:11","guid":{"rendered":"https:\/\/www.monteescalier.net\/france\/?page_id=942"},"modified":"2021-11-09T14:52:24","modified_gmt":"2021-11-09T13:52:24","slug":"monte-escalier-orleans","status":"publish","type":"page","link":"https:\/\/www.monteescalier.net\/france\/monte-escalier-orleans\/","title":{"rendered":"Monte escalier Orl\u00e9ans"},"content":{"rendered":"<h1>Quel installateur pour un\u00a0monte escalier \u00e0 Orl\u00e9ans ?<\/h1>\n<div class=\"boite_texte\">\n<div style=\"text-align: justify;\">Vous voulez vous\u00a0faire installer un monte escalier \u00e0 Orl\u00e9ans, reste un choix d\u00e9licat, celui de l&rsquo;installateur. En effet si il est relativement facile de trouver un installateur dans le bottin ou sur internet, difficile, en revanche, de se faire une opinion sur la r\u00e9putation et le rapport qualit\u00e9 prix de cet installateur. C&rsquo;est sur ce point que nous pouvons vous aider : non pas en vous disant \u00e0 Orl\u00e9ans, le meilleur vendeur de monte escalier c&rsquo;est celui-ci ! Non ! Mais en vous donnant tous les arguments pour faire votre choix sans vous influencer.<\/div>\n<h2>Monteescalier.net : profession s\u00e9lectionneur d&rsquo;installateurs de monte escalier<\/h2>\n<div style=\"text-align: justify;\">\n<p>Monteescalier.net est un\u00a0site qui vous permet avec une seule demande de devis d&rsquo;\u00eatre recontact\u00e9 par 4 voire 5 installateurs ind\u00e9pendants qui vont chacun vous faire une proposition gratuitement pour l&rsquo;installation d&rsquo;un monte escalier \u00e0 votre domicile. Nous les avons s\u00e9lectionn\u00e9s dans ce but, que vous profitiez du choix le plus large, peu importe qu&rsquo;il soit connu du grand public par une pub t\u00e9l\u00e9 ou dans un magazine, ou que ce soit un acteur local qui ne se d\u00e9place pas \u00e0 plus de 20km d&rsquo;Orl\u00e9ans. C&rsquo;est en examinant des propositions diff\u00e9rentes que vous pourrez vous faire une opinion valable sur le prix, les prestations , les garanties offertes pour l&rsquo;achat de votre monte escalier.<\/p>\n<\/div>\n<div style=\"text-align: justify;\">Inutile de chercher et d&rsquo;appeler tous les revendeurs de monte escalier de Orl\u00e9ans. En compl\u00e9tant une seule demande de devis sur notre site, vous recevrez gratuitement plusieurs propositions des professionnels couvrant le d\u00e9partement du Loiret, sans vous d\u00e9placer. Vous n&rsquo;aurez plus qu&rsquo;\u00e0 choisir la meilleure offre. Mais vous n&rsquo;y \u00eates pas oblig\u00e9s. Si vous trouvez mieux ou moins cher ailleurs, vous restez tout \u00e0 fait libres de votre choix. Et nous ne vous demanderons pas non plus d&rsquo;argent dans ce cas. Nous ne sommes pas commissionn\u00e9s sur les ventes.<\/div>\n<p>&nbsp;<\/p>\n<div align=\"center\">\n<div id=\"attachment_6815\" style=\"width: 310px\" class=\"wp-caption aligncenter\"><a href=\"https:\/\/www.monteescalier.net\/france\/wp-content\/uploads\/2013\/09\/orleans-jeanne-d-arc.jpg\"><img loading=\"lazy\" decoding=\"async\" aria-describedby=\"caption-attachment-6815\" class=\"size-medium wp-image-6815\" src=\"https:\/\/www.monteescalier.net\/france\/wp-content\/uploads\/2013\/09\/orleans-jeanne-d-arc-300x224.jpg\" alt=\"Orl\u00e9ans, ville de Jeanne d'Arc !\" width=\"300\" height=\"224\" srcset=\"https:\/\/www.monteescalier.net\/france\/wp-content\/uploads\/2013\/09\/orleans-jeanne-d-arc-300x224.jpg 300w, https:\/\/www.monteescalier.net\/france\/wp-content\/uploads\/2013\/09\/orleans-jeanne-d-arc-1024x765.jpg 1024w, https:\/\/www.monteescalier.net\/france\/wp-content\/uploads\/2013\/09\/orleans-jeanne-d-arc.jpg 1280w\" sizes=\"auto, (max-width: 300px) 100vw, 300px\" \/><\/a><p id=\"caption-attachment-6815\" class=\"wp-caption-text\">Orl\u00e9ans, ville de Jeanne d&rsquo;Arc !<\/p><\/div>\n<\/div>\n<div style=\"text-align: justify;\">Avoir des sp\u00e9cialistes du monte escalier au bout du fil pour discuter de votre projet, voici ce que vous obtiendrez sur\u00a0notre site si vous remplissez une <a href=\"https:\/\/www.monteescalier.net\/demande-de-rappel.php\">demande de rappel<\/a>. Vous serez tr\u00e8s rapidement recontact\u00e9s par nos partenaires experts qui pourront r\u00e9pondre \u00e0 toutes vos questions relatives \u00e0 la sp\u00e9cificit\u00e9 de l&rsquo;installation de votre monte escalier.<\/div>\n<p>&nbsp;<\/p>\n<div style=\"text-align: justify;\">Vous voulez choisir son mod\u00e8le de monte escalier directement depuis votre canap\u00e9 ? C&rsquo;est possible avec monteescalier.net. Remplissez directement un formulaire de demande de documentation sur notre site et vous recevrez toute la documentation n\u00e9cessaire sur les mod\u00e8les de monte escalier commercialis\u00e9s et install\u00e9s par nos professionnels partenaires.<\/div>\n<div style=\"text-align: justify;\"><\/div>\n<\/div>\n<div class=\"titre_liens\">D\u00e9couvrez aussi nos services monte escalier pr\u00e8s de chez vous<\/div>\n<p>&nbsp;<\/p>\n<div class=\"boite_liens\"><a href=\"https:\/\/www.monteescalier.net\/france\/monte-escalier-fleury-les-aubrais\">Monte escalier Fleury-les-Aubrais<\/a><br \/>\n<a href=\"https:\/\/www.monteescalier.net\/france\/monte-escalier-olivet\">Monte escalier Olivet<\/a><br \/>\n<a href=\"https:\/\/www.monteescalier.net\/france\/monte-escalier-saint-jean-de-braye\">Monte escalier Saint-Jean-de-Braye<\/a><br \/>\n<a href=\"https:\/\/www.monteescalier.net\/france\/monte-escalier-saint-jean-de-la-ruelle\">Monte escalier Saint-Jean-de-la-Ruelle<\/a><br \/>\n<a href=\"https:\/\/www.monteescalier.net\/france\/monte-escalier-montargis\">Monte escalier Montargis<\/a><\/div>\n<div class=\"boite_liens\"><\/div>\n<div class=\"boite_liens\">Article du 9\/11\/2016<\/div>\n","protected":false},"excerpt":{"rendered":"<p>Quel installateur pour un\u00a0monte escalier \u00e0 Orl\u00e9ans ? Vous voulez vous\u00a0faire installer un monte escalier \u00e0 Orl\u00e9ans, reste un choix d\u00e9licat, celui de l&rsquo;installateur. En effet si il est relativement facile de trouver un installateur dans le bottin ou sur internet, difficile, en revanche, de se faire une opinion sur la r\u00e9putation et le rapport [&hellip;]<\/p>\n","protected":false},"author":1,"featured_media":0,"parent":0,"menu_order":0,"comment_status":"closed","ping_status":"open","template":"template_ville_4.php","meta":{"_monsterinsights_skip_tracking":false,"_monsterinsights_sitenote_active":false,"_monsterinsights_sitenote_note":"","_monsterinsights_sitenote_category":0,"footnotes":""},"class_list":["post-942","page","type-page","status-publish","hentry"],"yoast_head":"<!-- This site is optimized with the Yoast SEO plugin v26.3 - https:\/\/yoast.com\/wordpress\/plugins\/seo\/ -->\n<title>Monte escalier Orl\u00e9ans - Monte escalier<\/title>\n<meta name=\"description\" content=\"Les monte escalier dans le Loiret. Revendeurs\/fabricants \u00e0 proximit\u00e9 : Monte escalier \u00e0 Orl\u00e9ans.\" \/>\n<meta name=\"robots\" content=\"index, follow, max-snippet:-1, max-image-preview:large, max-video-preview:-1\" \/>\n<link rel=\"canonical\" href=\"https:\/\/www.monteescalier.net\/france\/monte-escalier-orleans\/\" \/>\n<meta property=\"og:locale\" content=\"fr_FR\" \/>\n<meta property=\"og:type\" content=\"article\" \/>\n<meta property=\"og:title\" content=\"Monte escalier Orl\u00e9ans - Monte escalier\" \/>\n<meta property=\"og:description\" content=\"Les monte escalier dans le Loiret. Revendeurs\/fabricants \u00e0 proximit\u00e9 : Monte escalier \u00e0 Orl\u00e9ans.\" \/>\n<meta property=\"og:url\" content=\"https:\/\/www.monteescalier.net\/france\/monte-escalier-orleans\/\" \/>\n<meta property=\"og:site_name\" content=\"Monte escalier\" \/>\n<meta property=\"article:modified_time\" content=\"2021-11-09T13:52:24+00:00\" \/>\n<meta property=\"og:image\" content=\"https:\/\/www.monteescalier.net\/france\/wp-content\/uploads\/2013\/09\/orleans-jeanne-d-arc-300x224.jpg\" \/>\n<meta name=\"twitter:card\" content=\"summary_large_image\" \/>\n<meta name=\"twitter:label1\" content=\"Dur\u00e9e de lecture estim\u00e9e\" \/>\n\t<meta name=\"twitter:data1\" content=\"2 minutes\" \/>\n<script type=\"application\/ld+json\" class=\"yoast-schema-graph\">{\"@context\":\"https:\/\/schema.org\",\"@graph\":[{\"@type\":\"WebPage\",\"@id\":\"https:\/\/www.monteescalier.net\/france\/monte-escalier-orleans\/\",\"url\":\"https:\/\/www.monteescalier.net\/france\/monte-escalier-orleans\/\",\"name\":\"Monte escalier Orl\u00e9ans - Monte escalier\",\"isPartOf\":{\"@id\":\"https:\/\/www.monteescalier.net\/france\/#website\"},\"primaryImageOfPage\":{\"@id\":\"https:\/\/www.monteescalier.net\/france\/monte-escalier-orleans\/#primaryimage\"},\"image\":{\"@id\":\"https:\/\/www.monteescalier.net\/france\/monte-escalier-orleans\/#primaryimage\"},\"thumbnailUrl\":\"https:\/\/www.monteescalier.net\/france\/wp-content\/uploads\/2013\/09\/orleans-jeanne-d-arc-300x224.jpg\",\"datePublished\":\"2021-02-26T09:47:11+00:00\",\"dateModified\":\"2021-11-09T13:52:24+00:00\",\"description\":\"Les monte escalier dans le Loiret. Revendeurs\/fabricants \u00e0 proximit\u00e9 : Monte escalier \u00e0 Orl\u00e9ans.\",\"breadcrumb\":{\"@id\":\"https:\/\/www.monteescalier.net\/france\/monte-escalier-orleans\/#breadcrumb\"},\"inLanguage\":\"fr-FR\",\"potentialAction\":[{\"@type\":\"ReadAction\",\"target\":[\"https:\/\/www.monteescalier.net\/france\/monte-escalier-orleans\/\"]}]},{\"@type\":\"ImageObject\",\"inLanguage\":\"fr-FR\",\"@id\":\"https:\/\/www.monteescalier.net\/france\/monte-escalier-orleans\/#primaryimage\",\"url\":\"https:\/\/www.monteescalier.net\/france\/wp-content\/uploads\/2013\/09\/orleans-jeanne-d-arc.jpg\",\"contentUrl\":\"https:\/\/www.monteescalier.net\/france\/wp-content\/uploads\/2013\/09\/orleans-jeanne-d-arc.jpg\",\"width\":1280,\"height\":957,\"caption\":\"Orl\u00e9ans, ville de Jeanne d'Arc !\"},{\"@type\":\"BreadcrumbList\",\"@id\":\"https:\/\/www.monteescalier.net\/france\/monte-escalier-orleans\/#breadcrumb\",\"itemListElement\":[{\"@type\":\"ListItem\",\"position\":1,\"name\":\"Accueil\",\"item\":\"https:\/\/www.monteescalier.net\/france\/\"},{\"@type\":\"ListItem\",\"position\":2,\"name\":\"Monte escalier Orl\u00e9ans\"}]},{\"@type\":\"WebSite\",\"@id\":\"https:\/\/www.monteescalier.net\/france\/#website\",\"url\":\"https:\/\/www.monteescalier.net\/france\/\",\"name\":\"Monte escalier\",\"description\":\"\",\"publisher\":{\"@id\":\"https:\/\/www.monteescalier.net\/france\/#organization\"},\"potentialAction\":[{\"@type\":\"SearchAction\",\"target\":{\"@type\":\"EntryPoint\",\"urlTemplate\":\"https:\/\/www.monteescalier.net\/france\/?s={search_term_string}\"},\"query-input\":{\"@type\":\"PropertyValueSpecification\",\"valueRequired\":true,\"valueName\":\"search_term_string\"}}],\"inLanguage\":\"fr-FR\"},{\"@type\":\"Organization\",\"@id\":\"https:\/\/www.monteescalier.net\/france\/#organization\",\"name\":\"monte-escalier.net\",\"url\":\"https:\/\/www.monteescalier.net\/france\/\",\"logo\":{\"@type\":\"ImageObject\",\"inLanguage\":\"fr-FR\",\"@id\":\"https:\/\/www.monteescalier.net\/france\/#\/schema\/logo\/image\/\",\"url\":\"https:\/\/www.monteescalier.net\/france\/wp-content\/uploads\/2016\/10\/4devis-mont-escalier-500-500.gif\",\"contentUrl\":\"https:\/\/www.monteescalier.net\/france\/wp-content\/uploads\/2016\/10\/4devis-mont-escalier-500-500.gif\",\"width\":500,\"height\":500,\"caption\":\"monte-escalier.net\"},\"image\":{\"@id\":\"https:\/\/www.monteescalier.net\/france\/#\/schema\/logo\/image\/\"}}]}<\/script>\n<!-- \/ Yoast SEO plugin. -->","yoast_head_json":{"title":"Monte escalier Orl\u00e9ans - Monte escalier","description":"Les monte escalier dans le Loiret. Revendeurs\/fabricants \u00e0 proximit\u00e9 : Monte escalier \u00e0 Orl\u00e9ans.","robots":{"index":"index","follow":"follow","max-snippet":"max-snippet:-1","max-image-preview":"max-image-preview:large","max-video-preview":"max-video-preview:-1"},"canonical":"https:\/\/www.monteescalier.net\/france\/monte-escalier-orleans\/","og_locale":"fr_FR","og_type":"article","og_title":"Monte escalier Orl\u00e9ans - Monte escalier","og_description":"Les monte escalier dans le Loiret. Revendeurs\/fabricants \u00e0 proximit\u00e9 : Monte escalier \u00e0 Orl\u00e9ans.","og_url":"https:\/\/www.monteescalier.net\/france\/monte-escalier-orleans\/","og_site_name":"Monte escalier","article_modified_time":"2021-11-09T13:52:24+00:00","og_image":[{"url":"https:\/\/www.monteescalier.net\/france\/wp-content\/uploads\/2013\/09\/orleans-jeanne-d-arc-300x224.jpg","type":"","width":"","height":""}],"twitter_card":"summary_large_image","twitter_misc":{"Dur\u00e9e de lecture estim\u00e9e":"2 minutes"},"schema":{"@context":"https:\/\/schema.org","@graph":[{"@type":"WebPage","@id":"https:\/\/www.monteescalier.net\/france\/monte-escalier-orleans\/","url":"https:\/\/www.monteescalier.net\/france\/monte-escalier-orleans\/","name":"Monte escalier Orl\u00e9ans - Monte escalier","isPartOf":{"@id":"https:\/\/www.monteescalier.net\/france\/#website"},"primaryImageOfPage":{"@id":"https:\/\/www.monteescalier.net\/france\/monte-escalier-orleans\/#primaryimage"},"image":{"@id":"https:\/\/www.monteescalier.net\/france\/monte-escalier-orleans\/#primaryimage"},"thumbnailUrl":"https:\/\/www.monteescalier.net\/france\/wp-content\/uploads\/2013\/09\/orleans-jeanne-d-arc-300x224.jpg","datePublished":"2021-02-26T09:47:11+00:00","dateModified":"2021-11-09T13:52:24+00:00","description":"Les monte escalier dans le Loiret. Revendeurs\/fabricants \u00e0 proximit\u00e9 : Monte escalier \u00e0 Orl\u00e9ans.","breadcrumb":{"@id":"https:\/\/www.monteescalier.net\/france\/monte-escalier-orleans\/#breadcrumb"},"inLanguage":"fr-FR","potentialAction":[{"@type":"ReadAction","target":["https:\/\/www.monteescalier.net\/france\/monte-escalier-orleans\/"]}]},{"@type":"ImageObject","inLanguage":"fr-FR","@id":"https:\/\/www.monteescalier.net\/france\/monte-escalier-orleans\/#primaryimage","url":"https:\/\/www.monteescalier.net\/france\/wp-content\/uploads\/2013\/09\/orleans-jeanne-d-arc.jpg","contentUrl":"https:\/\/www.monteescalier.net\/france\/wp-content\/uploads\/2013\/09\/orleans-jeanne-d-arc.jpg","width":1280,"height":957,"caption":"Orl\u00e9ans, ville de Jeanne d'Arc !"},{"@type":"BreadcrumbList","@id":"https:\/\/www.monteescalier.net\/france\/monte-escalier-orleans\/#breadcrumb","itemListElement":[{"@type":"ListItem","position":1,"name":"Accueil","item":"https:\/\/www.monteescalier.net\/france\/"},{"@type":"ListItem","position":2,"name":"Monte escalier Orl\u00e9ans"}]},{"@type":"WebSite","@id":"https:\/\/www.monteescalier.net\/france\/#website","url":"https:\/\/www.monteescalier.net\/france\/","name":"Monte escalier","description":"","publisher":{"@id":"https:\/\/www.monteescalier.net\/france\/#organization"},"potentialAction":[{"@type":"SearchAction","target":{"@type":"EntryPoint","urlTemplate":"https:\/\/www.monteescalier.net\/france\/?s={search_term_string}"},"query-input":{"@type":"PropertyValueSpecification","valueRequired":true,"valueName":"search_term_string"}}],"inLanguage":"fr-FR"},{"@type":"Organization","@id":"https:\/\/www.monteescalier.net\/france\/#organization","name":"monte-escalier.net","url":"https:\/\/www.monteescalier.net\/france\/","logo":{"@type":"ImageObject","inLanguage":"fr-FR","@id":"https:\/\/www.monteescalier.net\/france\/#\/schema\/logo\/image\/","url":"https:\/\/www.monteescalier.net\/france\/wp-content\/uploads\/2016\/10\/4devis-mont-escalier-500-500.gif","contentUrl":"https:\/\/www.monteescalier.net\/france\/wp-content\/uploads\/2016\/10\/4devis-mont-escalier-500-500.gif","width":500,"height":500,"caption":"monte-escalier.net"},"image":{"@id":"https:\/\/www.monteescalier.net\/france\/#\/schema\/logo\/image\/"}}]}},"_links":{"self":[{"href":"https:\/\/www.monteescalier.net\/france\/wp-json\/wp\/v2\/pages\/942","targetHints":{"allow":["GET"]}}],"collection":[{"href":"https:\/\/www.monteescalier.net\/france\/wp-json\/wp\/v2\/pages"}],"about":[{"href":"https:\/\/www.monteescalier.net\/france\/wp-json\/wp\/v2\/types\/page"}],"author":[{"embeddable":true,"href":"https:\/\/www.monteescalier.net\/france\/wp-json\/wp\/v2\/users\/1"}],"replies":[{"embeddable":true,"href":"https:\/\/www.monteescalier.net\/france\/wp-json\/wp\/v2\/comments?post=942"}],"version-history":[{"count":7,"href":"https:\/\/www.monteescalier.net\/france\/wp-json\/wp\/v2\/pages\/942\/revisions"}],"predecessor-version":[{"id":7427,"href":"https:\/\/www.monteescalier.net\/france\/wp-json\/wp\/v2\/pages\/942\/revisions\/7427"}],"wp:attachment":[{"href":"https:\/\/www.monteescalier.net\/france\/wp-json\/wp\/v2\/media?parent=942"}],"curies":[{"name":"wp","href":"https:\/\/api.w.org\/{rel}","templated":true}]}}