{"id":961,"date":"2021-09-26T10:47:11","date_gmt":"2021-09-26T09:47:11","guid":{"rendered":"https:\/\/www.monteescalier.net\/france\/?page_id=961"},"modified":"2021-11-09T17:44:51","modified_gmt":"2021-11-09T16:44:51","slug":"monte-escalier-pau","status":"publish","type":"page","link":"https:\/\/www.monteescalier.net\/france\/monte-escalier-pau\/","title":{"rendered":"Monte escalier Pau"},"content":{"rendered":"<h1>Ou acheter son monte escalier \u00e0 Pau<\/h1>\n<div class=\"boite_texte\">\n<div style=\"text-align: justify;\">Vous avez d\u00e9cid\u00e9 d&rsquo;acheter un monte escalier \u00e0 Pau, mais pas encore trouv\u00e9 votre installateur en dans les Pyr\u00e9n\u00e9es-Atlantiques. Faites confiance \u00e0 monteescalier.net pour vous mettre en relation directe avec une s\u00e9lection de prestataires installateurs, revendeurs et fabricants de monte escalier dans votre r\u00e9gion. C&rsquo;est gratuit et sans engagement, alors que demander de plus !<\/div>\n<p>&nbsp;<\/p>\n<div style=\"text-align: justify;\">Monteescalier.net est un portail mettant en rapport les\u00a0acheteurs de monte escalier et les vendeurs de votre r\u00e9gion. A Pau, comme partout en France, des dizaines d&rsquo;acheteurs de monte escalier nous ont d\u00e9j\u00e0 fait confiance. Et pour cause : gratuit\u00e9 des services, transparence, ind\u00e9pendance. Ce sont nos 3 caract\u00e8res principaux qui nous permetttent de vous mettre en rapport rapidement avec 4 ou 5 installateurs de votre r\u00e9gion et donc d&rsquo;obtenir des devis et donc de pouvoir les comparer, vous-m\u00eames, en toute simplicit\u00e9 et en toute objectivit\u00e9. Nous n&rsquo;intervenons pas dans votre processus de d\u00e9cision, nous vous mettons en relation, c&rsquo;est tout<\/div>\n<h2>\u00a04 ou 5 devis de monte escalier tr\u00e8s vite?<\/h2>\n<div style=\"text-align: justify;\"><\/div>\n<div style=\"text-align: justify;\">Le premier service que nous vous proposons gratuitement est la demande de devis gratuit. Et ce n&rsquo;est pas un devis que vous recevrez en remplissant un formulaire sur notre site mais 4 ou 5 propositions fermes \u00e9manant de professionnels du monte escalier de Pau que nous avons s\u00e9lectionn\u00e9 pour vous.<\/div>\n<h2>\u00a0Des questions? la demande de rappel pour y r\u00e9pondre<\/h2>\n<div style=\"text-align: justify;\"><\/div>\n<div style=\"text-align: justify;\">Chaque installation de monte escalier \u00e9tant sp\u00e9cifique, vous pouvez \u00eatre amen\u00e9 \u00e0 vouloir en discuter avec de v\u00e9ritables experts, professionnels de l&rsquo;installation de monte escalier \u00e0 Pau. Pour vous faciliter la t\u00e2che, utilisez notre service de demande de rappel, un formulaire avec vos coordonn\u00e9es \u00e0 remplir et vous serez tr\u00e8s vite rappel\u00e9s par nos partenaire dans votre d\u00e9partement.<\/div>\n<h2>\u00a0Documentation monte escalier<\/h2>\n<div style=\"text-align: justify;\"><\/div>\n<div style=\"text-align: justify;\">Pour faire votre choix, vous pouvez aussi vouloir comparer les caract\u00e9ristiques d\u00e9taill\u00e9es des fauteuils monte escalier des diff\u00e9rentes marques disponibles \u00e0 la vente.\u00a0Le mieux dans ce cas est de vous servir de notre formulaire de <a href=\"https:\/\/www.monteescalier.net\/demande-de-documentation.php\">demande de documentation<\/a> que vous trouverez sur notre site. Par courriel alors\u00a0vous recevrez gratuitement toutes les infos n\u00e9cessaires qui vous permettront de comparer \u00e0 t\u00eate repos\u00e9e les diff\u00e9rents mod\u00e8les de monte escalier. Veillez \u00e0 bien remplir le formulaire, car les installateurs \u00e0 qui nous transmettons vos demandes ne r\u00e9pondront qu&rsquo;aux demandes compl\u00e8tes avec email (forc\u00e9ment) adresse postale et t\u00e9l\u00e9phone.<\/div>\n<h2>\u00a0La conclusion sur monteescalier.net<\/h2>\n<div style=\"text-align: justify;\"><\/div>\n<div style=\"text-align: justify;\">Centralisez vos demandes sur les monte escalier gr\u00e2ce \u00e0 notre site enti\u00e8rement gratuit : un formulaire rempli = des contacts multiples avec les prestataires revendeurs de monte escalier \u00e0 Pau et ses environs. Si toutefois, les prestataires que nous avons pr\u00e9sent\u00e9s ne vous font pas de proposition int\u00e9ressante, libre \u00e0 vous d&rsquo;aller voir ailleurs. Une demande sur monteescalier.net ne vous engage absolument pas. Nous vous demandons simplement de bien accueillir les installateurs de monte escalier que nous vous pr\u00e9sentons : ils jouent le jeu et m\u00e9ritent donc toute votre attention.<\/div>\n<p>&nbsp;<\/p>\n<div style=\"text-align: justify;\"><\/div>\n<\/div>\n<div class=\"titre_liens\">Nos offres monteescalier.net \u00e0 proximit\u00e9<\/div>\n<div class=\"boite_liens\"><a href=\"https:\/\/www.monteescalier.net\/france\/monte-escalier-bayonne\">Monte escalier Bayonne<\/a><br \/>\n<a href=\"https:\/\/www.monteescalier.net\/france\/monte-escalier-anglet\">Monte escalier Anglet<\/a><br \/>\n<a href=\"https:\/\/www.monteescalier.net\/france\/monte-escalier-biarritz\">Monte escalier Biarritz<\/a><br \/>\n<a href=\"https:\/\/www.monteescalier.net\/france\/monte-escalier-hendaye\">Monte escalier Hendaye<\/a><br \/>\n<a href=\"https:\/\/www.monteescalier.net\/france\/monte-escalier-saint-jean-de-luz\">Monte escalier Saint-Jean-de-Luz<\/a><\/div>\n<div class=\"boite_liens\"><\/div>\n<div class=\"boite_liens\">Article \u00e0 jour au 31\/11\/2016<\/div>\n","protected":false},"excerpt":{"rendered":"<p>Ou acheter son monte escalier \u00e0 Pau Vous avez d\u00e9cid\u00e9 d&rsquo;acheter un monte escalier \u00e0 Pau, mais pas encore trouv\u00e9 votre installateur en dans les Pyr\u00e9n\u00e9es-Atlantiques. Faites confiance \u00e0 monteescalier.net pour vous mettre en relation directe avec une s\u00e9lection de prestataires installateurs, revendeurs et fabricants de monte escalier dans votre r\u00e9gion. C&rsquo;est gratuit et sans [&hellip;]<\/p>\n","protected":false},"author":1,"featured_media":0,"parent":0,"menu_order":0,"comment_status":"closed","ping_status":"open","template":"template_ville_18.php","meta":{"_monsterinsights_skip_tracking":false,"_monsterinsights_sitenote_active":false,"_monsterinsights_sitenote_note":"","_monsterinsights_sitenote_category":0,"footnotes":""},"class_list":["post-961","page","type-page","status-publish","hentry"],"yoast_head":"<!-- This site is optimized with the Yoast SEO plugin v26.3 - https:\/\/yoast.com\/wordpress\/plugins\/seo\/ -->\n<title>Monte escalier Pau - Monte escalier<\/title>\n<meta name=\"description\" content=\"Monte escalier \u00e0 Pau : Trouvez un professionnel en quelques clics : coordonn\u00e9es, horaires,...\" \/>\n<meta name=\"robots\" content=\"index, follow, max-snippet:-1, max-image-preview:large, max-video-preview:-1\" \/>\n<link rel=\"canonical\" href=\"https:\/\/www.monteescalier.net\/france\/monte-escalier-pau\/\" \/>\n<meta property=\"og:locale\" content=\"fr_FR\" \/>\n<meta property=\"og:type\" content=\"article\" \/>\n<meta property=\"og:title\" content=\"Monte escalier Pau - Monte escalier\" \/>\n<meta property=\"og:description\" content=\"Monte escalier \u00e0 Pau : Trouvez un professionnel en quelques clics : coordonn\u00e9es, horaires,...\" \/>\n<meta property=\"og:url\" content=\"https:\/\/www.monteescalier.net\/france\/monte-escalier-pau\/\" \/>\n<meta property=\"og:site_name\" content=\"Monte escalier\" \/>\n<meta property=\"article:modified_time\" content=\"2021-11-09T16:44:51+00:00\" \/>\n<meta name=\"twitter:card\" content=\"summary_large_image\" \/>\n<meta name=\"twitter:label1\" content=\"Dur\u00e9e de lecture estim\u00e9e\" \/>\n\t<meta name=\"twitter:data1\" content=\"3 minutes\" \/>\n<script type=\"application\/ld+json\" class=\"yoast-schema-graph\">{\"@context\":\"https:\/\/schema.org\",\"@graph\":[{\"@type\":\"WebPage\",\"@id\":\"https:\/\/www.monteescalier.net\/france\/monte-escalier-pau\/\",\"url\":\"https:\/\/www.monteescalier.net\/france\/monte-escalier-pau\/\",\"name\":\"Monte escalier Pau - Monte escalier\",\"isPartOf\":{\"@id\":\"https:\/\/www.monteescalier.net\/france\/#website\"},\"datePublished\":\"2021-09-26T09:47:11+00:00\",\"dateModified\":\"2021-11-09T16:44:51+00:00\",\"description\":\"Monte escalier \u00e0 Pau : Trouvez un professionnel en quelques clics : coordonn\u00e9es, horaires,...\",\"breadcrumb\":{\"@id\":\"https:\/\/www.monteescalier.net\/france\/monte-escalier-pau\/#breadcrumb\"},\"inLanguage\":\"fr-FR\",\"potentialAction\":[{\"@type\":\"ReadAction\",\"target\":[\"https:\/\/www.monteescalier.net\/france\/monte-escalier-pau\/\"]}]},{\"@type\":\"BreadcrumbList\",\"@id\":\"https:\/\/www.monteescalier.net\/france\/monte-escalier-pau\/#breadcrumb\",\"itemListElement\":[{\"@type\":\"ListItem\",\"position\":1,\"name\":\"Accueil\",\"item\":\"https:\/\/www.monteescalier.net\/france\/\"},{\"@type\":\"ListItem\",\"position\":2,\"name\":\"Monte escalier Pau\"}]},{\"@type\":\"WebSite\",\"@id\":\"https:\/\/www.monteescalier.net\/france\/#website\",\"url\":\"https:\/\/www.monteescalier.net\/france\/\",\"name\":\"Monte escalier\",\"description\":\"\",\"publisher\":{\"@id\":\"https:\/\/www.monteescalier.net\/france\/#organization\"},\"potentialAction\":[{\"@type\":\"SearchAction\",\"target\":{\"@type\":\"EntryPoint\",\"urlTemplate\":\"https:\/\/www.monteescalier.net\/france\/?s={search_term_string}\"},\"query-input\":{\"@type\":\"PropertyValueSpecification\",\"valueRequired\":true,\"valueName\":\"search_term_string\"}}],\"inLanguage\":\"fr-FR\"},{\"@type\":\"Organization\",\"@id\":\"https:\/\/www.monteescalier.net\/france\/#organization\",\"name\":\"monte-escalier.net\",\"url\":\"https:\/\/www.monteescalier.net\/france\/\",\"logo\":{\"@type\":\"ImageObject\",\"inLanguage\":\"fr-FR\",\"@id\":\"https:\/\/www.monteescalier.net\/france\/#\/schema\/logo\/image\/\",\"url\":\"https:\/\/www.monteescalier.net\/france\/wp-content\/uploads\/2016\/10\/4devis-mont-escalier-500-500.gif\",\"contentUrl\":\"https:\/\/www.monteescalier.net\/france\/wp-content\/uploads\/2016\/10\/4devis-mont-escalier-500-500.gif\",\"width\":500,\"height\":500,\"caption\":\"monte-escalier.net\"},\"image\":{\"@id\":\"https:\/\/www.monteescalier.net\/france\/#\/schema\/logo\/image\/\"}}]}<\/script>\n<!-- \/ Yoast SEO plugin. -->","yoast_head_json":{"title":"Monte escalier Pau - Monte escalier","description":"Monte escalier \u00e0 Pau : Trouvez un professionnel en quelques clics : coordonn\u00e9es, horaires,...","robots":{"index":"index","follow":"follow","max-snippet":"max-snippet:-1","max-image-preview":"max-image-preview:large","max-video-preview":"max-video-preview:-1"},"canonical":"https:\/\/www.monteescalier.net\/france\/monte-escalier-pau\/","og_locale":"fr_FR","og_type":"article","og_title":"Monte escalier Pau - Monte escalier","og_description":"Monte escalier \u00e0 Pau : Trouvez un professionnel en quelques clics : coordonn\u00e9es, horaires,...","og_url":"https:\/\/www.monteescalier.net\/france\/monte-escalier-pau\/","og_site_name":"Monte escalier","article_modified_time":"2021-11-09T16:44:51+00:00","twitter_card":"summary_large_image","twitter_misc":{"Dur\u00e9e de lecture estim\u00e9e":"3 minutes"},"schema":{"@context":"https:\/\/schema.org","@graph":[{"@type":"WebPage","@id":"https:\/\/www.monteescalier.net\/france\/monte-escalier-pau\/","url":"https:\/\/www.monteescalier.net\/france\/monte-escalier-pau\/","name":"Monte escalier Pau - Monte escalier","isPartOf":{"@id":"https:\/\/www.monteescalier.net\/france\/#website"},"datePublished":"2021-09-26T09:47:11+00:00","dateModified":"2021-11-09T16:44:51+00:00","description":"Monte escalier \u00e0 Pau : Trouvez un professionnel en quelques clics : coordonn\u00e9es, horaires,...","breadcrumb":{"@id":"https:\/\/www.monteescalier.net\/france\/monte-escalier-pau\/#breadcrumb"},"inLanguage":"fr-FR","potentialAction":[{"@type":"ReadAction","target":["https:\/\/www.monteescalier.net\/france\/monte-escalier-pau\/"]}]},{"@type":"BreadcrumbList","@id":"https:\/\/www.monteescalier.net\/france\/monte-escalier-pau\/#breadcrumb","itemListElement":[{"@type":"ListItem","position":1,"name":"Accueil","item":"https:\/\/www.monteescalier.net\/france\/"},{"@type":"ListItem","position":2,"name":"Monte escalier Pau"}]},{"@type":"WebSite","@id":"https:\/\/www.monteescalier.net\/france\/#website","url":"https:\/\/www.monteescalier.net\/france\/","name":"Monte escalier","description":"","publisher":{"@id":"https:\/\/www.monteescalier.net\/france\/#organization"},"potentialAction":[{"@type":"SearchAction","target":{"@type":"EntryPoint","urlTemplate":"https:\/\/www.monteescalier.net\/france\/?s={search_term_string}"},"query-input":{"@type":"PropertyValueSpecification","valueRequired":true,"valueName":"search_term_string"}}],"inLanguage":"fr-FR"},{"@type":"Organization","@id":"https:\/\/www.monteescalier.net\/france\/#organization","name":"monte-escalier.net","url":"https:\/\/www.monteescalier.net\/france\/","logo":{"@type":"ImageObject","inLanguage":"fr-FR","@id":"https:\/\/www.monteescalier.net\/france\/#\/schema\/logo\/image\/","url":"https:\/\/www.monteescalier.net\/france\/wp-content\/uploads\/2016\/10\/4devis-mont-escalier-500-500.gif","contentUrl":"https:\/\/www.monteescalier.net\/france\/wp-content\/uploads\/2016\/10\/4devis-mont-escalier-500-500.gif","width":500,"height":500,"caption":"monte-escalier.net"},"image":{"@id":"https:\/\/www.monteescalier.net\/france\/#\/schema\/logo\/image\/"}}]}},"_links":{"self":[{"href":"https:\/\/www.monteescalier.net\/france\/wp-json\/wp\/v2\/pages\/961","targetHints":{"allow":["GET"]}}],"collection":[{"href":"https:\/\/www.monteescalier.net\/france\/wp-json\/wp\/v2\/pages"}],"about":[{"href":"https:\/\/www.monteescalier.net\/france\/wp-json\/wp\/v2\/types\/page"}],"author":[{"embeddable":true,"href":"https:\/\/www.monteescalier.net\/france\/wp-json\/wp\/v2\/users\/1"}],"replies":[{"embeddable":true,"href":"https:\/\/www.monteescalier.net\/france\/wp-json\/wp\/v2\/comments?post=961"}],"version-history":[{"count":5,"href":"https:\/\/www.monteescalier.net\/france\/wp-json\/wp\/v2\/pages\/961\/revisions"}],"predecessor-version":[{"id":7461,"href":"https:\/\/www.monteescalier.net\/france\/wp-json\/wp\/v2\/pages\/961\/revisions\/7461"}],"wp:attachment":[{"href":"https:\/\/www.monteescalier.net\/france\/wp-json\/wp\/v2\/media?parent=961"}],"curies":[{"name":"wp","href":"https:\/\/api.w.org\/{rel}","templated":true}]}}