{"id":963,"date":"2021-09-24T10:47:11","date_gmt":"2021-09-24T09:47:11","guid":{"rendered":"https:\/\/www.monteescalier.net\/france\/?page_id=963"},"modified":"2021-11-09T17:19:59","modified_gmt":"2021-11-09T16:19:59","slug":"monte-escalier-aulnay-sous-bois","status":"publish","type":"page","link":"https:\/\/www.monteescalier.net\/france\/monte-escalier-aulnay-sous-bois\/","title":{"rendered":"Monte escalier Aulnay-sous-Bois"},"content":{"rendered":"<h1>Selectionner un vendeur de monte escalier \u00e0 Aulnay-sous-Bois<\/h1>\n<div class=\"boite_texte\">\n<div style=\"text-align: justify;\">Vous souhaitez faire installer un \u00a0monte escalier dans votre maison \u00e0 Aulnay-sous-Bois. C&rsquo;est une sage d\u00e9cision. Mais il vous reste \u00e0 trouver qui va se charger de vous l&rsquo;installer. Car ce n&rsquo;est pas un appareil que l&rsquo;on monte soi-m\u00eame : \u00e9tant donn\u00e9 qu&rsquo;il s&rsquo;adapte en se fixant par un rail simple ou double \u00e0 votre escalier, ce sera une installation sur mesure.<\/div>\n<\/div>\n<div style=\"text-align: justify;\"><\/div>\n<div style=\"text-align: justify;\">Vous vous doutez qu&rsquo;en r\u00e9gion parisienne vous allez avoir l&#8217;embarras du choix au niveau du nombre d&rsquo;installateurs. Nous pouvons vous \u00e9pargner l&#8217;embarras ! En effet, nous sommes en mesure de vous mettre en relation directe avec une s\u00e9lection d&rsquo;installateurs que nous avons choisi pour leurs prix et la qualit\u00e9 du mat\u00e9riel qu&rsquo;ils installent. Nous ne repr\u00e9sentons pas une marque, ni un r\u00e9seau de distribution. Nous sommes ind\u00e9pendants, donc libres dans nos choix !<\/div>\n<div style=\"text-align: justify;\"><\/div>\n<h2 style=\"text-align: justify;\">Comment \u00eatre mis en relation avec 4 ou 5 installateurs de monte escalier autour de Paris<\/h2>\n<div class=\"boite_texte\">\n<div style=\"text-align: justify;\">Pour profiter de nos services, inutile de sortir le ch\u00e9quier : il vous suffit de remplir le formulaire de demande de devis que vous trouverez en haut de cette page. C&rsquo;est le seul effort que vous aurez \u00e0 faire pour obtenir vos devis pour votre monte escalier. Pas de commissions, pas de frais, pas de dossier et encore moins de revente de donn\u00e9es personnelles pour autre chose qu&rsquo;un devis de monte escalier. N&rsquo;h\u00e9sitez pas \u00e0 nous tester ! les installateurs de monte escalier vous rappelleront tr\u00e8s vite pour travailler avec vous sur la faisabilit\u00e9 de votre projet. Nous proposons en fait 3 services gratuits de mise en relation<\/div>\n<h3>La demande de devis<\/h3>\n<div style=\"text-align: justify;\">Le premier service que nous vous proposons gratuitement est la demande de devis gratuit. Et ce n&rsquo;est pas un devis que vous recevrez en remplissant un formulaire sur notre site mais 4 ou 5 propositions fermes \u00e9manant de professionnels du monte escalier du 93 et de toute la r\u00e9gion parisienne (\u00e0 condition qu&rsquo;ils interviennent bien-s\u00fbr en Seine Saint Denis.<\/div>\n<h3>La demande de Rappel<\/h3>\n<div style=\"text-align: justify;\">L&rsquo;installation d&rsquo;un monte escalier est une op\u00e9ration tr\u00e8s technique qui n\u00e9cessite une pr\u00e9paration minutieuse et ainsi garantir votre s\u00e9curit\u00e9 sur le fauteuil monte escalier. Il est en cons\u00e9quence normal que vous vous posiez des questions sur cette installation. Pour lever vos inqui\u00e9tudes, nous vous proposons de remplir une demande de rappel afin que nos partenaires experts puissent vous rappeler et vous donner par t\u00e9l\u00e9phone leurs avis respectifs sur la mise en place de votre monte escalier.<\/div>\n<h3>La demande de documentation<\/h3>\n<div style=\"text-align: justify;\">Vous \u00eates perdus dans la multitude des marques et des mod\u00e8les de monte escalier, utilisez notre formulaire de documentation pour obtenir un maximum d&rsquo;informations sur le mat\u00e9riel vendu par nos partenaires vendeurs de monte escalier. Pr\u00e9cisez dans votre demande si vous d\u00e9sirez les recevoir par email au format \u00e9lectronique. Attention, les prestataires ne r\u00e9pondent qu&rsquo;aux demandes avec des coordonn\u00e9es compl\u00e8tes (adresse, t\u00e9l\u00e9phone et bien s\u00fbr email), nous n&rsquo;y pouvons rien&#8230;c&rsquo;est comme \u00e7a !<\/div>\n<p>&nbsp;<\/p>\n<div style=\"text-align: justify;\">Pourquoi aller chercher ailleurs alors que tous nos services sont enti\u00e8rement gratuits. Nous avons fait le travail de pr\u00e9selection de votre prestataire monte escalier \u00e0 Aulnay-sous-Bois. Utilisez nos services ne vous co\u00fbtera rien et ne vous engagera \u00e0 rien&#8230; alors pourquoi ne pas essayer ! Laissez nous vos coordonn\u00e9es et testez nos services sans engagement.<\/div>\n<\/div>\n<p>&nbsp;<\/p>\n<div class=\"titre_liens\">Vous habitez une autre ville en Seine Saint Denis ? Regardez les liens suivants<\/div>\n<p>&nbsp;<\/p>\n<div class=\"boite_liens\"><a href=\"https:\/\/www.monteescalier.net\/france\/monte-escalier-aubervilliers\">Monte escalier Aubervilliers<\/a><br \/>\n<a href=\"https:\/\/www.monteescalier.net\/france\/monte-escalier-drancy\">Monte escalier Drancy<\/a><br \/>\n<a href=\"https:\/\/www.monteescalier.net\/france\/monte-escalier-noisy-le-grand\">Monte escalier Noisy-le-Grand<\/a><br \/>\n<a href=\"https:\/\/www.monteescalier.net\/france\/monte-escalier-bondy\">Monte escalier Bondy<\/a><br \/>\n<a href=\"https:\/\/www.monteescalier.net\/france\/monte-escalier-pantin\">Monte escalier Pantin<\/a><\/div>\n<p>&nbsp;<\/p>\n<div>mise \u00e0 jour le 24\/09\/18<\/div>\n","protected":false},"excerpt":{"rendered":"<p>Selectionner un vendeur de monte escalier \u00e0 Aulnay-sous-Bois Vous souhaitez faire installer un \u00a0monte escalier dans votre maison \u00e0 Aulnay-sous-Bois. C&rsquo;est une sage d\u00e9cision. Mais il vous reste \u00e0 trouver qui va se charger de vous l&rsquo;installer. Car ce n&rsquo;est pas un appareil que l&rsquo;on monte soi-m\u00eame : \u00e9tant donn\u00e9 qu&rsquo;il s&rsquo;adapte en se fixant [&hellip;]<\/p>\n","protected":false},"author":1,"featured_media":0,"parent":0,"menu_order":0,"comment_status":"closed","ping_status":"open","template":"template_ville_18.php","meta":{"_monsterinsights_skip_tracking":false,"_monsterinsights_sitenote_active":false,"_monsterinsights_sitenote_note":"","_monsterinsights_sitenote_category":0,"footnotes":""},"class_list":["post-963","page","type-page","status-publish","hentry"],"yoast_head":"<!-- This site is optimized with the Yoast SEO plugin v26.3 - https:\/\/yoast.com\/wordpress\/plugins\/seo\/ -->\n<title>Monte escalier Aulnay-sous-Bois - Monte escalier<\/title>\n<meta name=\"description\" content=\"Monte escalier \u00e0 Aulnay sous Bois : Trouvez un professionnel en quelques clics et rapidement\" \/>\n<meta name=\"robots\" content=\"index, follow, max-snippet:-1, max-image-preview:large, max-video-preview:-1\" \/>\n<link rel=\"canonical\" href=\"https:\/\/www.monteescalier.net\/france\/monte-escalier-aulnay-sous-bois\/\" \/>\n<meta property=\"og:locale\" content=\"fr_FR\" \/>\n<meta property=\"og:type\" content=\"article\" \/>\n<meta property=\"og:title\" content=\"Monte escalier Aulnay-sous-Bois - Monte escalier\" \/>\n<meta property=\"og:description\" content=\"Monte escalier \u00e0 Aulnay sous Bois : Trouvez un professionnel en quelques clics et rapidement\" \/>\n<meta property=\"og:url\" content=\"https:\/\/www.monteescalier.net\/france\/monte-escalier-aulnay-sous-bois\/\" \/>\n<meta property=\"og:site_name\" content=\"Monte escalier\" \/>\n<meta property=\"article:modified_time\" content=\"2021-11-09T16:19:59+00:00\" \/>\n<meta name=\"twitter:card\" content=\"summary_large_image\" \/>\n<meta name=\"twitter:label1\" content=\"Dur\u00e9e de lecture estim\u00e9e\" \/>\n\t<meta name=\"twitter:data1\" content=\"3 minutes\" \/>\n<script type=\"application\/ld+json\" class=\"yoast-schema-graph\">{\"@context\":\"https:\/\/schema.org\",\"@graph\":[{\"@type\":\"WebPage\",\"@id\":\"https:\/\/www.monteescalier.net\/france\/monte-escalier-aulnay-sous-bois\/\",\"url\":\"https:\/\/www.monteescalier.net\/france\/monte-escalier-aulnay-sous-bois\/\",\"name\":\"Monte escalier Aulnay-sous-Bois - Monte escalier\",\"isPartOf\":{\"@id\":\"https:\/\/www.monteescalier.net\/france\/#website\"},\"datePublished\":\"2021-09-24T09:47:11+00:00\",\"dateModified\":\"2021-11-09T16:19:59+00:00\",\"description\":\"Monte escalier \u00e0 Aulnay sous Bois : Trouvez un professionnel en quelques clics et rapidement\",\"breadcrumb\":{\"@id\":\"https:\/\/www.monteescalier.net\/france\/monte-escalier-aulnay-sous-bois\/#breadcrumb\"},\"inLanguage\":\"fr-FR\",\"potentialAction\":[{\"@type\":\"ReadAction\",\"target\":[\"https:\/\/www.monteescalier.net\/france\/monte-escalier-aulnay-sous-bois\/\"]}]},{\"@type\":\"BreadcrumbList\",\"@id\":\"https:\/\/www.monteescalier.net\/france\/monte-escalier-aulnay-sous-bois\/#breadcrumb\",\"itemListElement\":[{\"@type\":\"ListItem\",\"position\":1,\"name\":\"Accueil\",\"item\":\"https:\/\/www.monteescalier.net\/france\/\"},{\"@type\":\"ListItem\",\"position\":2,\"name\":\"Monte escalier Aulnay-sous-Bois\"}]},{\"@type\":\"WebSite\",\"@id\":\"https:\/\/www.monteescalier.net\/france\/#website\",\"url\":\"https:\/\/www.monteescalier.net\/france\/\",\"name\":\"Monte escalier\",\"description\":\"\",\"publisher\":{\"@id\":\"https:\/\/www.monteescalier.net\/france\/#organization\"},\"potentialAction\":[{\"@type\":\"SearchAction\",\"target\":{\"@type\":\"EntryPoint\",\"urlTemplate\":\"https:\/\/www.monteescalier.net\/france\/?s={search_term_string}\"},\"query-input\":{\"@type\":\"PropertyValueSpecification\",\"valueRequired\":true,\"valueName\":\"search_term_string\"}}],\"inLanguage\":\"fr-FR\"},{\"@type\":\"Organization\",\"@id\":\"https:\/\/www.monteescalier.net\/france\/#organization\",\"name\":\"monte-escalier.net\",\"url\":\"https:\/\/www.monteescalier.net\/france\/\",\"logo\":{\"@type\":\"ImageObject\",\"inLanguage\":\"fr-FR\",\"@id\":\"https:\/\/www.monteescalier.net\/france\/#\/schema\/logo\/image\/\",\"url\":\"https:\/\/www.monteescalier.net\/france\/wp-content\/uploads\/2016\/10\/4devis-mont-escalier-500-500.gif\",\"contentUrl\":\"https:\/\/www.monteescalier.net\/france\/wp-content\/uploads\/2016\/10\/4devis-mont-escalier-500-500.gif\",\"width\":500,\"height\":500,\"caption\":\"monte-escalier.net\"},\"image\":{\"@id\":\"https:\/\/www.monteescalier.net\/france\/#\/schema\/logo\/image\/\"}}]}<\/script>\n<!-- \/ Yoast SEO plugin. -->","yoast_head_json":{"title":"Monte escalier Aulnay-sous-Bois - Monte escalier","description":"Monte escalier \u00e0 Aulnay sous Bois : Trouvez un professionnel en quelques clics et rapidement","robots":{"index":"index","follow":"follow","max-snippet":"max-snippet:-1","max-image-preview":"max-image-preview:large","max-video-preview":"max-video-preview:-1"},"canonical":"https:\/\/www.monteescalier.net\/france\/monte-escalier-aulnay-sous-bois\/","og_locale":"fr_FR","og_type":"article","og_title":"Monte escalier Aulnay-sous-Bois - Monte escalier","og_description":"Monte escalier \u00e0 Aulnay sous Bois : Trouvez un professionnel en quelques clics et rapidement","og_url":"https:\/\/www.monteescalier.net\/france\/monte-escalier-aulnay-sous-bois\/","og_site_name":"Monte escalier","article_modified_time":"2021-11-09T16:19:59+00:00","twitter_card":"summary_large_image","twitter_misc":{"Dur\u00e9e de lecture estim\u00e9e":"3 minutes"},"schema":{"@context":"https:\/\/schema.org","@graph":[{"@type":"WebPage","@id":"https:\/\/www.monteescalier.net\/france\/monte-escalier-aulnay-sous-bois\/","url":"https:\/\/www.monteescalier.net\/france\/monte-escalier-aulnay-sous-bois\/","name":"Monte escalier Aulnay-sous-Bois - Monte escalier","isPartOf":{"@id":"https:\/\/www.monteescalier.net\/france\/#website"},"datePublished":"2021-09-24T09:47:11+00:00","dateModified":"2021-11-09T16:19:59+00:00","description":"Monte escalier \u00e0 Aulnay sous Bois : Trouvez un professionnel en quelques clics et rapidement","breadcrumb":{"@id":"https:\/\/www.monteescalier.net\/france\/monte-escalier-aulnay-sous-bois\/#breadcrumb"},"inLanguage":"fr-FR","potentialAction":[{"@type":"ReadAction","target":["https:\/\/www.monteescalier.net\/france\/monte-escalier-aulnay-sous-bois\/"]}]},{"@type":"BreadcrumbList","@id":"https:\/\/www.monteescalier.net\/france\/monte-escalier-aulnay-sous-bois\/#breadcrumb","itemListElement":[{"@type":"ListItem","position":1,"name":"Accueil","item":"https:\/\/www.monteescalier.net\/france\/"},{"@type":"ListItem","position":2,"name":"Monte escalier Aulnay-sous-Bois"}]},{"@type":"WebSite","@id":"https:\/\/www.monteescalier.net\/france\/#website","url":"https:\/\/www.monteescalier.net\/france\/","name":"Monte escalier","description":"","publisher":{"@id":"https:\/\/www.monteescalier.net\/france\/#organization"},"potentialAction":[{"@type":"SearchAction","target":{"@type":"EntryPoint","urlTemplate":"https:\/\/www.monteescalier.net\/france\/?s={search_term_string}"},"query-input":{"@type":"PropertyValueSpecification","valueRequired":true,"valueName":"search_term_string"}}],"inLanguage":"fr-FR"},{"@type":"Organization","@id":"https:\/\/www.monteescalier.net\/france\/#organization","name":"monte-escalier.net","url":"https:\/\/www.monteescalier.net\/france\/","logo":{"@type":"ImageObject","inLanguage":"fr-FR","@id":"https:\/\/www.monteescalier.net\/france\/#\/schema\/logo\/image\/","url":"https:\/\/www.monteescalier.net\/france\/wp-content\/uploads\/2016\/10\/4devis-mont-escalier-500-500.gif","contentUrl":"https:\/\/www.monteescalier.net\/france\/wp-content\/uploads\/2016\/10\/4devis-mont-escalier-500-500.gif","width":500,"height":500,"caption":"monte-escalier.net"},"image":{"@id":"https:\/\/www.monteescalier.net\/france\/#\/schema\/logo\/image\/"}}]}},"_links":{"self":[{"href":"https:\/\/www.monteescalier.net\/france\/wp-json\/wp\/v2\/pages\/963","targetHints":{"allow":["GET"]}}],"collection":[{"href":"https:\/\/www.monteescalier.net\/france\/wp-json\/wp\/v2\/pages"}],"about":[{"href":"https:\/\/www.monteescalier.net\/france\/wp-json\/wp\/v2\/types\/page"}],"author":[{"embeddable":true,"href":"https:\/\/www.monteescalier.net\/france\/wp-json\/wp\/v2\/users\/1"}],"replies":[{"embeddable":true,"href":"https:\/\/www.monteescalier.net\/france\/wp-json\/wp\/v2\/comments?post=963"}],"version-history":[{"count":5,"href":"https:\/\/www.monteescalier.net\/france\/wp-json\/wp\/v2\/pages\/963\/revisions"}],"predecessor-version":[{"id":8079,"href":"https:\/\/www.monteescalier.net\/france\/wp-json\/wp\/v2\/pages\/963\/revisions\/8079"}],"wp:attachment":[{"href":"https:\/\/www.monteescalier.net\/france\/wp-json\/wp\/v2\/media?parent=963"}],"curies":[{"name":"wp","href":"https:\/\/api.w.org\/{rel}","templated":true}]}}