{"id":964,"date":"2021-09-25T10:47:11","date_gmt":"2021-09-25T09:47:11","guid":{"rendered":"https:\/\/www.monteescalier.net\/france\/?page_id=964"},"modified":"2021-11-09T16:53:54","modified_gmt":"2021-11-09T15:53:54","slug":"monte-escalier-asnieres-sur-seine","status":"publish","type":"page","link":"https:\/\/www.monteescalier.net\/france\/monte-escalier-asnieres-sur-seine\/","title":{"rendered":"Monte escalier Asni\u00e8res-sur-Seine"},"content":{"rendered":"<h1>Ou trouver son monte escalier \u00e0 Asni\u00e8res-sur-Seine<\/h1>\n<div class=\"boite_texte\">\n<div style=\"text-align: justify;\">Vous souhaitez faire poser un monte escalier \u00e0 Asni\u00e8res-sur-Seine, avec monteescalier.net vous allez pouvoir choisir entre plusieurs propositions de revendeurs de monte escalier de votre r\u00e9gion qui vont vous faire un devis gratuitement vous permettant de les comparer efficacement.<\/div>\n<p>&nbsp;<\/p>\n<div style=\"text-align: justify;\">Monteescalier.net est un portail mettant en rapport les acheteurs de monte escalier et les vendeurs travaillant en Ile de France. Utiliser nos services gratuit c&rsquo;est donc l&rsquo;opportunit\u00e9\u00a0d&rsquo;\u00eatre mis en relation avec les principaux vendeurs de monte escalier sur\u00a0Asni\u00e8res et plus g\u00e9n\u00e9ralement dans les hauts de Seine (92)<\/div>\n<p>&nbsp;<\/p>\n<div style=\"text-align: justify;\">\n<p>Vous n&rsquo;avez pas le temps de chercher tous les revendeurs de monte escalier de la r\u00e9gion et de leur demander \u00e0 chacun des devis\u00a0pour choisir le meilleur, sachez que nous pouvons le faire pour vous. Remplissez simplement un formulaire de devis en ligne (en haut de cette page) et nos professionnels partenaires seront tr\u00e8s heureux de pouvoir vous en proposer chacun un : car pour faire un choix, il faut avoir le choix !<\/p>\n<\/div>\n<div style=\"text-align: justify;\">Vous avez des questions sur l&rsquo;installation d&rsquo;un monte escalier, sur le co\u00fbt des monte escalier, sur les diff\u00e9rents mod\u00e8les, utilisez notre formulaire de <a href=\"https:\/\/www.monteescalier.net\/demande-de-rappel.php\">demande de rappel<\/a> et les professionnels du monte escalier vous rappelleront tr\u00e8s rapidement.<\/div>\n<p>&nbsp;<\/p>\n<div style=\"text-align: justify;\">Quel mod\u00e8le de monte escalier choisir ? Pour vous aider \u00e0 r\u00e9pondre \u00e0 cette question, aidez vous avec de la documentation gratuite sur les monte escaliers. Nos partenaires revendeurs peuvent, en effet, vous faire parvenir de la <a href=\"https:\/\/www.monteescalier.net\/demande-de-documentation.php\">documentation<\/a> sur les mod\u00e8les qu&rsquo;ils proposent \u00e0 la vente et qui vous permettront sans doute d&rsquo;\u00e9tablir une pr\u00e9selection entre les diff\u00e9rents mod\u00e8les que vous pourriez faire poser chez vous.<\/div>\n<p>&nbsp;<\/p>\n<div style=\"text-align: justify;\">Ne faites plus la chasse aux prestataires, laissez notre service de mise en relation faire tout le travail de tri pour vous. C&rsquo;est int\u00e9gralement gratuit et cela vous permettra d&rsquo;\u00eatre mis tr\u00e8s rapidement en relation avec notre liste de professionnels du monte escalier sur Asni\u00e8res et\u00a0toute la r\u00e9gion parisienne, sans efforts, ni contraintes&#8230; difficile de vous proposer mieux non?<\/div>\n<\/div>\n<p>&nbsp;<\/p>\n<div class=\"titre_liens\">Consultez \u00e9galement nos autres offres monte escalier dans les Hauts de Seine<\/div>\n<p>&nbsp;<\/p>\n<div class=\"boite_liens\"><a href=\"https:\/\/www.monteescalier.net\/france\/monte-escalier-rueil-malmaison\">Monte escalier Rueil-Malmaison<\/a><br \/>\n<a href=\"https:\/\/www.monteescalier.net\/france\/monte-escalier-issy-les-moulineaux\">Monte escalier Issy-les-Moulineaux<\/a><br \/>\n<a href=\"https:\/\/www.monteescalier.net\/france\/monte-escalier-levallois-perret\">Monte escalier Levallois-Perret<\/a><br \/>\n<a href=\"https:\/\/www.monteescalier.net\/france\/monte-escalier-antony\">Monte escalier Antony<\/a><br \/>\n<a href=\"https:\/\/www.monteescalier.net\/france\/monte-escalier-neuilly-sur-seine\">Monte escalier Neuilly-sur-Seine<\/a><\/div>\n<div class=\"boite_liens\">MAJ: 25\/09\/18<\/div>\n","protected":false},"excerpt":{"rendered":"<p>Ou trouver son monte escalier \u00e0 Asni\u00e8res-sur-Seine Vous souhaitez faire poser un monte escalier \u00e0 Asni\u00e8res-sur-Seine, avec monteescalier.net vous allez pouvoir choisir entre plusieurs propositions de revendeurs de monte escalier de votre r\u00e9gion qui vont vous faire un devis gratuitement vous permettant de les comparer efficacement. &nbsp; Monteescalier.net est un portail mettant en rapport les [&hellip;]<\/p>\n","protected":false},"author":1,"featured_media":0,"parent":0,"menu_order":0,"comment_status":"closed","ping_status":"open","template":"template_ville_16.php","meta":{"_monsterinsights_skip_tracking":false,"_monsterinsights_sitenote_active":false,"_monsterinsights_sitenote_note":"","_monsterinsights_sitenote_category":0,"footnotes":""},"class_list":["post-964","page","type-page","status-publish","hentry"],"yoast_head":"<!-- This site is optimized with the Yoast SEO plugin v26.3 - https:\/\/yoast.com\/wordpress\/plugins\/seo\/ -->\n<title>Monte escalier Asni\u00e8res-sur-Seine - Monte escalier<\/title>\n<meta name=\"description\" content=\"Pour effectuer la pose de votre monte-escalier en toute s\u00e9r\u00e9nit\u00e9 \u00e0 Asni\u00e8res-sur-Seine, contactez un partenaires honn\u00eate et confirm\u00e9.\" \/>\n<meta name=\"robots\" content=\"index, follow, max-snippet:-1, max-image-preview:large, max-video-preview:-1\" \/>\n<link rel=\"canonical\" href=\"https:\/\/www.monteescalier.net\/france\/monte-escalier-asnieres-sur-seine\/\" \/>\n<meta property=\"og:locale\" content=\"fr_FR\" \/>\n<meta property=\"og:type\" content=\"article\" \/>\n<meta property=\"og:title\" content=\"Monte escalier Asni\u00e8res-sur-Seine - Monte escalier\" \/>\n<meta property=\"og:description\" content=\"Pour effectuer la pose de votre monte-escalier en toute s\u00e9r\u00e9nit\u00e9 \u00e0 Asni\u00e8res-sur-Seine, contactez un partenaires honn\u00eate et confirm\u00e9.\" \/>\n<meta property=\"og:url\" content=\"https:\/\/www.monteescalier.net\/france\/monte-escalier-asnieres-sur-seine\/\" \/>\n<meta property=\"og:site_name\" content=\"Monte escalier\" \/>\n<meta property=\"article:modified_time\" content=\"2021-11-09T15:53:54+00:00\" \/>\n<meta name=\"twitter:card\" content=\"summary_large_image\" \/>\n<meta name=\"twitter:label1\" content=\"Dur\u00e9e de lecture estim\u00e9e\" \/>\n\t<meta name=\"twitter:data1\" content=\"2 minutes\" \/>\n<script type=\"application\/ld+json\" class=\"yoast-schema-graph\">{\"@context\":\"https:\/\/schema.org\",\"@graph\":[{\"@type\":\"WebPage\",\"@id\":\"https:\/\/www.monteescalier.net\/france\/monte-escalier-asnieres-sur-seine\/\",\"url\":\"https:\/\/www.monteescalier.net\/france\/monte-escalier-asnieres-sur-seine\/\",\"name\":\"Monte escalier Asni\u00e8res-sur-Seine - Monte escalier\",\"isPartOf\":{\"@id\":\"https:\/\/www.monteescalier.net\/france\/#website\"},\"datePublished\":\"2021-09-25T09:47:11+00:00\",\"dateModified\":\"2021-11-09T15:53:54+00:00\",\"description\":\"Pour effectuer la pose de votre monte-escalier en toute s\u00e9r\u00e9nit\u00e9 \u00e0 Asni\u00e8res-sur-Seine, contactez un partenaires honn\u00eate et confirm\u00e9.\",\"breadcrumb\":{\"@id\":\"https:\/\/www.monteescalier.net\/france\/monte-escalier-asnieres-sur-seine\/#breadcrumb\"},\"inLanguage\":\"fr-FR\",\"potentialAction\":[{\"@type\":\"ReadAction\",\"target\":[\"https:\/\/www.monteescalier.net\/france\/monte-escalier-asnieres-sur-seine\/\"]}]},{\"@type\":\"BreadcrumbList\",\"@id\":\"https:\/\/www.monteescalier.net\/france\/monte-escalier-asnieres-sur-seine\/#breadcrumb\",\"itemListElement\":[{\"@type\":\"ListItem\",\"position\":1,\"name\":\"Accueil\",\"item\":\"https:\/\/www.monteescalier.net\/france\/\"},{\"@type\":\"ListItem\",\"position\":2,\"name\":\"Monte escalier Asni\u00e8res-sur-Seine\"}]},{\"@type\":\"WebSite\",\"@id\":\"https:\/\/www.monteescalier.net\/france\/#website\",\"url\":\"https:\/\/www.monteescalier.net\/france\/\",\"name\":\"Monte escalier\",\"description\":\"\",\"publisher\":{\"@id\":\"https:\/\/www.monteescalier.net\/france\/#organization\"},\"potentialAction\":[{\"@type\":\"SearchAction\",\"target\":{\"@type\":\"EntryPoint\",\"urlTemplate\":\"https:\/\/www.monteescalier.net\/france\/?s={search_term_string}\"},\"query-input\":{\"@type\":\"PropertyValueSpecification\",\"valueRequired\":true,\"valueName\":\"search_term_string\"}}],\"inLanguage\":\"fr-FR\"},{\"@type\":\"Organization\",\"@id\":\"https:\/\/www.monteescalier.net\/france\/#organization\",\"name\":\"monte-escalier.net\",\"url\":\"https:\/\/www.monteescalier.net\/france\/\",\"logo\":{\"@type\":\"ImageObject\",\"inLanguage\":\"fr-FR\",\"@id\":\"https:\/\/www.monteescalier.net\/france\/#\/schema\/logo\/image\/\",\"url\":\"https:\/\/www.monteescalier.net\/france\/wp-content\/uploads\/2016\/10\/4devis-mont-escalier-500-500.gif\",\"contentUrl\":\"https:\/\/www.monteescalier.net\/france\/wp-content\/uploads\/2016\/10\/4devis-mont-escalier-500-500.gif\",\"width\":500,\"height\":500,\"caption\":\"monte-escalier.net\"},\"image\":{\"@id\":\"https:\/\/www.monteescalier.net\/france\/#\/schema\/logo\/image\/\"}}]}<\/script>\n<!-- \/ Yoast SEO plugin. -->","yoast_head_json":{"title":"Monte escalier Asni\u00e8res-sur-Seine - Monte escalier","description":"Pour effectuer la pose de votre monte-escalier en toute s\u00e9r\u00e9nit\u00e9 \u00e0 Asni\u00e8res-sur-Seine, contactez un partenaires honn\u00eate et confirm\u00e9.","robots":{"index":"index","follow":"follow","max-snippet":"max-snippet:-1","max-image-preview":"max-image-preview:large","max-video-preview":"max-video-preview:-1"},"canonical":"https:\/\/www.monteescalier.net\/france\/monte-escalier-asnieres-sur-seine\/","og_locale":"fr_FR","og_type":"article","og_title":"Monte escalier Asni\u00e8res-sur-Seine - Monte escalier","og_description":"Pour effectuer la pose de votre monte-escalier en toute s\u00e9r\u00e9nit\u00e9 \u00e0 Asni\u00e8res-sur-Seine, contactez un partenaires honn\u00eate et confirm\u00e9.","og_url":"https:\/\/www.monteescalier.net\/france\/monte-escalier-asnieres-sur-seine\/","og_site_name":"Monte escalier","article_modified_time":"2021-11-09T15:53:54+00:00","twitter_card":"summary_large_image","twitter_misc":{"Dur\u00e9e de lecture estim\u00e9e":"2 minutes"},"schema":{"@context":"https:\/\/schema.org","@graph":[{"@type":"WebPage","@id":"https:\/\/www.monteescalier.net\/france\/monte-escalier-asnieres-sur-seine\/","url":"https:\/\/www.monteescalier.net\/france\/monte-escalier-asnieres-sur-seine\/","name":"Monte escalier Asni\u00e8res-sur-Seine - Monte escalier","isPartOf":{"@id":"https:\/\/www.monteescalier.net\/france\/#website"},"datePublished":"2021-09-25T09:47:11+00:00","dateModified":"2021-11-09T15:53:54+00:00","description":"Pour effectuer la pose de votre monte-escalier en toute s\u00e9r\u00e9nit\u00e9 \u00e0 Asni\u00e8res-sur-Seine, contactez un partenaires honn\u00eate et confirm\u00e9.","breadcrumb":{"@id":"https:\/\/www.monteescalier.net\/france\/monte-escalier-asnieres-sur-seine\/#breadcrumb"},"inLanguage":"fr-FR","potentialAction":[{"@type":"ReadAction","target":["https:\/\/www.monteescalier.net\/france\/monte-escalier-asnieres-sur-seine\/"]}]},{"@type":"BreadcrumbList","@id":"https:\/\/www.monteescalier.net\/france\/monte-escalier-asnieres-sur-seine\/#breadcrumb","itemListElement":[{"@type":"ListItem","position":1,"name":"Accueil","item":"https:\/\/www.monteescalier.net\/france\/"},{"@type":"ListItem","position":2,"name":"Monte escalier Asni\u00e8res-sur-Seine"}]},{"@type":"WebSite","@id":"https:\/\/www.monteescalier.net\/france\/#website","url":"https:\/\/www.monteescalier.net\/france\/","name":"Monte escalier","description":"","publisher":{"@id":"https:\/\/www.monteescalier.net\/france\/#organization"},"potentialAction":[{"@type":"SearchAction","target":{"@type":"EntryPoint","urlTemplate":"https:\/\/www.monteescalier.net\/france\/?s={search_term_string}"},"query-input":{"@type":"PropertyValueSpecification","valueRequired":true,"valueName":"search_term_string"}}],"inLanguage":"fr-FR"},{"@type":"Organization","@id":"https:\/\/www.monteescalier.net\/france\/#organization","name":"monte-escalier.net","url":"https:\/\/www.monteescalier.net\/france\/","logo":{"@type":"ImageObject","inLanguage":"fr-FR","@id":"https:\/\/www.monteescalier.net\/france\/#\/schema\/logo\/image\/","url":"https:\/\/www.monteescalier.net\/france\/wp-content\/uploads\/2016\/10\/4devis-mont-escalier-500-500.gif","contentUrl":"https:\/\/www.monteescalier.net\/france\/wp-content\/uploads\/2016\/10\/4devis-mont-escalier-500-500.gif","width":500,"height":500,"caption":"monte-escalier.net"},"image":{"@id":"https:\/\/www.monteescalier.net\/france\/#\/schema\/logo\/image\/"}}]}},"_links":{"self":[{"href":"https:\/\/www.monteescalier.net\/france\/wp-json\/wp\/v2\/pages\/964","targetHints":{"allow":["GET"]}}],"collection":[{"href":"https:\/\/www.monteescalier.net\/france\/wp-json\/wp\/v2\/pages"}],"about":[{"href":"https:\/\/www.monteescalier.net\/france\/wp-json\/wp\/v2\/types\/page"}],"author":[{"embeddable":true,"href":"https:\/\/www.monteescalier.net\/france\/wp-json\/wp\/v2\/users\/1"}],"replies":[{"embeddable":true,"href":"https:\/\/www.monteescalier.net\/france\/wp-json\/wp\/v2\/comments?post=964"}],"version-history":[{"count":7,"href":"https:\/\/www.monteescalier.net\/france\/wp-json\/wp\/v2\/pages\/964\/revisions"}],"predecessor-version":[{"id":8144,"href":"https:\/\/www.monteescalier.net\/france\/wp-json\/wp\/v2\/pages\/964\/revisions\/8144"}],"wp:attachment":[{"href":"https:\/\/www.monteescalier.net\/france\/wp-json\/wp\/v2\/media?parent=964"}],"curies":[{"name":"wp","href":"https:\/\/api.w.org\/{rel}","templated":true}]}}