{"id":965,"date":"2019-09-24T10:47:11","date_gmt":"2019-09-24T09:47:11","guid":{"rendered":"https:\/\/www.monteescalier.net\/france\/?page_id=965"},"modified":"2020-01-16T16:23:00","modified_gmt":"2020-01-16T15:23:00","slug":"monte-escalier-rueil-malmaison","status":"publish","type":"page","link":"https:\/\/www.monteescalier.net\/france\/monte-escalier-rueil-malmaison\/","title":{"rendered":"Monte escalier Rueil-Malmaison"},"content":{"rendered":"<h1>Quel installateur choisir pour un monte escalier \u00e0 Rueil-Malmaison<\/h1>\n<div class=\"boite_texte\">\n<div style=\"text-align: justify;\">Vous souhaitez faire installer un monte escalier \u00e0 Rueil-Malmaison dans les Hauts de Seine, facilitez-vous la vie\u00a0avec monteescalier.net, une seule demande de devis sur ce siteva vous permettre d&rsquo;obtenir au moins 4 devis \u00e9manant de diff\u00e9rents prestataires.<\/div>\n<h2>\u00a0Qui nous sommes ?<\/h2>\n<div style=\"text-align: justify;\">Monteescalier.net est un\u00a0site permettant de mettre en relation les acheteurs de monte escalier et les vendeurs votre r\u00e9gion (en l\u2019occurrence la r\u00e9gion Ile de France). En utilisant notre site vous allez pouvoir profiter de nos contacts chez les prestataires et surtout de notre s\u00e9lection car il serait inutile de vous inonder de propositions :\u00a0nous faisons le pari qu&rsquo;avec 4 ou 5 devis d&rsquo;installateurs tri\u00e9s sur le volet, vous trouverez votre installateur de monte escalier \u00e0 Rueil.<\/div>\n<p>&nbsp;<\/p>\n<div style=\"text-align: justify;\">Votre temps est trop pr\u00e9cieux pour chercher tous les revendeurs de monte escalier de Rueil-Malmaison pour choisir le meilleur, sachez que nous sommes en mesure de le faire pour vous. Remplissez simplement un formulaire de devis en ligne (celui qui vous trouverez en haut de cette page) et les\u00a0professionnels du monte escalier que nous avons retenus\u00a0seront tr\u00e8s heureux de pouvoir vous en proposer chacun un devis pour votre maison : vous allez donc pouvoir comparer en toute transparence.<\/div>\n<p>&nbsp;<\/p>\n<div style=\"text-align: justify;\">Votre d\u00e9cision d&rsquo;achat n&rsquo;est pas prise, vous pr\u00e9f\u00e9rez dialoguer au pr\u00e9alable avec les professionnels du monte escalier autour de Paris. Une seule demande de rappel sur notre site et ils vous rappelleront gratuitement pour r\u00e9pondre \u00e0 toutes vos questions.<\/div>\n<p>&nbsp;<\/p>\n<div style=\"text-align: justify;\">Utilisez notre site monteescalier.net pour obtenir de la documentation gr\u00e2ce \u00e0 notre formulaire de demande de documentation et nos partenaires, professionnels du monte escalier, qu&rsquo;ils soient fabricants, installateurs, ou revendeurs, vous feront parvenir des informations par mail ou par courrier sous forme de brochures d\u00e9crivant les mod\u00e8les disponibles avec leur caract\u00e9ristiques techniques d\u00e9taill\u00e9es (seules les demandes compl\u00e8tes avec nom adresse et t\u00e9l\u00e9phone et email sont trait\u00e9es par les prestataires)<\/div>\n<p>&nbsp;<\/p>\n<div style=\"text-align: justify;\">Pourquoi aller chercher ailleurs alors que tous nos services sont enti\u00e8rement gratuits. Nous avons fait le travail de pr\u00e9s\u00e9lection de votre prestataire monte escalier \u00e0 Rueil-Malmaison. Utilisez nos services ne vous co\u00fbtera rien et ne vous engagera \u00e0 rien&#8230; alors pourquoi ne pas tenter le coup ! Laissez nous vos coordonn\u00e9es et testez nos services sans engagement.<\/div>\n<\/div>\n<p>&nbsp;<\/p>\n<div class=\"titre_liens\">A voir \u00e9galement pr\u00e8s de chez vous<\/div>\n<p>&nbsp;<\/p>\n<div class=\"boite_liens\"><a href=\"https:\/\/www.monteescalier.net\/france\/monte-escalier-issy-les-moulineaux\">Monte escalier Issy-les-Moulineaux<\/a><br \/>\n<a href=\"https:\/\/www.monteescalier.net\/france\/monte-escalier-levallois-perret\">Monte escalier Levallois-Perret<\/a><br \/>\n<a href=\"https:\/\/www.monteescalier.net\/france\/monte-escalier-antony\">Monte escalier Antony<\/a><br \/>\n<a href=\"https:\/\/www.monteescalier.net\/france\/monte-escalier-neuilly-sur-seine\">Monte escalier Neuilly-sur-Seine<\/a><br \/>\n<a href=\"https:\/\/www.monteescalier.net\/france\/monte-escalier-clichy\">Monte escalier Clichy<\/a><\/div>\n<div class=\"boite_liens\"><\/div>\n<div class=\"boite_liens\">MAJ : 24\/09\/2018<\/div>\n","protected":false},"excerpt":{"rendered":"<p>Quel installateur choisir pour un monte escalier \u00e0 Rueil-Malmaison Vous souhaitez faire installer un monte escalier \u00e0 Rueil-Malmaison dans les Hauts de Seine, facilitez-vous la vie\u00a0avec monteescalier.net, une seule demande de devis sur ce siteva vous permettre d&rsquo;obtenir au moins 4 devis \u00e9manant de diff\u00e9rents prestataires. \u00a0Qui nous sommes ? Monteescalier.net est un\u00a0site permettant de [&hellip;]<\/p>\n","protected":false},"author":1,"featured_media":0,"parent":0,"menu_order":0,"comment_status":"closed","ping_status":"open","template":"template_ville_18.php","meta":{"_monsterinsights_skip_tracking":false,"_monsterinsights_sitenote_active":false,"_monsterinsights_sitenote_note":"","_monsterinsights_sitenote_category":0,"footnotes":""},"class_list":["post-965","page","type-page","status-publish","hentry"],"yoast_head":"<!-- This site is optimized with the Yoast SEO plugin v26.3 - https:\/\/yoast.com\/wordpress\/plugins\/seo\/ -->\n<title>Monte escalier Rueil-Malmaison - Monte escalier<\/title>\n<meta name=\"robots\" content=\"index, follow, max-snippet:-1, max-image-preview:large, max-video-preview:-1\" \/>\n<link rel=\"canonical\" href=\"https:\/\/www.monteescalier.net\/france\/monte-escalier-rueil-malmaison\/\" \/>\n<meta property=\"og:locale\" content=\"fr_FR\" \/>\n<meta property=\"og:type\" content=\"article\" \/>\n<meta property=\"og:title\" content=\"Monte escalier Rueil-Malmaison - Monte escalier\" \/>\n<meta property=\"og:description\" content=\"Quel installateur choisir pour un monte escalier \u00e0 Rueil-Malmaison Vous souhaitez faire installer un monte escalier \u00e0 Rueil-Malmaison dans les Hauts de Seine, facilitez-vous la vie\u00a0avec monteescalier.net, une seule demande de devis sur ce siteva vous permettre d&rsquo;obtenir au moins 4 devis \u00e9manant de diff\u00e9rents prestataires. \u00a0Qui nous sommes ? Monteescalier.net est un\u00a0site permettant de [&hellip;]\" \/>\n<meta property=\"og:url\" content=\"https:\/\/www.monteescalier.net\/france\/monte-escalier-rueil-malmaison\/\" \/>\n<meta property=\"og:site_name\" content=\"Monte escalier\" \/>\n<meta property=\"article:modified_time\" content=\"2020-01-16T15:23:00+00:00\" \/>\n<meta name=\"twitter:card\" content=\"summary_large_image\" \/>\n<meta name=\"twitter:label1\" content=\"Dur\u00e9e de lecture estim\u00e9e\" \/>\n\t<meta name=\"twitter:data1\" content=\"2 minutes\" \/>\n<script type=\"application\/ld+json\" class=\"yoast-schema-graph\">{\"@context\":\"https:\/\/schema.org\",\"@graph\":[{\"@type\":\"WebPage\",\"@id\":\"https:\/\/www.monteescalier.net\/france\/monte-escalier-rueil-malmaison\/\",\"url\":\"https:\/\/www.monteescalier.net\/france\/monte-escalier-rueil-malmaison\/\",\"name\":\"Monte escalier Rueil-Malmaison - Monte escalier\",\"isPartOf\":{\"@id\":\"https:\/\/www.monteescalier.net\/france\/#website\"},\"datePublished\":\"2019-09-24T09:47:11+00:00\",\"dateModified\":\"2020-01-16T15:23:00+00:00\",\"breadcrumb\":{\"@id\":\"https:\/\/www.monteescalier.net\/france\/monte-escalier-rueil-malmaison\/#breadcrumb\"},\"inLanguage\":\"fr-FR\",\"potentialAction\":[{\"@type\":\"ReadAction\",\"target\":[\"https:\/\/www.monteescalier.net\/france\/monte-escalier-rueil-malmaison\/\"]}]},{\"@type\":\"BreadcrumbList\",\"@id\":\"https:\/\/www.monteescalier.net\/france\/monte-escalier-rueil-malmaison\/#breadcrumb\",\"itemListElement\":[{\"@type\":\"ListItem\",\"position\":1,\"name\":\"Accueil\",\"item\":\"https:\/\/www.monteescalier.net\/france\/\"},{\"@type\":\"ListItem\",\"position\":2,\"name\":\"Monte escalier Rueil-Malmaison\"}]},{\"@type\":\"WebSite\",\"@id\":\"https:\/\/www.monteescalier.net\/france\/#website\",\"url\":\"https:\/\/www.monteescalier.net\/france\/\",\"name\":\"Monte escalier\",\"description\":\"\",\"publisher\":{\"@id\":\"https:\/\/www.monteescalier.net\/france\/#organization\"},\"potentialAction\":[{\"@type\":\"SearchAction\",\"target\":{\"@type\":\"EntryPoint\",\"urlTemplate\":\"https:\/\/www.monteescalier.net\/france\/?s={search_term_string}\"},\"query-input\":{\"@type\":\"PropertyValueSpecification\",\"valueRequired\":true,\"valueName\":\"search_term_string\"}}],\"inLanguage\":\"fr-FR\"},{\"@type\":\"Organization\",\"@id\":\"https:\/\/www.monteescalier.net\/france\/#organization\",\"name\":\"monte-escalier.net\",\"url\":\"https:\/\/www.monteescalier.net\/france\/\",\"logo\":{\"@type\":\"ImageObject\",\"inLanguage\":\"fr-FR\",\"@id\":\"https:\/\/www.monteescalier.net\/france\/#\/schema\/logo\/image\/\",\"url\":\"https:\/\/www.monteescalier.net\/france\/wp-content\/uploads\/2016\/10\/4devis-mont-escalier-500-500.gif\",\"contentUrl\":\"https:\/\/www.monteescalier.net\/france\/wp-content\/uploads\/2016\/10\/4devis-mont-escalier-500-500.gif\",\"width\":500,\"height\":500,\"caption\":\"monte-escalier.net\"},\"image\":{\"@id\":\"https:\/\/www.monteescalier.net\/france\/#\/schema\/logo\/image\/\"}}]}<\/script>\n<!-- \/ Yoast SEO plugin. -->","yoast_head_json":{"title":"Monte escalier Rueil-Malmaison - Monte escalier","robots":{"index":"index","follow":"follow","max-snippet":"max-snippet:-1","max-image-preview":"max-image-preview:large","max-video-preview":"max-video-preview:-1"},"canonical":"https:\/\/www.monteescalier.net\/france\/monte-escalier-rueil-malmaison\/","og_locale":"fr_FR","og_type":"article","og_title":"Monte escalier Rueil-Malmaison - Monte escalier","og_description":"Quel installateur choisir pour un monte escalier \u00e0 Rueil-Malmaison Vous souhaitez faire installer un monte escalier \u00e0 Rueil-Malmaison dans les Hauts de Seine, facilitez-vous la vie\u00a0avec monteescalier.net, une seule demande de devis sur ce siteva vous permettre d&rsquo;obtenir au moins 4 devis \u00e9manant de diff\u00e9rents prestataires. \u00a0Qui nous sommes ? Monteescalier.net est un\u00a0site permettant de [&hellip;]","og_url":"https:\/\/www.monteescalier.net\/france\/monte-escalier-rueil-malmaison\/","og_site_name":"Monte escalier","article_modified_time":"2020-01-16T15:23:00+00:00","twitter_card":"summary_large_image","twitter_misc":{"Dur\u00e9e de lecture estim\u00e9e":"2 minutes"},"schema":{"@context":"https:\/\/schema.org","@graph":[{"@type":"WebPage","@id":"https:\/\/www.monteescalier.net\/france\/monte-escalier-rueil-malmaison\/","url":"https:\/\/www.monteescalier.net\/france\/monte-escalier-rueil-malmaison\/","name":"Monte escalier Rueil-Malmaison - Monte escalier","isPartOf":{"@id":"https:\/\/www.monteescalier.net\/france\/#website"},"datePublished":"2019-09-24T09:47:11+00:00","dateModified":"2020-01-16T15:23:00+00:00","breadcrumb":{"@id":"https:\/\/www.monteescalier.net\/france\/monte-escalier-rueil-malmaison\/#breadcrumb"},"inLanguage":"fr-FR","potentialAction":[{"@type":"ReadAction","target":["https:\/\/www.monteescalier.net\/france\/monte-escalier-rueil-malmaison\/"]}]},{"@type":"BreadcrumbList","@id":"https:\/\/www.monteescalier.net\/france\/monte-escalier-rueil-malmaison\/#breadcrumb","itemListElement":[{"@type":"ListItem","position":1,"name":"Accueil","item":"https:\/\/www.monteescalier.net\/france\/"},{"@type":"ListItem","position":2,"name":"Monte escalier Rueil-Malmaison"}]},{"@type":"WebSite","@id":"https:\/\/www.monteescalier.net\/france\/#website","url":"https:\/\/www.monteescalier.net\/france\/","name":"Monte escalier","description":"","publisher":{"@id":"https:\/\/www.monteescalier.net\/france\/#organization"},"potentialAction":[{"@type":"SearchAction","target":{"@type":"EntryPoint","urlTemplate":"https:\/\/www.monteescalier.net\/france\/?s={search_term_string}"},"query-input":{"@type":"PropertyValueSpecification","valueRequired":true,"valueName":"search_term_string"}}],"inLanguage":"fr-FR"},{"@type":"Organization","@id":"https:\/\/www.monteescalier.net\/france\/#organization","name":"monte-escalier.net","url":"https:\/\/www.monteescalier.net\/france\/","logo":{"@type":"ImageObject","inLanguage":"fr-FR","@id":"https:\/\/www.monteescalier.net\/france\/#\/schema\/logo\/image\/","url":"https:\/\/www.monteescalier.net\/france\/wp-content\/uploads\/2016\/10\/4devis-mont-escalier-500-500.gif","contentUrl":"https:\/\/www.monteescalier.net\/france\/wp-content\/uploads\/2016\/10\/4devis-mont-escalier-500-500.gif","width":500,"height":500,"caption":"monte-escalier.net"},"image":{"@id":"https:\/\/www.monteescalier.net\/france\/#\/schema\/logo\/image\/"}}]}},"_links":{"self":[{"href":"https:\/\/www.monteescalier.net\/france\/wp-json\/wp\/v2\/pages\/965","targetHints":{"allow":["GET"]}}],"collection":[{"href":"https:\/\/www.monteescalier.net\/france\/wp-json\/wp\/v2\/pages"}],"about":[{"href":"https:\/\/www.monteescalier.net\/france\/wp-json\/wp\/v2\/types\/page"}],"author":[{"embeddable":true,"href":"https:\/\/www.monteescalier.net\/france\/wp-json\/wp\/v2\/users\/1"}],"replies":[{"embeddable":true,"href":"https:\/\/www.monteescalier.net\/france\/wp-json\/wp\/v2\/comments?post=965"}],"version-history":[{"count":5,"href":"https:\/\/www.monteescalier.net\/france\/wp-json\/wp\/v2\/pages\/965\/revisions"}],"predecessor-version":[{"id":8103,"href":"https:\/\/www.monteescalier.net\/france\/wp-json\/wp\/v2\/pages\/965\/revisions\/8103"}],"wp:attachment":[{"href":"https:\/\/www.monteescalier.net\/france\/wp-json\/wp\/v2\/media?parent=965"}],"curies":[{"name":"wp","href":"https:\/\/api.w.org\/{rel}","templated":true}]}}