{"id":967,"date":"2021-03-25T10:47:11","date_gmt":"2021-03-25T09:47:11","guid":{"rendered":"https:\/\/www.monteescalier.net\/france\/?page_id=967"},"modified":"2021-11-09T17:52:24","modified_gmt":"2021-11-09T16:52:24","slug":"monte-escalier-la-rochelle","status":"publish","type":"page","link":"https:\/\/www.monteescalier.net\/france\/monte-escalier-la-rochelle\/","title":{"rendered":"Monte escalier La Rochelle"},"content":{"rendered":"<h1>Par qui faire installer un monte escalier \u00e0 La Rochelle ?<\/h1>\n<div class=\"boite_texte\">\n<div style=\"text-align: justify;\">Vous voulez faire installer un monte escalier \u00e0 La Rochelle,\u00a0mais vous \u00eates compl\u00e8tement perdus entre les pubs \u00e0 la TV, celles des magazines TV&#8230;Vers qui vous tournez pour faire le meilleur choix. Ne cherchez plus, vous \u00eates arriv\u00e9s, nous n&rsquo;allons pas vous expliquer ici que tel ou tel est le meilleur. NON ! gr\u00e2ce\u00a0\u00e0 monteescalier.net\u00a0, nous allons vous aider \u00e0 d\u00e9terminer vous-m\u00eames quel est le meilleur, sur la base de vos contraintes et de vos souhaits.<\/div>\n<p>&nbsp;<\/p>\n<div>\n<p>D&rsquo;abord, premi\u00e8re pr\u00e9cision, nous ne sommes pas vendeurs de monte escalier, nous ne les fabriquons pas non plus, ne les distribuons pas et ne les installons pas non plus. Monteescalier.net est un portail mettant en contact les possibles acheteurs de monte escalier et les vendeurs de monte escalier. Passer par notre site est donc l&rsquo;assurance de pouvoir \u00eatre mis en relation avec\u00a0une s\u00e9lection de vendeurs de monte escalier sur La Rochelle. Simple ? certes, mais tr\u00e8s efficace, comme vous allez le voir.<\/p>\n<\/div>\n<div style=\"text-align: justify;\">Vous manquez de temps pour chercher tous les revendeurs de monte escalier de La Rochelle pour choisir le meilleur, sachez que nous pouvons le faire pour vous. Remplissez simplement un formulaire de devis en ligne et nos professionnels partenaires seront tr\u00e8s heureux de pouvoir vous en proposer chacun un : car pour faire un choix, il faut avoir le choix !<\/div>\n<div style=\"text-align: justify;\">\n<p>Chaque installation de monte escalier \u00e9tant sp\u00e9cifique, vous pouvez \u00eatre amen\u00e9 \u00e0 vouloir en parler avec de v\u00e9ritables experts, professionnels de l&rsquo;installation de monte escalier \u00e0 La Rochelle. Pour vous faciliter la t\u00e2che, utilisez notre service de demande de rappel, un formulaire avec vos coordonn\u00e9es \u00e0 remplir et vous serez tr\u00e8s vite rappel\u00e9s par nos partenaire en Charente Maritime.<\/p>\n<\/div>\n<div style=\"text-align: justify;\">\n<p>Vous voulez choisir son mod\u00e8le de monte escalier directement depuis votre sofa ? C&rsquo;est possible avec monteescalier.net. Remplissez directement un formulaire de demande de documentation sur notre site et vous recevrez toute la documentation n\u00e9cessaire sur les mod\u00e8les de monte escalier commercialis\u00e9s par nos professionnels partenaires.<\/p>\n<\/div>\n<div style=\"text-align: justify;\">Avec monteescalier.net, pas de facture ni d&rsquo;engagement\u00a0: nous ne facturons absolument rien et vous ne prenez aucun engagement en faisant une demande sur notre site: les devis, documentation et rappel sont gratuits ! Tous nos partenaires vendeurs de monte escalier sur La Rochelle s&rsquo;y engagent formellement. Testez-nous et si vraiment \u00e7a ne vous convient pas, vous pourrez toujours aller ailleurs&#8230;m\u00eame si nous savons que nous pouvons vous mettre en contact avec les meilleurs installateurs de monte escalier sur La Rochelle. Il ne vous reste plus qu&rsquo;\u00e0 remplir le formulaire en haut de cette page.<\/div>\n<\/div>\n<p>&nbsp;<\/p>\n<div class=\"titre_liens\">monteescalier.net est \u00e9galement disponible dans les villes suivantes<\/div>\n<p>&nbsp;<\/p>\n<div class=\"boite_liens\"><a href=\"https:\/\/www.monteescalier.net\/france\/monte-escalier-saintes\">Monte escalier Saintes<\/a><br \/>\n<a href=\"https:\/\/www.monteescalier.net\/france\/monte-escalier-rochefort\">Monte escalier Rochefort<\/a><br \/>\n<a href=\"https:\/\/www.monteescalier.net\/france\/monte-escalier-royan\">Monte escalier Royan<\/a><br \/>\n<a href=\"https:\/\/www.monteescalier.net\/france\/monte-escalier-aytre\">Monte escalier Aytr\u00e9<\/a><br \/>\n<a href=\"https:\/\/www.monteescalier.net\/france\/monte-escalier-tonnay-charente\">Monte escalier Tonnay-Charente<\/a><\/div>\n","protected":false},"excerpt":{"rendered":"<p>Par qui faire installer un monte escalier \u00e0 La Rochelle ? Vous voulez faire installer un monte escalier \u00e0 La Rochelle,\u00a0mais vous \u00eates compl\u00e8tement perdus entre les pubs \u00e0 la TV, celles des magazines TV&#8230;Vers qui vous tournez pour faire le meilleur choix. Ne cherchez plus, vous \u00eates arriv\u00e9s, nous n&rsquo;allons pas vous expliquer ici [&hellip;]<\/p>\n","protected":false},"author":1,"featured_media":0,"parent":0,"menu_order":0,"comment_status":"closed","ping_status":"open","template":"template_ville_12.php","meta":{"_monsterinsights_skip_tracking":false,"_monsterinsights_sitenote_active":false,"_monsterinsights_sitenote_note":"","_monsterinsights_sitenote_category":0,"footnotes":""},"class_list":["post-967","page","type-page","status-publish","hentry"],"yoast_head":"<!-- This site is optimized with the Yoast SEO plugin v26.3 - https:\/\/yoast.com\/wordpress\/plugins\/seo\/ -->\n<title>Monte escalier La Rochelle - Monte escalier<\/title>\n<meta name=\"description\" content=\"Trouvez le meilleur prix pour l&#039;installation d&#039;un monte-escalier \u00e0 La Rochelle.\" \/>\n<meta name=\"robots\" content=\"index, follow, max-snippet:-1, max-image-preview:large, max-video-preview:-1\" \/>\n<link rel=\"canonical\" href=\"https:\/\/www.monteescalier.net\/france\/monte-escalier-la-rochelle\/\" \/>\n<meta property=\"og:locale\" content=\"fr_FR\" \/>\n<meta property=\"og:type\" content=\"article\" \/>\n<meta property=\"og:title\" content=\"Monte escalier La Rochelle - Monte escalier\" \/>\n<meta property=\"og:description\" content=\"Trouvez le meilleur prix pour l&#039;installation d&#039;un monte-escalier \u00e0 La Rochelle.\" \/>\n<meta property=\"og:url\" content=\"https:\/\/www.monteescalier.net\/france\/monte-escalier-la-rochelle\/\" \/>\n<meta property=\"og:site_name\" content=\"Monte escalier\" \/>\n<meta property=\"article:modified_time\" content=\"2021-11-09T16:52:24+00:00\" \/>\n<meta name=\"twitter:card\" content=\"summary_large_image\" \/>\n<meta name=\"twitter:label1\" content=\"Dur\u00e9e de lecture estim\u00e9e\" \/>\n\t<meta name=\"twitter:data1\" content=\"2 minutes\" \/>\n<script type=\"application\/ld+json\" class=\"yoast-schema-graph\">{\"@context\":\"https:\/\/schema.org\",\"@graph\":[{\"@type\":\"WebPage\",\"@id\":\"https:\/\/www.monteescalier.net\/france\/monte-escalier-la-rochelle\/\",\"url\":\"https:\/\/www.monteescalier.net\/france\/monte-escalier-la-rochelle\/\",\"name\":\"Monte escalier La Rochelle - Monte escalier\",\"isPartOf\":{\"@id\":\"https:\/\/www.monteescalier.net\/france\/#website\"},\"datePublished\":\"2021-03-25T09:47:11+00:00\",\"dateModified\":\"2021-11-09T16:52:24+00:00\",\"description\":\"Trouvez le meilleur prix pour l'installation d'un monte-escalier \u00e0 La Rochelle.\",\"breadcrumb\":{\"@id\":\"https:\/\/www.monteescalier.net\/france\/monte-escalier-la-rochelle\/#breadcrumb\"},\"inLanguage\":\"fr-FR\",\"potentialAction\":[{\"@type\":\"ReadAction\",\"target\":[\"https:\/\/www.monteescalier.net\/france\/monte-escalier-la-rochelle\/\"]}]},{\"@type\":\"BreadcrumbList\",\"@id\":\"https:\/\/www.monteescalier.net\/france\/monte-escalier-la-rochelle\/#breadcrumb\",\"itemListElement\":[{\"@type\":\"ListItem\",\"position\":1,\"name\":\"Accueil\",\"item\":\"https:\/\/www.monteescalier.net\/france\/\"},{\"@type\":\"ListItem\",\"position\":2,\"name\":\"Monte escalier La Rochelle\"}]},{\"@type\":\"WebSite\",\"@id\":\"https:\/\/www.monteescalier.net\/france\/#website\",\"url\":\"https:\/\/www.monteescalier.net\/france\/\",\"name\":\"Monte escalier\",\"description\":\"\",\"publisher\":{\"@id\":\"https:\/\/www.monteescalier.net\/france\/#organization\"},\"potentialAction\":[{\"@type\":\"SearchAction\",\"target\":{\"@type\":\"EntryPoint\",\"urlTemplate\":\"https:\/\/www.monteescalier.net\/france\/?s={search_term_string}\"},\"query-input\":{\"@type\":\"PropertyValueSpecification\",\"valueRequired\":true,\"valueName\":\"search_term_string\"}}],\"inLanguage\":\"fr-FR\"},{\"@type\":\"Organization\",\"@id\":\"https:\/\/www.monteescalier.net\/france\/#organization\",\"name\":\"monte-escalier.net\",\"url\":\"https:\/\/www.monteescalier.net\/france\/\",\"logo\":{\"@type\":\"ImageObject\",\"inLanguage\":\"fr-FR\",\"@id\":\"https:\/\/www.monteescalier.net\/france\/#\/schema\/logo\/image\/\",\"url\":\"https:\/\/www.monteescalier.net\/france\/wp-content\/uploads\/2016\/10\/4devis-mont-escalier-500-500.gif\",\"contentUrl\":\"https:\/\/www.monteescalier.net\/france\/wp-content\/uploads\/2016\/10\/4devis-mont-escalier-500-500.gif\",\"width\":500,\"height\":500,\"caption\":\"monte-escalier.net\"},\"image\":{\"@id\":\"https:\/\/www.monteescalier.net\/france\/#\/schema\/logo\/image\/\"}}]}<\/script>\n<!-- \/ Yoast SEO plugin. -->","yoast_head_json":{"title":"Monte escalier La Rochelle - Monte escalier","description":"Trouvez le meilleur prix pour l'installation d'un monte-escalier \u00e0 La Rochelle.","robots":{"index":"index","follow":"follow","max-snippet":"max-snippet:-1","max-image-preview":"max-image-preview:large","max-video-preview":"max-video-preview:-1"},"canonical":"https:\/\/www.monteescalier.net\/france\/monte-escalier-la-rochelle\/","og_locale":"fr_FR","og_type":"article","og_title":"Monte escalier La Rochelle - Monte escalier","og_description":"Trouvez le meilleur prix pour l'installation d'un monte-escalier \u00e0 La Rochelle.","og_url":"https:\/\/www.monteescalier.net\/france\/monte-escalier-la-rochelle\/","og_site_name":"Monte escalier","article_modified_time":"2021-11-09T16:52:24+00:00","twitter_card":"summary_large_image","twitter_misc":{"Dur\u00e9e de lecture estim\u00e9e":"2 minutes"},"schema":{"@context":"https:\/\/schema.org","@graph":[{"@type":"WebPage","@id":"https:\/\/www.monteescalier.net\/france\/monte-escalier-la-rochelle\/","url":"https:\/\/www.monteescalier.net\/france\/monte-escalier-la-rochelle\/","name":"Monte escalier La Rochelle - Monte escalier","isPartOf":{"@id":"https:\/\/www.monteescalier.net\/france\/#website"},"datePublished":"2021-03-25T09:47:11+00:00","dateModified":"2021-11-09T16:52:24+00:00","description":"Trouvez le meilleur prix pour l'installation d'un monte-escalier \u00e0 La Rochelle.","breadcrumb":{"@id":"https:\/\/www.monteescalier.net\/france\/monte-escalier-la-rochelle\/#breadcrumb"},"inLanguage":"fr-FR","potentialAction":[{"@type":"ReadAction","target":["https:\/\/www.monteescalier.net\/france\/monte-escalier-la-rochelle\/"]}]},{"@type":"BreadcrumbList","@id":"https:\/\/www.monteescalier.net\/france\/monte-escalier-la-rochelle\/#breadcrumb","itemListElement":[{"@type":"ListItem","position":1,"name":"Accueil","item":"https:\/\/www.monteescalier.net\/france\/"},{"@type":"ListItem","position":2,"name":"Monte escalier La Rochelle"}]},{"@type":"WebSite","@id":"https:\/\/www.monteescalier.net\/france\/#website","url":"https:\/\/www.monteescalier.net\/france\/","name":"Monte escalier","description":"","publisher":{"@id":"https:\/\/www.monteescalier.net\/france\/#organization"},"potentialAction":[{"@type":"SearchAction","target":{"@type":"EntryPoint","urlTemplate":"https:\/\/www.monteescalier.net\/france\/?s={search_term_string}"},"query-input":{"@type":"PropertyValueSpecification","valueRequired":true,"valueName":"search_term_string"}}],"inLanguage":"fr-FR"},{"@type":"Organization","@id":"https:\/\/www.monteescalier.net\/france\/#organization","name":"monte-escalier.net","url":"https:\/\/www.monteescalier.net\/france\/","logo":{"@type":"ImageObject","inLanguage":"fr-FR","@id":"https:\/\/www.monteescalier.net\/france\/#\/schema\/logo\/image\/","url":"https:\/\/www.monteescalier.net\/france\/wp-content\/uploads\/2016\/10\/4devis-mont-escalier-500-500.gif","contentUrl":"https:\/\/www.monteescalier.net\/france\/wp-content\/uploads\/2016\/10\/4devis-mont-escalier-500-500.gif","width":500,"height":500,"caption":"monte-escalier.net"},"image":{"@id":"https:\/\/www.monteescalier.net\/france\/#\/schema\/logo\/image\/"}}]}},"_links":{"self":[{"href":"https:\/\/www.monteescalier.net\/france\/wp-json\/wp\/v2\/pages\/967","targetHints":{"allow":["GET"]}}],"collection":[{"href":"https:\/\/www.monteescalier.net\/france\/wp-json\/wp\/v2\/pages"}],"about":[{"href":"https:\/\/www.monteescalier.net\/france\/wp-json\/wp\/v2\/types\/page"}],"author":[{"embeddable":true,"href":"https:\/\/www.monteescalier.net\/france\/wp-json\/wp\/v2\/users\/1"}],"replies":[{"embeddable":true,"href":"https:\/\/www.monteescalier.net\/france\/wp-json\/wp\/v2\/comments?post=967"}],"version-history":[{"count":5,"href":"https:\/\/www.monteescalier.net\/france\/wp-json\/wp\/v2\/pages\/967\/revisions"}],"predecessor-version":[{"id":7266,"href":"https:\/\/www.monteescalier.net\/france\/wp-json\/wp\/v2\/pages\/967\/revisions\/7266"}],"wp:attachment":[{"href":"https:\/\/www.monteescalier.net\/france\/wp-json\/wp\/v2\/media?parent=967"}],"curies":[{"name":"wp","href":"https:\/\/api.w.org\/{rel}","templated":true}]}}