{"id":970,"date":"2021-03-02T10:47:11","date_gmt":"2021-03-02T09:47:11","guid":{"rendered":"https:\/\/www.monteescalier.net\/france\/?page_id=970"},"modified":"2021-11-09T17:54:45","modified_gmt":"2021-11-09T16:54:45","slug":"monte-escalier-calais","status":"publish","type":"page","link":"https:\/\/www.monteescalier.net\/france\/monte-escalier-calais\/","title":{"rendered":"Monte escalier Calais"},"content":{"rendered":"<h1>Bien acheter son monte escalier \u00e0 Calais<\/h1>\n<div class=\"boite_texte\">\n<div style=\"text-align: justify;\">Vous souhaitez vous faire installer\u00a0un monte escalier \u00e0 Calais, monteescalier.net va vous faciliter la vie\u00a0en vous aidant \u00e0 choisir le meilleur prestataire. \u00a0En effet \u00e0 qui faire confiance? une multinationale du monte escalier qui fait de la publicit\u00e9 TV, un fabricant national, un r\u00e9seau r\u00e9gional ? Les possibilit\u00e9s sont multiples.<\/div>\n<h2>\u00a0Faire le tri dans les vendeurs de monte escalier<\/h2>\n<div style=\"text-align: justify;\">Monteescalier.net est un portail permettant de mettre en relation les acheteurs\u00a0de monte escalier et les vendeurs qui travaillent dans votre r\u00e9gion. \u00a0Cela ne signifie pas vous les pr\u00e9senter tous, mais simplement une s\u00e9lection de 4 ou 5 installateurs que nous avons s\u00e9lectionn\u00e9 pour vous : nous ne sommes ni un fabricant, ni une marque, ni une franchise de monte escalier. Nous sommes donc ind\u00e9pendants et pouvons vous pr\u00e9senter ceux qui selon nous vous proposerons les meilleurs prix et le meilleur mat\u00e9riel (sans oublier les garanties et la rapidit\u00e9 d&rsquo;intervention en cas de panne).<\/div>\n<h2>\u00a04 ou devis de <a href=\"https:\/\/www.monteescalier.net\">monte escalier<\/a> tr\u00e8s vite<\/h2>\n<div style=\"text-align: justify;\">Obtenir 4 ou 5 devis pour votre monte escalier \u00e0 Calais, c&rsquo;est la premi\u00e8re prestation totalement gratuite que nous pouvons vous proposer. Pour profiter de ce service gratuit et sans obligation d&rsquo;achat, laissez nous vos coordonn\u00e9es dans notre formulaire de demande de devis (juste en haut de cette page) et vous serez recontact\u00e9s tr\u00e8s prochainement par les professionnels du monte escalier\u00a0qui travaillent sur Calais et que nous recommandons.<\/div>\n<p>&nbsp;<\/p>\n<div align=\"center\">\n<div id=\"attachment_6757\" style=\"width: 310px\" class=\"wp-caption aligncenter\"><a href=\"https:\/\/www.monteescalier.net\/france\/wp-content\/uploads\/2013\/09\/calais-phare_eglise_beffroi.jpg\"><img loading=\"lazy\" decoding=\"async\" aria-describedby=\"caption-attachment-6757\" class=\"size-medium wp-image-6757\" src=\"https:\/\/www.monteescalier.net\/france\/wp-content\/uploads\/2013\/09\/calais-phare_eglise_beffroi-300x225.jpg\" alt=\"Ville de Calais: Photo Romain BERTHAUD\" width=\"300\" height=\"225\" srcset=\"https:\/\/www.monteescalier.net\/france\/wp-content\/uploads\/2013\/09\/calais-phare_eglise_beffroi-300x225.jpg 300w, https:\/\/www.monteescalier.net\/france\/wp-content\/uploads\/2013\/09\/calais-phare_eglise_beffroi-1024x768.jpg 1024w, https:\/\/www.monteescalier.net\/france\/wp-content\/uploads\/2013\/09\/calais-phare_eglise_beffroi.jpg 1280w\" sizes=\"auto, (max-width: 300px) 100vw, 300px\" \/><\/a><p id=\"caption-attachment-6757\" class=\"wp-caption-text\">Ville de Calais: Photo <a href=\"http:\/\/commons.wikimedia.org\/wiki\/User:Romainberth\" target=\"_blank\" rel=\"noopener noreferrer\">Romain BERTHAUD<\/a><\/p><\/div>\n<\/div>\n<\/div>\n<div style=\"text-align: justify;\"><\/div>\n<h2 style=\"text-align: justify;\">Besoin de conseils pour votre monte escalier ?<\/h2>\n<div class=\"boite_texte\">\n<div style=\"text-align: justify;\"><\/div>\n<div style=\"text-align: justify;\">\n<p>Avoir des sp\u00e9cialistes du monte escalier \u00e0 l&rsquo;autre bout du fil\u00a0pour discuter de votre projet, voici ce que vous permettra notre site si vous remplissez une <a href=\"https:\/\/www.monteescalier.net\/demande-de-rappel.php\">demande de rappel<\/a>. Vous serez tr\u00e8s rapidement recontact\u00e9s par nos partenaires experts qui pourront r\u00e9pondre \u00e0 toutes vos questions relatives \u00e0 la sp\u00e9cificit\u00e9 de l&rsquo;installation de votre monte escalier.<\/p>\n<\/div>\n<div style=\"text-align: justify;\">Nos revendeurs partenaires peuvent \u00e9galement vous faire parvenir de la documentation sur les diff\u00e9rents mod\u00e8les de monte escalier qu&rsquo;ils commercialisent par courriel si vous leur demandez.<\/div>\n<h2>Une demande = 5 devis de monte escalier<\/h2>\n<div style=\"text-align: justify;\">Centralisez vos demandes sur les monte escalier gr\u00e2ce \u00e0 notre site enti\u00e8rement gratuit : un formulaire rempli = des contacts multiples avec les prestataires revendeurs de monte escalier \u00e0 Calais et\u00a0de la r\u00e9gion Nord (ou Hauts de France comme on dit maintenant). Si toutefois, les prestataires que nous avons pr\u00e9sent\u00e9s ne vous font pas de proposition int\u00e9ressante, libre \u00e0 vous d&rsquo;aller voir ailleurs. Une demande sur monteescalier.net ne vous engage absolument pas sinon \u00e0 respecter ceux qui font l&rsquo;effort de vous pr\u00e9senter un devis bien s\u00fbr !<\/div>\n<p>&nbsp;<\/p>\n<\/div>\n<div class=\"titre_liens\">Nos offres monte escalier \u00e0 proximit\u00e9 de Calais<\/div>\n<p>&nbsp;<\/p>\n<div class=\"boite_liens\"><a href=\"https:\/\/www.monteescalier.net\/france\/monte-escalier-boulogne-sur-mer\">Monte escalier Boulogne-sur-Mer<\/a><br \/>\n<a href=\"https:\/\/www.monteescalier.net\/france\/monte-escalier-arras\">Monte escalier Arras<\/a><br \/>\n<a href=\"https:\/\/www.monteescalier.net\/france\/monte-escalier-lens\">Monte escalier Lens<\/a><br \/>\n<a href=\"https:\/\/www.monteescalier.net\/france\/monte-escalier-lievin\">Monte escalier Li\u00e9vin<\/a><br \/>\n<a href=\"https:\/\/www.monteescalier.net\/france\/monte-escalier-bethune\">Monte escalier B\u00e9thune<\/a><\/div>\n","protected":false},"excerpt":{"rendered":"<p>Bien acheter son monte escalier \u00e0 Calais Vous souhaitez vous faire installer\u00a0un monte escalier \u00e0 Calais, monteescalier.net va vous faciliter la vie\u00a0en vous aidant \u00e0 choisir le meilleur prestataire. \u00a0En effet \u00e0 qui faire confiance? une multinationale du monte escalier qui fait de la publicit\u00e9 TV, un fabricant national, un r\u00e9seau r\u00e9gional ? Les possibilit\u00e9s [&hellip;]<\/p>\n","protected":false},"author":1,"featured_media":0,"parent":0,"menu_order":0,"comment_status":"closed","ping_status":"open","template":"template_ville_1.php","meta":{"_monsterinsights_skip_tracking":false,"_monsterinsights_sitenote_active":false,"_monsterinsights_sitenote_note":"","_monsterinsights_sitenote_category":0,"footnotes":""},"class_list":["post-970","page","type-page","status-publish","hentry"],"yoast_head":"<!-- This site is optimized with the Yoast SEO plugin v26.3 - https:\/\/yoast.com\/wordpress\/plugins\/seo\/ -->\n<title>Monte escalier Calais - Monte escalier<\/title>\n<meta name=\"description\" content=\"Nos \u00e9quipes se chargent de concevoir et de poser votre monte-escalier dans le Nord-Pas-de-Calais.\" \/>\n<meta name=\"robots\" content=\"index, follow, max-snippet:-1, max-image-preview:large, max-video-preview:-1\" \/>\n<link rel=\"canonical\" href=\"https:\/\/www.monteescalier.net\/france\/monte-escalier-calais\/\" \/>\n<meta property=\"og:locale\" content=\"fr_FR\" \/>\n<meta property=\"og:type\" content=\"article\" \/>\n<meta property=\"og:title\" content=\"Monte escalier Calais - Monte escalier\" \/>\n<meta property=\"og:description\" content=\"Nos \u00e9quipes se chargent de concevoir et de poser votre monte-escalier dans le Nord-Pas-de-Calais.\" \/>\n<meta property=\"og:url\" content=\"https:\/\/www.monteescalier.net\/france\/monte-escalier-calais\/\" \/>\n<meta property=\"og:site_name\" content=\"Monte escalier\" \/>\n<meta property=\"article:modified_time\" content=\"2021-11-09T16:54:45+00:00\" \/>\n<meta property=\"og:image\" content=\"https:\/\/www.monteescalier.net\/france\/wp-content\/uploads\/2013\/09\/calais-phare_eglise_beffroi-300x225.jpg\" \/>\n<meta name=\"twitter:card\" content=\"summary_large_image\" \/>\n<meta name=\"twitter:label1\" content=\"Dur\u00e9e de lecture estim\u00e9e\" \/>\n\t<meta name=\"twitter:data1\" content=\"2 minutes\" \/>\n<script type=\"application\/ld+json\" class=\"yoast-schema-graph\">{\"@context\":\"https:\/\/schema.org\",\"@graph\":[{\"@type\":\"WebPage\",\"@id\":\"https:\/\/www.monteescalier.net\/france\/monte-escalier-calais\/\",\"url\":\"https:\/\/www.monteescalier.net\/france\/monte-escalier-calais\/\",\"name\":\"Monte escalier Calais - Monte escalier\",\"isPartOf\":{\"@id\":\"https:\/\/www.monteescalier.net\/france\/#website\"},\"primaryImageOfPage\":{\"@id\":\"https:\/\/www.monteescalier.net\/france\/monte-escalier-calais\/#primaryimage\"},\"image\":{\"@id\":\"https:\/\/www.monteescalier.net\/france\/monte-escalier-calais\/#primaryimage\"},\"thumbnailUrl\":\"https:\/\/www.monteescalier.net\/france\/wp-content\/uploads\/2013\/09\/calais-phare_eglise_beffroi-300x225.jpg\",\"datePublished\":\"2021-03-02T09:47:11+00:00\",\"dateModified\":\"2021-11-09T16:54:45+00:00\",\"description\":\"Nos \u00e9quipes se chargent de concevoir et de poser votre monte-escalier dans le Nord-Pas-de-Calais.\",\"breadcrumb\":{\"@id\":\"https:\/\/www.monteescalier.net\/france\/monte-escalier-calais\/#breadcrumb\"},\"inLanguage\":\"fr-FR\",\"potentialAction\":[{\"@type\":\"ReadAction\",\"target\":[\"https:\/\/www.monteescalier.net\/france\/monte-escalier-calais\/\"]}]},{\"@type\":\"ImageObject\",\"inLanguage\":\"fr-FR\",\"@id\":\"https:\/\/www.monteescalier.net\/france\/monte-escalier-calais\/#primaryimage\",\"url\":\"https:\/\/www.monteescalier.net\/france\/wp-content\/uploads\/2013\/09\/calais-phare_eglise_beffroi.jpg\",\"contentUrl\":\"https:\/\/www.monteescalier.net\/france\/wp-content\/uploads\/2013\/09\/calais-phare_eglise_beffroi.jpg\",\"width\":1280,\"height\":960,\"caption\":\"Ville de Calais: Photo Romain BERTHAUD\"},{\"@type\":\"BreadcrumbList\",\"@id\":\"https:\/\/www.monteescalier.net\/france\/monte-escalier-calais\/#breadcrumb\",\"itemListElement\":[{\"@type\":\"ListItem\",\"position\":1,\"name\":\"Accueil\",\"item\":\"https:\/\/www.monteescalier.net\/france\/\"},{\"@type\":\"ListItem\",\"position\":2,\"name\":\"Monte escalier Calais\"}]},{\"@type\":\"WebSite\",\"@id\":\"https:\/\/www.monteescalier.net\/france\/#website\",\"url\":\"https:\/\/www.monteescalier.net\/france\/\",\"name\":\"Monte escalier\",\"description\":\"\",\"publisher\":{\"@id\":\"https:\/\/www.monteescalier.net\/france\/#organization\"},\"potentialAction\":[{\"@type\":\"SearchAction\",\"target\":{\"@type\":\"EntryPoint\",\"urlTemplate\":\"https:\/\/www.monteescalier.net\/france\/?s={search_term_string}\"},\"query-input\":{\"@type\":\"PropertyValueSpecification\",\"valueRequired\":true,\"valueName\":\"search_term_string\"}}],\"inLanguage\":\"fr-FR\"},{\"@type\":\"Organization\",\"@id\":\"https:\/\/www.monteescalier.net\/france\/#organization\",\"name\":\"monte-escalier.net\",\"url\":\"https:\/\/www.monteescalier.net\/france\/\",\"logo\":{\"@type\":\"ImageObject\",\"inLanguage\":\"fr-FR\",\"@id\":\"https:\/\/www.monteescalier.net\/france\/#\/schema\/logo\/image\/\",\"url\":\"https:\/\/www.monteescalier.net\/france\/wp-content\/uploads\/2016\/10\/4devis-mont-escalier-500-500.gif\",\"contentUrl\":\"https:\/\/www.monteescalier.net\/france\/wp-content\/uploads\/2016\/10\/4devis-mont-escalier-500-500.gif\",\"width\":500,\"height\":500,\"caption\":\"monte-escalier.net\"},\"image\":{\"@id\":\"https:\/\/www.monteescalier.net\/france\/#\/schema\/logo\/image\/\"}}]}<\/script>\n<!-- \/ Yoast SEO plugin. -->","yoast_head_json":{"title":"Monte escalier Calais - Monte escalier","description":"Nos \u00e9quipes se chargent de concevoir et de poser votre monte-escalier dans le Nord-Pas-de-Calais.","robots":{"index":"index","follow":"follow","max-snippet":"max-snippet:-1","max-image-preview":"max-image-preview:large","max-video-preview":"max-video-preview:-1"},"canonical":"https:\/\/www.monteescalier.net\/france\/monte-escalier-calais\/","og_locale":"fr_FR","og_type":"article","og_title":"Monte escalier Calais - Monte escalier","og_description":"Nos \u00e9quipes se chargent de concevoir et de poser votre monte-escalier dans le Nord-Pas-de-Calais.","og_url":"https:\/\/www.monteescalier.net\/france\/monte-escalier-calais\/","og_site_name":"Monte escalier","article_modified_time":"2021-11-09T16:54:45+00:00","og_image":[{"url":"https:\/\/www.monteescalier.net\/france\/wp-content\/uploads\/2013\/09\/calais-phare_eglise_beffroi-300x225.jpg","type":"","width":"","height":""}],"twitter_card":"summary_large_image","twitter_misc":{"Dur\u00e9e de lecture estim\u00e9e":"2 minutes"},"schema":{"@context":"https:\/\/schema.org","@graph":[{"@type":"WebPage","@id":"https:\/\/www.monteescalier.net\/france\/monte-escalier-calais\/","url":"https:\/\/www.monteescalier.net\/france\/monte-escalier-calais\/","name":"Monte escalier Calais - Monte escalier","isPartOf":{"@id":"https:\/\/www.monteescalier.net\/france\/#website"},"primaryImageOfPage":{"@id":"https:\/\/www.monteescalier.net\/france\/monte-escalier-calais\/#primaryimage"},"image":{"@id":"https:\/\/www.monteescalier.net\/france\/monte-escalier-calais\/#primaryimage"},"thumbnailUrl":"https:\/\/www.monteescalier.net\/france\/wp-content\/uploads\/2013\/09\/calais-phare_eglise_beffroi-300x225.jpg","datePublished":"2021-03-02T09:47:11+00:00","dateModified":"2021-11-09T16:54:45+00:00","description":"Nos \u00e9quipes se chargent de concevoir et de poser votre monte-escalier dans le Nord-Pas-de-Calais.","breadcrumb":{"@id":"https:\/\/www.monteescalier.net\/france\/monte-escalier-calais\/#breadcrumb"},"inLanguage":"fr-FR","potentialAction":[{"@type":"ReadAction","target":["https:\/\/www.monteescalier.net\/france\/monte-escalier-calais\/"]}]},{"@type":"ImageObject","inLanguage":"fr-FR","@id":"https:\/\/www.monteescalier.net\/france\/monte-escalier-calais\/#primaryimage","url":"https:\/\/www.monteescalier.net\/france\/wp-content\/uploads\/2013\/09\/calais-phare_eglise_beffroi.jpg","contentUrl":"https:\/\/www.monteescalier.net\/france\/wp-content\/uploads\/2013\/09\/calais-phare_eglise_beffroi.jpg","width":1280,"height":960,"caption":"Ville de Calais: Photo Romain BERTHAUD"},{"@type":"BreadcrumbList","@id":"https:\/\/www.monteescalier.net\/france\/monte-escalier-calais\/#breadcrumb","itemListElement":[{"@type":"ListItem","position":1,"name":"Accueil","item":"https:\/\/www.monteescalier.net\/france\/"},{"@type":"ListItem","position":2,"name":"Monte escalier Calais"}]},{"@type":"WebSite","@id":"https:\/\/www.monteescalier.net\/france\/#website","url":"https:\/\/www.monteescalier.net\/france\/","name":"Monte escalier","description":"","publisher":{"@id":"https:\/\/www.monteescalier.net\/france\/#organization"},"potentialAction":[{"@type":"SearchAction","target":{"@type":"EntryPoint","urlTemplate":"https:\/\/www.monteescalier.net\/france\/?s={search_term_string}"},"query-input":{"@type":"PropertyValueSpecification","valueRequired":true,"valueName":"search_term_string"}}],"inLanguage":"fr-FR"},{"@type":"Organization","@id":"https:\/\/www.monteescalier.net\/france\/#organization","name":"monte-escalier.net","url":"https:\/\/www.monteescalier.net\/france\/","logo":{"@type":"ImageObject","inLanguage":"fr-FR","@id":"https:\/\/www.monteescalier.net\/france\/#\/schema\/logo\/image\/","url":"https:\/\/www.monteescalier.net\/france\/wp-content\/uploads\/2016\/10\/4devis-mont-escalier-500-500.gif","contentUrl":"https:\/\/www.monteescalier.net\/france\/wp-content\/uploads\/2016\/10\/4devis-mont-escalier-500-500.gif","width":500,"height":500,"caption":"monte-escalier.net"},"image":{"@id":"https:\/\/www.monteescalier.net\/france\/#\/schema\/logo\/image\/"}}]}},"_links":{"self":[{"href":"https:\/\/www.monteescalier.net\/france\/wp-json\/wp\/v2\/pages\/970","targetHints":{"allow":["GET"]}}],"collection":[{"href":"https:\/\/www.monteescalier.net\/france\/wp-json\/wp\/v2\/pages"}],"about":[{"href":"https:\/\/www.monteescalier.net\/france\/wp-json\/wp\/v2\/types\/page"}],"author":[{"embeddable":true,"href":"https:\/\/www.monteescalier.net\/france\/wp-json\/wp\/v2\/users\/1"}],"replies":[{"embeddable":true,"href":"https:\/\/www.monteescalier.net\/france\/wp-json\/wp\/v2\/comments?post=970"}],"version-history":[{"count":11,"href":"https:\/\/www.monteescalier.net\/france\/wp-json\/wp\/v2\/pages\/970\/revisions"}],"predecessor-version":[{"id":8419,"href":"https:\/\/www.monteescalier.net\/france\/wp-json\/wp\/v2\/pages\/970\/revisions\/8419"}],"wp:attachment":[{"href":"https:\/\/www.monteescalier.net\/france\/wp-json\/wp\/v2\/media?parent=970"}],"curies":[{"name":"wp","href":"https:\/\/api.w.org\/{rel}","templated":true}]}}