{"id":974,"date":"2019-04-13T10:47:11","date_gmt":"2019-04-13T09:47:11","guid":{"rendered":"https:\/\/www.monteescalier.net\/france\/?page_id=974"},"modified":"2020-01-14T15:42:59","modified_gmt":"2020-01-14T14:42:59","slug":"monte-escalier-bourges","status":"publish","type":"page","link":"https:\/\/www.monteescalier.net\/france\/monte-escalier-bourges\/","title":{"rendered":"Monte escalier Bourges"},"content":{"rendered":"<h1>Plusieurs devis de monte escalier \u00e0 Bourges<\/h1>\n<div class=\"boite_texte\">\n<div style=\"text-align: justify;\">Vous\u00a0avez besoin de faire installer dans votre maison, un monte escalier \u00e0 Bourges, nous pouvons vous aider \u00e0 vous y retrouver face au grand nombre d&rsquo;installateurs, de marques et de mod\u00e8les de monte escalier disponibles sur le march\u00e9 du monte escalier : nous allons vous pr\u00e9senter, ceux qui, d&rsquo;apr\u00e8s nous, sont les meilleurs installateurs de votre d\u00e9partement et aussi les plus comp\u00e9titifs en prix.<\/div>\n<p>&nbsp;<\/p>\n<div>Monteescalier.net est un site que vous permet d&rsquo;\u00eatre mis directement en relation avec \u00a0les vendeurs de monte escalier travaillant dans la r\u00e9gion Centre-Val de Loire. \u00a0Nous avons pr\u00e9selectionn\u00e9 un certain nombre de prestataires, qui, \u00e0 nos yeux, sont les plus aptes \u00e0 vous installer un monte escalier \u00e0 Bourges.<\/div>\n<h2>\u00a0Une demande de devis = 4 devis de monte escalier<\/h2>\n<div style=\"text-align: justify;\">Pour obtenir 4 ou 5 devis pour votre monte escalier \u00e0 Bourges, choisissez notre premier service totalement gratuit, la demande de devis. Pour profiter de ce service gratuit et sans obligation d&rsquo;achat, laissez nous vos coordonn\u00e9es dans notre <a href=\"https:\/\/www.monteescalier.net\/devis-gratuit.php\">formulaire de demande de devis<\/a> et vous serez recontact\u00e9s tr\u00e8s prochainement par les professionnels du monte escalier sur Bourges.<\/div>\n<h2>\u00a0Des questions sur les monte escalier : essayez la demande de rappel<\/h2>\n<div style=\"text-align: justify;\">Votre logement peut elle accueillir un monte escalier? Votre escalier est il assez large? Vous faut il un monte escalier droit ou un monte escalier tournant? Quelle marque, quel fauteuil choisir? Pour obtenir diff\u00e9rents avis sur ces questions, utilisez notre fomulaire de rappel. Nos professionnels partenaires du monte escalier vous recontacteront\u00a0au plus vite !<\/div>\n<h2>\u00a0Documentation sur les monte escalier<\/h2>\n<div style=\"text-align: justify;\">Pour vous familiariser avec les mod\u00e8les de monte escalier n&rsquo;h\u00e9sitez pas \u00e0 faire une demande de documentation, via notre <a href=\"https:\/\/www.monteescalier.net\/demande-de-documentation.php\">formulaire de de demande de documentation<\/a>, vous recevrez ainsi par courrier \u00e9lectronique des infos d\u00e9taill\u00e9es sur les diff\u00e9rents mod\u00e8les de monte escalier diponibles \u00e0 la vente chez les installateurs que nous recommandons. Veillez \u00e0 bien remplir le formulaire avec vos noms, adresse, t\u00e9l\u00e9phone et email car les installateurs ne r\u00e9pondent qu&rsquo;aux demandes compl\u00e8tes.<\/div>\n<p>&nbsp;<\/p>\n<div style=\"text-align: justify;\">Avec notre site, pas de co\u00fbt et pas d&rsquo;engagements ! que vous trouviez un accord ou non avec un de nos partenaires, nous ne vous facturerons rien pour notre service de mise en relation. Si vous trouvez votre prestataire gr\u00e2ce \u00e0 nous tant mieux pour vous, alors testez nous !<\/div>\n<\/div>\n<p>&nbsp;<\/p>\n<div class=\"titre_liens\">A consulter aussi dans les autres villes pr\u00e8s de Bourges<\/div>\n<p>&nbsp;<\/p>\n<div class=\"boite_liens\"><a href=\"https:\/\/www.monteescalier.net\/france\/monte-escalier-vierzon\">Monte escalier Vierzon<\/a><br \/>\n<a href=\"https:\/\/www.monteescalier.net\/france\/monte-escalier-saint-amand-montrond\">Monte escalier Saint-Amand-Montrond<\/a><br \/>\n<a href=\"https:\/\/www.monteescalier.net\/france\/monte-escalier-saint-doulchard\">Monte escalier Saint-Doulchard<\/a><br \/>\n<a href=\"https:\/\/www.monteescalier.net\/france\/monte-escalier-mehun-sur-yevre\">Monte escalier Mehun-sur-Y\u00e8vre<\/a><br \/>\n<a href=\"https:\/\/www.monteescalier.net\/france\/monte-escalier-saint-florent-sur-cher\">Monte escalier Saint-Florent-sur-Cher<\/a><\/div>\n<div class=\"boite_liens\"><\/div>\n<div class=\"boite_liens\">A jour au 01\/12\/2016<\/div>\n","protected":false},"excerpt":{"rendered":"<p>Plusieurs devis de monte escalier \u00e0 Bourges Vous\u00a0avez besoin de faire installer dans votre maison, un monte escalier \u00e0 Bourges, nous pouvons vous aider \u00e0 vous y retrouver face au grand nombre d&rsquo;installateurs, de marques et de mod\u00e8les de monte escalier disponibles sur le march\u00e9 du monte escalier : nous allons vous pr\u00e9senter, ceux qui, [&hellip;]<\/p>\n","protected":false},"author":1,"featured_media":0,"parent":0,"menu_order":0,"comment_status":"closed","ping_status":"open","template":"template_ville_15.php","meta":{"_monsterinsights_skip_tracking":false,"_monsterinsights_sitenote_active":false,"_monsterinsights_sitenote_note":"","_monsterinsights_sitenote_category":0,"footnotes":""},"class_list":["post-974","page","type-page","status-publish","hentry"],"yoast_head":"<!-- This site is optimized with the Yoast SEO plugin v26.3 - https:\/\/yoast.com\/wordpress\/plugins\/seo\/ -->\n<title>Monte escalier Bourges - Monte escalier<\/title>\n<meta name=\"robots\" content=\"index, follow, max-snippet:-1, max-image-preview:large, max-video-preview:-1\" \/>\n<link rel=\"canonical\" href=\"https:\/\/www.monteescalier.net\/france\/monte-escalier-bourges\/\" \/>\n<meta property=\"og:locale\" content=\"fr_FR\" \/>\n<meta property=\"og:type\" content=\"article\" \/>\n<meta property=\"og:title\" content=\"Monte escalier Bourges - Monte escalier\" \/>\n<meta property=\"og:description\" content=\"Plusieurs devis de monte escalier \u00e0 Bourges Vous\u00a0avez besoin de faire installer dans votre maison, un monte escalier \u00e0 Bourges, nous pouvons vous aider \u00e0 vous y retrouver face au grand nombre d&rsquo;installateurs, de marques et de mod\u00e8les de monte escalier disponibles sur le march\u00e9 du monte escalier : nous allons vous pr\u00e9senter, ceux qui, [&hellip;]\" \/>\n<meta property=\"og:url\" content=\"https:\/\/www.monteescalier.net\/france\/monte-escalier-bourges\/\" \/>\n<meta property=\"og:site_name\" content=\"Monte escalier\" \/>\n<meta property=\"article:modified_time\" content=\"2020-01-14T14:42:59+00:00\" \/>\n<meta name=\"twitter:card\" content=\"summary_large_image\" \/>\n<meta name=\"twitter:label1\" content=\"Dur\u00e9e de lecture estim\u00e9e\" \/>\n\t<meta name=\"twitter:data1\" content=\"2 minutes\" \/>\n<script type=\"application\/ld+json\" class=\"yoast-schema-graph\">{\"@context\":\"https:\/\/schema.org\",\"@graph\":[{\"@type\":\"WebPage\",\"@id\":\"https:\/\/www.monteescalier.net\/france\/monte-escalier-bourges\/\",\"url\":\"https:\/\/www.monteescalier.net\/france\/monte-escalier-bourges\/\",\"name\":\"Monte escalier Bourges - Monte escalier\",\"isPartOf\":{\"@id\":\"https:\/\/www.monteescalier.net\/france\/#website\"},\"datePublished\":\"2019-04-13T09:47:11+00:00\",\"dateModified\":\"2020-01-14T14:42:59+00:00\",\"breadcrumb\":{\"@id\":\"https:\/\/www.monteescalier.net\/france\/monte-escalier-bourges\/#breadcrumb\"},\"inLanguage\":\"fr-FR\",\"potentialAction\":[{\"@type\":\"ReadAction\",\"target\":[\"https:\/\/www.monteescalier.net\/france\/monte-escalier-bourges\/\"]}]},{\"@type\":\"BreadcrumbList\",\"@id\":\"https:\/\/www.monteescalier.net\/france\/monte-escalier-bourges\/#breadcrumb\",\"itemListElement\":[{\"@type\":\"ListItem\",\"position\":1,\"name\":\"Accueil\",\"item\":\"https:\/\/www.monteescalier.net\/france\/\"},{\"@type\":\"ListItem\",\"position\":2,\"name\":\"Monte escalier Bourges\"}]},{\"@type\":\"WebSite\",\"@id\":\"https:\/\/www.monteescalier.net\/france\/#website\",\"url\":\"https:\/\/www.monteescalier.net\/france\/\",\"name\":\"Monte escalier\",\"description\":\"\",\"publisher\":{\"@id\":\"https:\/\/www.monteescalier.net\/france\/#organization\"},\"potentialAction\":[{\"@type\":\"SearchAction\",\"target\":{\"@type\":\"EntryPoint\",\"urlTemplate\":\"https:\/\/www.monteescalier.net\/france\/?s={search_term_string}\"},\"query-input\":{\"@type\":\"PropertyValueSpecification\",\"valueRequired\":true,\"valueName\":\"search_term_string\"}}],\"inLanguage\":\"fr-FR\"},{\"@type\":\"Organization\",\"@id\":\"https:\/\/www.monteescalier.net\/france\/#organization\",\"name\":\"monte-escalier.net\",\"url\":\"https:\/\/www.monteescalier.net\/france\/\",\"logo\":{\"@type\":\"ImageObject\",\"inLanguage\":\"fr-FR\",\"@id\":\"https:\/\/www.monteescalier.net\/france\/#\/schema\/logo\/image\/\",\"url\":\"https:\/\/www.monteescalier.net\/france\/wp-content\/uploads\/2016\/10\/4devis-mont-escalier-500-500.gif\",\"contentUrl\":\"https:\/\/www.monteescalier.net\/france\/wp-content\/uploads\/2016\/10\/4devis-mont-escalier-500-500.gif\",\"width\":500,\"height\":500,\"caption\":\"monte-escalier.net\"},\"image\":{\"@id\":\"https:\/\/www.monteescalier.net\/france\/#\/schema\/logo\/image\/\"}}]}<\/script>\n<!-- \/ Yoast SEO plugin. -->","yoast_head_json":{"title":"Monte escalier Bourges - Monte escalier","robots":{"index":"index","follow":"follow","max-snippet":"max-snippet:-1","max-image-preview":"max-image-preview:large","max-video-preview":"max-video-preview:-1"},"canonical":"https:\/\/www.monteescalier.net\/france\/monte-escalier-bourges\/","og_locale":"fr_FR","og_type":"article","og_title":"Monte escalier Bourges - Monte escalier","og_description":"Plusieurs devis de monte escalier \u00e0 Bourges Vous\u00a0avez besoin de faire installer dans votre maison, un monte escalier \u00e0 Bourges, nous pouvons vous aider \u00e0 vous y retrouver face au grand nombre d&rsquo;installateurs, de marques et de mod\u00e8les de monte escalier disponibles sur le march\u00e9 du monte escalier : nous allons vous pr\u00e9senter, ceux qui, [&hellip;]","og_url":"https:\/\/www.monteescalier.net\/france\/monte-escalier-bourges\/","og_site_name":"Monte escalier","article_modified_time":"2020-01-14T14:42:59+00:00","twitter_card":"summary_large_image","twitter_misc":{"Dur\u00e9e de lecture estim\u00e9e":"2 minutes"},"schema":{"@context":"https:\/\/schema.org","@graph":[{"@type":"WebPage","@id":"https:\/\/www.monteescalier.net\/france\/monte-escalier-bourges\/","url":"https:\/\/www.monteescalier.net\/france\/monte-escalier-bourges\/","name":"Monte escalier Bourges - Monte escalier","isPartOf":{"@id":"https:\/\/www.monteescalier.net\/france\/#website"},"datePublished":"2019-04-13T09:47:11+00:00","dateModified":"2020-01-14T14:42:59+00:00","breadcrumb":{"@id":"https:\/\/www.monteescalier.net\/france\/monte-escalier-bourges\/#breadcrumb"},"inLanguage":"fr-FR","potentialAction":[{"@type":"ReadAction","target":["https:\/\/www.monteescalier.net\/france\/monte-escalier-bourges\/"]}]},{"@type":"BreadcrumbList","@id":"https:\/\/www.monteescalier.net\/france\/monte-escalier-bourges\/#breadcrumb","itemListElement":[{"@type":"ListItem","position":1,"name":"Accueil","item":"https:\/\/www.monteescalier.net\/france\/"},{"@type":"ListItem","position":2,"name":"Monte escalier Bourges"}]},{"@type":"WebSite","@id":"https:\/\/www.monteescalier.net\/france\/#website","url":"https:\/\/www.monteescalier.net\/france\/","name":"Monte escalier","description":"","publisher":{"@id":"https:\/\/www.monteescalier.net\/france\/#organization"},"potentialAction":[{"@type":"SearchAction","target":{"@type":"EntryPoint","urlTemplate":"https:\/\/www.monteescalier.net\/france\/?s={search_term_string}"},"query-input":{"@type":"PropertyValueSpecification","valueRequired":true,"valueName":"search_term_string"}}],"inLanguage":"fr-FR"},{"@type":"Organization","@id":"https:\/\/www.monteescalier.net\/france\/#organization","name":"monte-escalier.net","url":"https:\/\/www.monteescalier.net\/france\/","logo":{"@type":"ImageObject","inLanguage":"fr-FR","@id":"https:\/\/www.monteescalier.net\/france\/#\/schema\/logo\/image\/","url":"https:\/\/www.monteescalier.net\/france\/wp-content\/uploads\/2016\/10\/4devis-mont-escalier-500-500.gif","contentUrl":"https:\/\/www.monteescalier.net\/france\/wp-content\/uploads\/2016\/10\/4devis-mont-escalier-500-500.gif","width":500,"height":500,"caption":"monte-escalier.net"},"image":{"@id":"https:\/\/www.monteescalier.net\/france\/#\/schema\/logo\/image\/"}}]}},"_links":{"self":[{"href":"https:\/\/www.monteescalier.net\/france\/wp-json\/wp\/v2\/pages\/974","targetHints":{"allow":["GET"]}}],"collection":[{"href":"https:\/\/www.monteescalier.net\/france\/wp-json\/wp\/v2\/pages"}],"about":[{"href":"https:\/\/www.monteescalier.net\/france\/wp-json\/wp\/v2\/types\/page"}],"author":[{"embeddable":true,"href":"https:\/\/www.monteescalier.net\/france\/wp-json\/wp\/v2\/users\/1"}],"replies":[{"embeddable":true,"href":"https:\/\/www.monteescalier.net\/france\/wp-json\/wp\/v2\/comments?post=974"}],"version-history":[{"count":3,"href":"https:\/\/www.monteescalier.net\/france\/wp-json\/wp\/v2\/pages\/974\/revisions"}],"predecessor-version":[{"id":7472,"href":"https:\/\/www.monteescalier.net\/france\/wp-json\/wp\/v2\/pages\/974\/revisions\/7472"}],"wp:attachment":[{"href":"https:\/\/www.monteescalier.net\/france\/wp-json\/wp\/v2\/media?parent=974"}],"curies":[{"name":"wp","href":"https:\/\/api.w.org\/{rel}","templated":true}]}}