{"id":984,"date":"2021-03-26T10:47:11","date_gmt":"2021-03-26T09:47:11","guid":{"rendered":"https:\/\/www.monteescalier.net\/france\/?page_id=984"},"modified":"2021-11-10T11:29:29","modified_gmt":"2021-11-10T10:29:29","slug":"monte-escalier-levallois-perret","status":"publish","type":"page","link":"https:\/\/www.monteescalier.net\/france\/monte-escalier-levallois-perret\/","title":{"rendered":"Monte escalier Levallois-Perret"},"content":{"rendered":"<h1>Le choix d&rsquo;un monte escalier \u00e0 Levallois-Perret<\/h1>\n<div class=\"boite_texte\">\n<div style=\"text-align: justify;\">Vous souhaitez vous faire installer\u00a0un monte escalier \u00e0 Levallois-Perret, il reste donc 2 questions \u00e0 r\u00e9gler : quel mod\u00e8le de monte escalier et quel installateur choisir? \u00a0Gr\u00e2ce \u00e0 monteescalier.net, vous allez pouvoir faire le bon choix\u00a0parmi les installateurs de monte escalier d\u2019\u00cele de France.<\/div>\n<p>&nbsp;<\/p>\n<div style=\"text-align: justify;\">La vocation de ce site de conseils est de faciliter l&rsquo;achat de votre monte escalier en vous mettant en contact directement avec les revendeurs de monte escalier sur Levallois-Perret, car avoir plusieurs propositions vous permettra de choisir la meilleure offre.<\/div>\n<p>&nbsp;<\/p>\n<div style=\"text-align: justify;\">Vous savez pr\u00e9cis\u00e9ment ce que voulez ? Vous avez besoin d&rsquo;un devis de monte escalier. Une seule demande de devis sur notre site vous permettra de recevoir entre 4 et 5 devis totalement gratuits.<\/div>\n<p>&nbsp;<\/p>\n<div style=\"text-align: justify;\">Avant de passer commande d&rsquo;un monte escalier, vous voulez traiter au t\u00e9l\u00e9phone avec plusieurs experts. Dans ce cas, utilisez notre demande de rappel, et nos partenaires experts du monte escalier vous rappelleront dans les plus brefs d\u00e9lais pour discuter de votre projet. Plusieurs avis valent mieux qu&rsquo;un ! Le formulaire de demande de rappel est en bas de page.<\/div>\n<p>&nbsp;<\/p>\n<div style=\"text-align: justify;\">Vous \u00eates perdus dans la multitude des marques et des mod\u00e8les de monte escalier, utilisez notre formulaire de documentation pour obtenir un maximum d&rsquo;informations sur les \u00e9quipements propos\u00e9s par nos partenaires vendeurs de monte escalier. Pr\u00e9cisez dans votre demande si vous voulez les recevoir par email au format \u00e9lectronique ou sur papier par courrier postal.<\/div>\n<p>&nbsp;<\/p>\n<div style=\"text-align: justify;\">Combien vont vous co\u00fbter nos services de mise en relation ? R\u00e9ponse, rien du tout,&#8230; alors o\u00f9 est le pi\u00e8ge ? Il n&rsquo;y en a aucun, notre offre est totalement sans engagement. Si les propositions de nos partenaires ne vous conviennent pas, vous restez totalement libre d&rsquo;aller voir ailleurs !<\/div>\n<p>&nbsp;<\/p>\n<\/div>\n<div class=\"titre_liens\">D\u00e9couvrez aussi nos services monte escalier pr\u00e8s de chez vous dans le bassin parisien<\/div>\n<p>&nbsp;<\/p>\n<div class=\"boite_liens\"><a href=\"https:\/\/www.monteescalier.net\/france\/monte-escalier-antony\">Monte escalier Antony<\/a><br \/>\n<a href=\"https:\/\/www.monteescalier.net\/france\/monte-escalier-neuilly-sur-seine\">Monte escalier Neuilly-sur-Seine<\/a><br \/>\n<a href=\"https:\/\/www.monteescalier.net\/france\/monte-escalier-clichy\">Monte escalier Clichy<\/a><br \/>\n<a href=\"https:\/\/www.monteescalier.net\/france\/monte-escalier-clamart\">Monte escalier Clamart<\/a><br \/>\n<a href=\"https:\/\/www.monteescalier.net\/france\/monte-escalier-montrouge\">Monte escalier Montrouge<\/a><\/div>\n<div class=\"boite_liens\"><\/div>\n<div class=\"boite_liens\">Page mise \u00e0 jour le 28\/10\/2016<\/div>\n","protected":false},"excerpt":{"rendered":"<p>Le choix d&rsquo;un monte escalier \u00e0 Levallois-Perret Vous souhaitez vous faire installer\u00a0un monte escalier \u00e0 Levallois-Perret, il reste donc 2 questions \u00e0 r\u00e9gler : quel mod\u00e8le de monte escalier et quel installateur choisir? \u00a0Gr\u00e2ce \u00e0 monteescalier.net, vous allez pouvoir faire le bon choix\u00a0parmi les installateurs de monte escalier d\u2019\u00cele de France. &nbsp; La vocation de [&hellip;]<\/p>\n","protected":false},"author":1,"featured_media":0,"parent":0,"menu_order":0,"comment_status":"closed","ping_status":"open","template":"template_ville_17.php","meta":{"_monsterinsights_skip_tracking":false,"_monsterinsights_sitenote_active":false,"_monsterinsights_sitenote_note":"","_monsterinsights_sitenote_category":0,"footnotes":""},"class_list":["post-984","page","type-page","status-publish","hentry"],"yoast_head":"<!-- This site is optimized with the Yoast SEO plugin v26.3 - https:\/\/yoast.com\/wordpress\/plugins\/seo\/ -->\n<title>Monte escalier Levallois-Perret - Monte escalier<\/title>\n<meta name=\"description\" content=\"Monte escalier \u00e0 Levallois Perret : Trouvez un professionnel en quelques clics !\" \/>\n<meta name=\"robots\" content=\"index, follow, max-snippet:-1, max-image-preview:large, max-video-preview:-1\" \/>\n<link rel=\"canonical\" href=\"https:\/\/www.monteescalier.net\/france\/monte-escalier-levallois-perret\/\" \/>\n<meta property=\"og:locale\" content=\"fr_FR\" \/>\n<meta property=\"og:type\" content=\"article\" \/>\n<meta property=\"og:title\" content=\"Monte escalier Levallois-Perret - Monte escalier\" \/>\n<meta property=\"og:description\" content=\"Monte escalier \u00e0 Levallois Perret : Trouvez un professionnel en quelques clics !\" \/>\n<meta property=\"og:url\" content=\"https:\/\/www.monteescalier.net\/france\/monte-escalier-levallois-perret\/\" \/>\n<meta property=\"og:site_name\" content=\"Monte escalier\" \/>\n<meta property=\"article:modified_time\" content=\"2021-11-10T10:29:29+00:00\" \/>\n<meta name=\"twitter:card\" content=\"summary_large_image\" \/>\n<meta name=\"twitter:label1\" content=\"Dur\u00e9e de lecture estim\u00e9e\" \/>\n\t<meta name=\"twitter:data1\" content=\"2 minutes\" \/>\n<script type=\"application\/ld+json\" class=\"yoast-schema-graph\">{\"@context\":\"https:\/\/schema.org\",\"@graph\":[{\"@type\":\"WebPage\",\"@id\":\"https:\/\/www.monteescalier.net\/france\/monte-escalier-levallois-perret\/\",\"url\":\"https:\/\/www.monteescalier.net\/france\/monte-escalier-levallois-perret\/\",\"name\":\"Monte escalier Levallois-Perret - Monte escalier\",\"isPartOf\":{\"@id\":\"https:\/\/www.monteescalier.net\/france\/#website\"},\"datePublished\":\"2021-03-26T09:47:11+00:00\",\"dateModified\":\"2021-11-10T10:29:29+00:00\",\"description\":\"Monte escalier \u00e0 Levallois Perret : Trouvez un professionnel en quelques clics !\",\"breadcrumb\":{\"@id\":\"https:\/\/www.monteescalier.net\/france\/monte-escalier-levallois-perret\/#breadcrumb\"},\"inLanguage\":\"fr-FR\",\"potentialAction\":[{\"@type\":\"ReadAction\",\"target\":[\"https:\/\/www.monteescalier.net\/france\/monte-escalier-levallois-perret\/\"]}]},{\"@type\":\"BreadcrumbList\",\"@id\":\"https:\/\/www.monteescalier.net\/france\/monte-escalier-levallois-perret\/#breadcrumb\",\"itemListElement\":[{\"@type\":\"ListItem\",\"position\":1,\"name\":\"Accueil\",\"item\":\"https:\/\/www.monteescalier.net\/france\/\"},{\"@type\":\"ListItem\",\"position\":2,\"name\":\"Monte escalier Levallois-Perret\"}]},{\"@type\":\"WebSite\",\"@id\":\"https:\/\/www.monteescalier.net\/france\/#website\",\"url\":\"https:\/\/www.monteescalier.net\/france\/\",\"name\":\"Monte escalier\",\"description\":\"\",\"publisher\":{\"@id\":\"https:\/\/www.monteescalier.net\/france\/#organization\"},\"potentialAction\":[{\"@type\":\"SearchAction\",\"target\":{\"@type\":\"EntryPoint\",\"urlTemplate\":\"https:\/\/www.monteescalier.net\/france\/?s={search_term_string}\"},\"query-input\":{\"@type\":\"PropertyValueSpecification\",\"valueRequired\":true,\"valueName\":\"search_term_string\"}}],\"inLanguage\":\"fr-FR\"},{\"@type\":\"Organization\",\"@id\":\"https:\/\/www.monteescalier.net\/france\/#organization\",\"name\":\"monte-escalier.net\",\"url\":\"https:\/\/www.monteescalier.net\/france\/\",\"logo\":{\"@type\":\"ImageObject\",\"inLanguage\":\"fr-FR\",\"@id\":\"https:\/\/www.monteescalier.net\/france\/#\/schema\/logo\/image\/\",\"url\":\"https:\/\/www.monteescalier.net\/france\/wp-content\/uploads\/2016\/10\/4devis-mont-escalier-500-500.gif\",\"contentUrl\":\"https:\/\/www.monteescalier.net\/france\/wp-content\/uploads\/2016\/10\/4devis-mont-escalier-500-500.gif\",\"width\":500,\"height\":500,\"caption\":\"monte-escalier.net\"},\"image\":{\"@id\":\"https:\/\/www.monteescalier.net\/france\/#\/schema\/logo\/image\/\"}}]}<\/script>\n<!-- \/ Yoast SEO plugin. -->","yoast_head_json":{"title":"Monte escalier Levallois-Perret - Monte escalier","description":"Monte escalier \u00e0 Levallois Perret : Trouvez un professionnel en quelques clics !","robots":{"index":"index","follow":"follow","max-snippet":"max-snippet:-1","max-image-preview":"max-image-preview:large","max-video-preview":"max-video-preview:-1"},"canonical":"https:\/\/www.monteescalier.net\/france\/monte-escalier-levallois-perret\/","og_locale":"fr_FR","og_type":"article","og_title":"Monte escalier Levallois-Perret - Monte escalier","og_description":"Monte escalier \u00e0 Levallois Perret : Trouvez un professionnel en quelques clics !","og_url":"https:\/\/www.monteescalier.net\/france\/monte-escalier-levallois-perret\/","og_site_name":"Monte escalier","article_modified_time":"2021-11-10T10:29:29+00:00","twitter_card":"summary_large_image","twitter_misc":{"Dur\u00e9e de lecture estim\u00e9e":"2 minutes"},"schema":{"@context":"https:\/\/schema.org","@graph":[{"@type":"WebPage","@id":"https:\/\/www.monteescalier.net\/france\/monte-escalier-levallois-perret\/","url":"https:\/\/www.monteescalier.net\/france\/monte-escalier-levallois-perret\/","name":"Monte escalier Levallois-Perret - Monte escalier","isPartOf":{"@id":"https:\/\/www.monteescalier.net\/france\/#website"},"datePublished":"2021-03-26T09:47:11+00:00","dateModified":"2021-11-10T10:29:29+00:00","description":"Monte escalier \u00e0 Levallois Perret : Trouvez un professionnel en quelques clics !","breadcrumb":{"@id":"https:\/\/www.monteescalier.net\/france\/monte-escalier-levallois-perret\/#breadcrumb"},"inLanguage":"fr-FR","potentialAction":[{"@type":"ReadAction","target":["https:\/\/www.monteescalier.net\/france\/monte-escalier-levallois-perret\/"]}]},{"@type":"BreadcrumbList","@id":"https:\/\/www.monteescalier.net\/france\/monte-escalier-levallois-perret\/#breadcrumb","itemListElement":[{"@type":"ListItem","position":1,"name":"Accueil","item":"https:\/\/www.monteescalier.net\/france\/"},{"@type":"ListItem","position":2,"name":"Monte escalier Levallois-Perret"}]},{"@type":"WebSite","@id":"https:\/\/www.monteescalier.net\/france\/#website","url":"https:\/\/www.monteescalier.net\/france\/","name":"Monte escalier","description":"","publisher":{"@id":"https:\/\/www.monteescalier.net\/france\/#organization"},"potentialAction":[{"@type":"SearchAction","target":{"@type":"EntryPoint","urlTemplate":"https:\/\/www.monteescalier.net\/france\/?s={search_term_string}"},"query-input":{"@type":"PropertyValueSpecification","valueRequired":true,"valueName":"search_term_string"}}],"inLanguage":"fr-FR"},{"@type":"Organization","@id":"https:\/\/www.monteescalier.net\/france\/#organization","name":"monte-escalier.net","url":"https:\/\/www.monteescalier.net\/france\/","logo":{"@type":"ImageObject","inLanguage":"fr-FR","@id":"https:\/\/www.monteescalier.net\/france\/#\/schema\/logo\/image\/","url":"https:\/\/www.monteescalier.net\/france\/wp-content\/uploads\/2016\/10\/4devis-mont-escalier-500-500.gif","contentUrl":"https:\/\/www.monteescalier.net\/france\/wp-content\/uploads\/2016\/10\/4devis-mont-escalier-500-500.gif","width":500,"height":500,"caption":"monte-escalier.net"},"image":{"@id":"https:\/\/www.monteescalier.net\/france\/#\/schema\/logo\/image\/"}}]}},"_links":{"self":[{"href":"https:\/\/www.monteescalier.net\/france\/wp-json\/wp\/v2\/pages\/984","targetHints":{"allow":["GET"]}}],"collection":[{"href":"https:\/\/www.monteescalier.net\/france\/wp-json\/wp\/v2\/pages"}],"about":[{"href":"https:\/\/www.monteescalier.net\/france\/wp-json\/wp\/v2\/types\/page"}],"author":[{"embeddable":true,"href":"https:\/\/www.monteescalier.net\/france\/wp-json\/wp\/v2\/users\/1"}],"replies":[{"embeddable":true,"href":"https:\/\/www.monteescalier.net\/france\/wp-json\/wp\/v2\/comments?post=984"}],"version-history":[{"count":3,"href":"https:\/\/www.monteescalier.net\/france\/wp-json\/wp\/v2\/pages\/984\/revisions"}],"predecessor-version":[{"id":7284,"href":"https:\/\/www.monteescalier.net\/france\/wp-json\/wp\/v2\/pages\/984\/revisions\/7284"}],"wp:attachment":[{"href":"https:\/\/www.monteescalier.net\/france\/wp-json\/wp\/v2\/media?parent=984"}],"curies":[{"name":"wp","href":"https:\/\/api.w.org\/{rel}","templated":true}]}}

<h1>Le choix d&rsquo;un monte escalier à Levallois-Perret</h1>
<div class="boite_texte">
<div style="text-align: justify;">Vous souhaitez vous faire installer un monte escalier à Levallois-Perret, il reste donc 2 questions à régler : quel modèle de monte escalier et quel installateur choisir?  Grâce à monteescalier.net, vous allez pouvoir faire le bon choix parmi les installateurs de monte escalier d’Île de France.</div>
<p>&nbsp;</p>
<div style="text-align: justify;">La vocation de ce site de conseils est de faciliter l&rsquo;achat de votre monte escalier en vous mettant en contact directement avec les revendeurs de monte escalier sur Levallois-Perret, car avoir plusieurs propositions vous permettra de choisir la meilleure offre.</div>
<p>&nbsp;</p>
<div style="text-align: justify;">Vous savez précisément ce que voulez ? Vous avez besoin d&rsquo;un devis de monte escalier. Une seule demande de devis sur notre site vous permettra de recevoir entre 4 et 5 devis totalement gratuits.</div>
<p>&nbsp;</p>
<div style="text-align: justify;">Avant de passer commande d&rsquo;un monte escalier, vous voulez traiter au téléphone avec plusieurs experts. Dans ce cas, utilisez notre demande de rappel, et nos partenaires experts du monte escalier vous rappelleront dans les plus brefs délais pour discuter de votre projet. Plusieurs avis valent mieux qu&rsquo;un ! Le formulaire de demande de rappel est en bas de page.</div>
<p>&nbsp;</p>
<div style="text-align: justify;">Vous êtes perdus dans la multitude des marques et des modèles de monte escalier, utilisez notre formulaire de documentation pour obtenir un maximum d&rsquo;informations sur les équipements proposés par nos partenaires vendeurs de monte escalier. Précisez dans votre demande si vous voulez les recevoir par email au format électronique ou sur papier par courrier postal.</div>
<p>&nbsp;</p>
<div style="text-align: justify;">Combien vont vous coûter nos services de mise en relation ? Réponse, rien du tout,&#8230; alors où est le piège ? Il n&rsquo;y en a aucun, notre offre est totalement sans engagement. Si les propositions de nos partenaires ne vous conviennent pas, vous restez totalement libre d&rsquo;aller voir ailleurs !</div>
<p>&nbsp;</p>
</div>
<div class="titre_liens">Découvrez aussi nos services monte escalier près de chez vous dans le bassin parisien</div>
<p>&nbsp;</p>
<div class="boite_liens"><a href="https://www.monteescalier.net/france/monte-escalier-antony">Monte escalier Antony</a><br />
<a href="https://www.monteescalier.net/france/monte-escalier-neuilly-sur-seine">Monte escalier Neuilly-sur-Seine</a><br />
<a href="https://www.monteescalier.net/france/monte-escalier-clichy">Monte escalier Clichy</a><br />
<a href="https://www.monteescalier.net/france/monte-escalier-clamart">Monte escalier Clamart</a><br />
<a href="https://www.monteescalier.net/france/monte-escalier-montrouge">Monte escalier Montrouge</a></div>
<div class="boite_liens"></div>
<div class="boite_liens">Page mise à jour le 28/10/2016</div>

<p>Le choix d&rsquo;un monte escalier à Levallois-Perret Vous souhaitez vous faire installer un monte escalier à Levallois-Perret, il reste donc 2 questions à régler : quel modèle de monte escalier et quel installateur choisir?  Grâce à monteescalier.net, vous allez pouvoir faire le bon choix parmi les installateurs de monte escalier d’Île de France. &nbsp; La vocation de [&hellip;]</p>

<!-- This site is optimized with the Yoast SEO plugin v26.3 - https://yoast.com/wordpress/plugins/seo/ -->
<title>Monte escalier Levallois-Perret - Monte escalier</title>
<meta name="description" content="Monte escalier à Levallois Perret : Trouvez un professionnel en quelques clics !" />
<meta name="robots" content="index, follow, max-snippet:-1, max-image-preview:large, max-video-preview:-1" />
<link rel="canonical" href="https://www.monteescalier.net/france/monte-escalier-levallois-perret/" />
<meta property="og:locale" content="fr_FR" />
<meta property="og:type" content="article" />
<meta property="og:title" content="Monte escalier Levallois-Perret - Monte escalier" />
<meta property="og:description" content="Monte escalier à Levallois Perret : Trouvez un professionnel en quelques clics !" />
<meta property="og:url" content="https://www.monteescalier.net/france/monte-escalier-levallois-perret/" />
<meta property="og:site_name" content="Monte escalier" />
<meta property="article:modified_time" content="2021-11-10T10:29:29+00:00" />
<meta name="twitter:card" content="summary_large_image" />
<meta name="twitter:label1" content="Durée de lecture estimée" />
	<meta name="twitter:data1" content="2 minutes" />
<script type="application/ld+json" class="yoast-schema-graph">{"@context":"https://schema.org","@graph":[{"@type":"WebPage","@id":"https://www.monteescalier.net/france/monte-escalier-levallois-perret/","url":"https://www.monteescalier.net/france/monte-escalier-levallois-perret/","name":"Monte escalier Levallois-Perret - Monte escalier","isPartOf":{"@id":"https://www.monteescalier.net/france/#website"},"datePublished":"2021-03-26T09:47:11+00:00","dateModified":"2021-11-10T10:29:29+00:00","description":"Monte escalier à Levallois Perret : Trouvez un professionnel en quelques clics !","breadcrumb":{"@id":"https://www.monteescalier.net/france/monte-escalier-levallois-perret/#breadcrumb"},"inLanguage":"fr-FR","potentialAction":[{"@type":"ReadAction","target":["https://www.monteescalier.net/france/monte-escalier-levallois-perret/"]}]},{"@type":"BreadcrumbList","@id":"https://www.monteescalier.net/france/monte-escalier-levallois-perret/#breadcrumb","itemListElement":[{"@type":"ListItem","position":1,"name":"Accueil","item":"https://www.monteescalier.net/france/"},{"@type":"ListItem","position":2,"name":"Monte escalier Levallois-Perret"}]},{"@type":"WebSite","@id":"https://www.monteescalier.net/france/#website","url":"https://www.monteescalier.net/france/","name":"Monte escalier","description":"","publisher":{"@id":"https://www.monteescalier.net/france/#organization"},"potentialAction":[{"@type":"SearchAction","target":{"@type":"EntryPoint","urlTemplate":"https://www.monteescalier.net/france/?s={search_term_string}"},"query-input":{"@type":"PropertyValueSpecification","valueRequired":true,"valueName":"search_term_string"}}],"inLanguage":"fr-FR"},{"@type":"Organization","@id":"https://www.monteescalier.net/france/#organization","name":"monte-escalier.net","url":"https://www.monteescalier.net/france/","logo":{"@type":"ImageObject","inLanguage":"fr-FR","@id":"https://www.monteescalier.net/france/#/schema/logo/image/","url":"https://www.monteescalier.net/france/wp-content/uploads/2016/10/4devis-mont-escalier-500-500.gif","contentUrl":"https://www.monteescalier.net/france/wp-content/uploads/2016/10/4devis-mont-escalier-500-500.gif","width":500,"height":500,"caption":"monte-escalier.net"},"image":{"@id":"https://www.monteescalier.net/france/#/schema/logo/image/"}}]}</script>
<!-- / Yoast SEO plugin. -->

Monte escalier à Levallois Perret : Trouvez un professionnel en quelques clics !
