{"id":991,"date":"2021-03-26T10:47:11","date_gmt":"2021-03-26T09:47:11","guid":{"rendered":"https:\/\/www.monteescalier.net\/france\/?page_id=991"},"modified":"2021-11-10T12:09:16","modified_gmt":"2021-11-10T11:09:16","slug":"monte-escalier-clichy","status":"publish","type":"page","link":"https:\/\/www.monteescalier.net\/france\/monte-escalier-clichy\/","title":{"rendered":"Monte escalier Clichy"},"content":{"rendered":"<h1>Plusieurs devis de monte escalier \u00e0 Clichy maintenant !<\/h1>\n<div class=\"boite_texte\">\n<div style=\"text-align: justify;\">Le moment est venu de vous faire installer un monte escalier \u00e0 Clichy, mais \u00e0 qui demander des devis? \u00a0Gr\u00e2ce \u00e0 monteescalier.net, vous allez trouver rapidement les prestataire parmi notre s\u00e9lection d&rsquo;installateurs d\u2019\u00eele de France.<\/div>\n<p>&nbsp;<\/p>\n<div style=\"text-align: justify;\">Nous ne sommes pas des vendeurs de monte escalier, nous ne sommes sur ce site que pour vous conseiller et \u00a0faciliter l&rsquo;achat de votre monte escalier en vous mettant en rapport directement avec les revendeurs de monte escalier surles Hauts de Seine, car avoir plusieurs propositions vous permettra de comparer sereinement les installateurs de monte escalier travaillant sur le 92.<\/div>\n<p>&nbsp;<\/p>\n<div style=\"text-align: justify;\">Comment mieux comparer qu&rsquo;en examinant des propositions concr\u00e8tes ? Une seule demande de devis sur notre site (juste en haut de cette page) et vous obtiendrez plusieurs devis de diff\u00e9rents prestataires vous proposant diff\u00e9rents mod\u00e8les et marques de monte escalier.<\/div>\n<p>&nbsp;<\/p>\n<div style=\"text-align: justify;\">Votre d\u00e9cision d&rsquo;achat n&rsquo;est pas prise, vous pr\u00e9f\u00e9rez traiter au pr\u00e9alable avec les pros du monte escalier dans votre ville. Une seule demande de rappel sur notre site et ils vous rappelleront gratuitement pour r\u00e9pondre \u00e0 toutes vos questions.<\/div>\n<p>&nbsp;<\/p>\n<div style=\"text-align: justify;\">La majorit\u00e9 des nos partenaires installateurs disposent de documentation sur les mod\u00e8les de monte escalier qu&rsquo;ils commercialisent. Ils peuvent vous les faire parvenir par email. Pour les recevoir remplissez vite une demande de documentation sur notre site (attention seules les demandes compl\u00e8tes sont g\u00e9n\u00e9ralement honor\u00e9es).<\/div>\n<p>&nbsp;<\/p>\n<div style=\"text-align: justify;\">Pour rappel tous nos services sont totalement gratuits pour les personnes int\u00e9ress\u00e9es\u00a0par les \u00a0monte escalier. N&rsquo;h\u00e9sitez pas \u00e0 remplir un formulaire, c&rsquo;est \u00e9galement sans engagement.<\/div>\n<\/div>\n<p>&nbsp;<\/p>\n<div class=\"titre_liens\">Retrouvez les services monteescalier.net dans d&rsquo;autres villes des Hauts de Seine<\/div>\n<p>&nbsp;<\/p>\n<div class=\"boite_liens\"><a href=\"https:\/\/www.monteescalier.net\/france\/monte-escalier-clamart\">Monte escalier Clamart<\/a><br \/>\n<a href=\"https:\/\/www.monteescalier.net\/france\/monte-escalier-montrouge\">Monte escalier Montrouge<\/a><br \/>\n<a href=\"https:\/\/www.monteescalier.net\/france\/monte-escalier-suresnes\">Monte escalier Suresnes<\/a><br \/>\n<a href=\"https:\/\/www.monteescalier.net\/france\/monte-escalier-meudon\">Monte escalier Meudon<\/a><br \/>\n<a href=\"https:\/\/www.monteescalier.net\/france\/monte-escalier-puteaux\">Monte escalier Puteaux<\/a><\/div>\n","protected":false},"excerpt":{"rendered":"<p>Plusieurs devis de monte escalier \u00e0 Clichy maintenant ! Le moment est venu de vous faire installer un monte escalier \u00e0 Clichy, mais \u00e0 qui demander des devis? \u00a0Gr\u00e2ce \u00e0 monteescalier.net, vous allez trouver rapidement les prestataire parmi notre s\u00e9lection d&rsquo;installateurs d\u2019\u00eele de France. &nbsp; Nous ne sommes pas des vendeurs de monte escalier, nous [&hellip;]<\/p>\n","protected":false},"author":1,"featured_media":0,"parent":0,"menu_order":0,"comment_status":"closed","ping_status":"open","template":"template_ville_10.php","meta":{"_monsterinsights_skip_tracking":false,"_monsterinsights_sitenote_active":false,"_monsterinsights_sitenote_note":"","_monsterinsights_sitenote_category":0,"footnotes":""},"class_list":["post-991","page","type-page","status-publish","hentry"],"yoast_head":"<!-- This site is optimized with the Yoast SEO plugin v26.3 - https:\/\/yoast.com\/wordpress\/plugins\/seo\/ -->\n<title>Monte escalier Clichy - Monte escalier<\/title>\n<meta name=\"description\" content=\"A Clichy, si vous trouvez que monter ou descendre un escalier devient une \u00e9preuve difficile, il faut envisager l&#039;installation d&#039;un monte-escalier.\" \/>\n<meta name=\"robots\" content=\"index, follow, max-snippet:-1, max-image-preview:large, max-video-preview:-1\" \/>\n<link rel=\"canonical\" href=\"https:\/\/www.monteescalier.net\/france\/monte-escalier-clichy\/\" \/>\n<meta property=\"og:locale\" content=\"fr_FR\" \/>\n<meta property=\"og:type\" content=\"article\" \/>\n<meta property=\"og:title\" content=\"Monte escalier Clichy - Monte escalier\" \/>\n<meta property=\"og:description\" content=\"A Clichy, si vous trouvez que monter ou descendre un escalier devient une \u00e9preuve difficile, il faut envisager l&#039;installation d&#039;un monte-escalier.\" \/>\n<meta property=\"og:url\" content=\"https:\/\/www.monteescalier.net\/france\/monte-escalier-clichy\/\" \/>\n<meta property=\"og:site_name\" content=\"Monte escalier\" \/>\n<meta property=\"article:modified_time\" content=\"2021-11-10T11:09:16+00:00\" \/>\n<meta name=\"twitter:card\" content=\"summary_large_image\" \/>\n<meta name=\"twitter:label1\" content=\"Dur\u00e9e de lecture estim\u00e9e\" \/>\n\t<meta name=\"twitter:data1\" content=\"2 minutes\" \/>\n<script type=\"application\/ld+json\" class=\"yoast-schema-graph\">{\"@context\":\"https:\/\/schema.org\",\"@graph\":[{\"@type\":\"WebPage\",\"@id\":\"https:\/\/www.monteescalier.net\/france\/monte-escalier-clichy\/\",\"url\":\"https:\/\/www.monteescalier.net\/france\/monte-escalier-clichy\/\",\"name\":\"Monte escalier Clichy - Monte escalier\",\"isPartOf\":{\"@id\":\"https:\/\/www.monteescalier.net\/france\/#website\"},\"datePublished\":\"2021-03-26T09:47:11+00:00\",\"dateModified\":\"2021-11-10T11:09:16+00:00\",\"description\":\"A Clichy, si vous trouvez que monter ou descendre un escalier devient une \u00e9preuve difficile, il faut envisager l'installation d'un monte-escalier.\",\"breadcrumb\":{\"@id\":\"https:\/\/www.monteescalier.net\/france\/monte-escalier-clichy\/#breadcrumb\"},\"inLanguage\":\"fr-FR\",\"potentialAction\":[{\"@type\":\"ReadAction\",\"target\":[\"https:\/\/www.monteescalier.net\/france\/monte-escalier-clichy\/\"]}]},{\"@type\":\"BreadcrumbList\",\"@id\":\"https:\/\/www.monteescalier.net\/france\/monte-escalier-clichy\/#breadcrumb\",\"itemListElement\":[{\"@type\":\"ListItem\",\"position\":1,\"name\":\"Accueil\",\"item\":\"https:\/\/www.monteescalier.net\/france\/\"},{\"@type\":\"ListItem\",\"position\":2,\"name\":\"Monte escalier Clichy\"}]},{\"@type\":\"WebSite\",\"@id\":\"https:\/\/www.monteescalier.net\/france\/#website\",\"url\":\"https:\/\/www.monteescalier.net\/france\/\",\"name\":\"Monte escalier\",\"description\":\"\",\"publisher\":{\"@id\":\"https:\/\/www.monteescalier.net\/france\/#organization\"},\"potentialAction\":[{\"@type\":\"SearchAction\",\"target\":{\"@type\":\"EntryPoint\",\"urlTemplate\":\"https:\/\/www.monteescalier.net\/france\/?s={search_term_string}\"},\"query-input\":{\"@type\":\"PropertyValueSpecification\",\"valueRequired\":true,\"valueName\":\"search_term_string\"}}],\"inLanguage\":\"fr-FR\"},{\"@type\":\"Organization\",\"@id\":\"https:\/\/www.monteescalier.net\/france\/#organization\",\"name\":\"monte-escalier.net\",\"url\":\"https:\/\/www.monteescalier.net\/france\/\",\"logo\":{\"@type\":\"ImageObject\",\"inLanguage\":\"fr-FR\",\"@id\":\"https:\/\/www.monteescalier.net\/france\/#\/schema\/logo\/image\/\",\"url\":\"https:\/\/www.monteescalier.net\/france\/wp-content\/uploads\/2016\/10\/4devis-mont-escalier-500-500.gif\",\"contentUrl\":\"https:\/\/www.monteescalier.net\/france\/wp-content\/uploads\/2016\/10\/4devis-mont-escalier-500-500.gif\",\"width\":500,\"height\":500,\"caption\":\"monte-escalier.net\"},\"image\":{\"@id\":\"https:\/\/www.monteescalier.net\/france\/#\/schema\/logo\/image\/\"}}]}<\/script>\n<!-- \/ Yoast SEO plugin. -->","yoast_head_json":{"title":"Monte escalier Clichy - Monte escalier","description":"A Clichy, si vous trouvez que monter ou descendre un escalier devient une \u00e9preuve difficile, il faut envisager l'installation d'un monte-escalier.","robots":{"index":"index","follow":"follow","max-snippet":"max-snippet:-1","max-image-preview":"max-image-preview:large","max-video-preview":"max-video-preview:-1"},"canonical":"https:\/\/www.monteescalier.net\/france\/monte-escalier-clichy\/","og_locale":"fr_FR","og_type":"article","og_title":"Monte escalier Clichy - Monte escalier","og_description":"A Clichy, si vous trouvez que monter ou descendre un escalier devient une \u00e9preuve difficile, il faut envisager l'installation d'un monte-escalier.","og_url":"https:\/\/www.monteescalier.net\/france\/monte-escalier-clichy\/","og_site_name":"Monte escalier","article_modified_time":"2021-11-10T11:09:16+00:00","twitter_card":"summary_large_image","twitter_misc":{"Dur\u00e9e de lecture estim\u00e9e":"2 minutes"},"schema":{"@context":"https:\/\/schema.org","@graph":[{"@type":"WebPage","@id":"https:\/\/www.monteescalier.net\/france\/monte-escalier-clichy\/","url":"https:\/\/www.monteescalier.net\/france\/monte-escalier-clichy\/","name":"Monte escalier Clichy - Monte escalier","isPartOf":{"@id":"https:\/\/www.monteescalier.net\/france\/#website"},"datePublished":"2021-03-26T09:47:11+00:00","dateModified":"2021-11-10T11:09:16+00:00","description":"A Clichy, si vous trouvez que monter ou descendre un escalier devient une \u00e9preuve difficile, il faut envisager l'installation d'un monte-escalier.","breadcrumb":{"@id":"https:\/\/www.monteescalier.net\/france\/monte-escalier-clichy\/#breadcrumb"},"inLanguage":"fr-FR","potentialAction":[{"@type":"ReadAction","target":["https:\/\/www.monteescalier.net\/france\/monte-escalier-clichy\/"]}]},{"@type":"BreadcrumbList","@id":"https:\/\/www.monteescalier.net\/france\/monte-escalier-clichy\/#breadcrumb","itemListElement":[{"@type":"ListItem","position":1,"name":"Accueil","item":"https:\/\/www.monteescalier.net\/france\/"},{"@type":"ListItem","position":2,"name":"Monte escalier Clichy"}]},{"@type":"WebSite","@id":"https:\/\/www.monteescalier.net\/france\/#website","url":"https:\/\/www.monteescalier.net\/france\/","name":"Monte escalier","description":"","publisher":{"@id":"https:\/\/www.monteescalier.net\/france\/#organization"},"potentialAction":[{"@type":"SearchAction","target":{"@type":"EntryPoint","urlTemplate":"https:\/\/www.monteescalier.net\/france\/?s={search_term_string}"},"query-input":{"@type":"PropertyValueSpecification","valueRequired":true,"valueName":"search_term_string"}}],"inLanguage":"fr-FR"},{"@type":"Organization","@id":"https:\/\/www.monteescalier.net\/france\/#organization","name":"monte-escalier.net","url":"https:\/\/www.monteescalier.net\/france\/","logo":{"@type":"ImageObject","inLanguage":"fr-FR","@id":"https:\/\/www.monteescalier.net\/france\/#\/schema\/logo\/image\/","url":"https:\/\/www.monteescalier.net\/france\/wp-content\/uploads\/2016\/10\/4devis-mont-escalier-500-500.gif","contentUrl":"https:\/\/www.monteescalier.net\/france\/wp-content\/uploads\/2016\/10\/4devis-mont-escalier-500-500.gif","width":500,"height":500,"caption":"monte-escalier.net"},"image":{"@id":"https:\/\/www.monteescalier.net\/france\/#\/schema\/logo\/image\/"}}]}},"_links":{"self":[{"href":"https:\/\/www.monteescalier.net\/france\/wp-json\/wp\/v2\/pages\/991","targetHints":{"allow":["GET"]}}],"collection":[{"href":"https:\/\/www.monteescalier.net\/france\/wp-json\/wp\/v2\/pages"}],"about":[{"href":"https:\/\/www.monteescalier.net\/france\/wp-json\/wp\/v2\/types\/page"}],"author":[{"embeddable":true,"href":"https:\/\/www.monteescalier.net\/france\/wp-json\/wp\/v2\/users\/1"}],"replies":[{"embeddable":true,"href":"https:\/\/www.monteescalier.net\/france\/wp-json\/wp\/v2\/comments?post=991"}],"version-history":[{"count":5,"href":"https:\/\/www.monteescalier.net\/france\/wp-json\/wp\/v2\/pages\/991\/revisions"}],"predecessor-version":[{"id":8564,"href":"https:\/\/www.monteescalier.net\/france\/wp-json\/wp\/v2\/pages\/991\/revisions\/8564"}],"wp:attachment":[{"href":"https:\/\/www.monteescalier.net\/france\/wp-json\/wp\/v2\/media?parent=991"}],"curies":[{"name":"wp","href":"https:\/\/api.w.org\/{rel}","templated":true}]}}